{"id":9899,"date":"2020-07-06T13:45:04","date_gmt":"2020-07-06T10:45:04","guid":{"rendered":"https:\/\/www.rarom.ro\/?page_id=9899"},"modified":"2020-07-06T14:40:54","modified_gmt":"2020-07-06T11:40:54","slug":"renault-clio","status":"publish","type":"page","link":"https:\/\/www.rarom.ro\/?page_id=9899","title":{"rendered":"Renault Clio"},"content":{"rendered":"<p><strong>Test: Renault Clio<\/strong><\/p>\n<p><a href=\"https:\/\/www.rarom.ro\/wp-content\/uploads\/2020\/07\/TestRenault-mare-254.jpg\"><img loading=\"lazy\" decoding=\"async\" class=\"size-full wp-image-9900 aligncenter\" src=\"https:\/\/www.rarom.ro\/wp-content\/uploads\/2020\/07\/TestRenault-mare-254.jpg\" alt=\"\" width=\"730\" height=\"450\" srcset=\"https:\/\/www.rarom.ro\/wp-content\/uploads\/2020\/07\/TestRenault-mare-254.jpg 730w, https:\/\/www.rarom.ro\/wp-content\/uploads\/2020\/07\/TestRenault-mare-254-300x185.jpg 300w\" sizes=\"auto, (max-width: 730px) 100vw, 730px\" \/><\/a><\/p>\n<p style=\"text-align: justify;\"><a href=\"https:\/\/www.rarom.ro\/wp-content\/uploads\/2020\/07\/TestRenault-pagini-254.jpg\"><img loading=\"lazy\" decoding=\"async\" class=\"alignleft size-full wp-image-9902\" src=\"https:\/\/www.rarom.ro\/wp-content\/uploads\/2020\/07\/TestRenault-pagini-254.jpg\" alt=\"\" width=\"250\" height=\"165\" \/><\/a>Dup\u0103 30 de ani de la apari\u021bia sa Renault Clio a ajuns la cea de-a cincea genera\u021bie demonstr\u00e2nd c\u0103 r\u0103m\u00e2ne un model de referin\u021b\u0103 pentru constructorul francez. [&#8230;]<\/p>\n","protected":false},"excerpt":{"rendered":"<p>Test: Renault Clio Dup\u0103 30 de ani de la apari\u021bia sa Renault Clio a ajuns la cea de-a cincea genera\u021bie demonstr\u00e2nd c\u0103 r\u0103m\u00e2ne un model de referin\u021b\u0103 pentru constructorul francez. [&#8230;]<\/p>\n","protected":false},"author":3,"featured_media":0,"parent":9871,"menu_order":5,"comment_status":"closed","ping_status":"closed","template":"","meta":{"_acf_changed":false,"footnotes":""},"class_list":["post-9899","page","type-page","status-publish","hentry"],"acf":[],"_links":{"self":[{"href":"https:\/\/www.rarom.ro\/index.php?rest_route=\/wp\/v2\/pages\/9899","targetHints":{"allow":["GET"]}}],"collection":[{"href":"https:\/\/www.rarom.ro\/index.php?rest_route=\/wp\/v2\/pages"}],"about":[{"href":"https:\/\/www.rarom.ro\/index.php?rest_route=\/wp\/v2\/types\/page"}],"author":[{"embeddable":true,"href":"https:\/\/www.rarom.ro\/index.php?rest_route=\/wp\/v2\/users\/3"}],"replies":[{"embeddable":true,"href":"https:\/\/www.rarom.ro\/index.php?rest_route=%2Fwp%2Fv2%2Fcomments&post=9899"}],"version-history":[{"count":1,"href":"https:\/\/www.rarom.ro\/index.php?rest_route=\/wp\/v2\/pages\/9899\/revisions"}],"predecessor-version":[{"id":9904,"href":"https:\/\/www.rarom.ro\/index.php?rest_route=\/wp\/v2\/pages\/9899\/revisions\/9904"}],"up":[{"embeddable":true,"href":"https:\/\/www.rarom.ro\/index.php?rest_route=\/wp\/v2\/pages\/9871"}],"wp:attachment":[{"href":"https:\/\/www.rarom.ro\/index.php?rest_route=%2Fwp%2Fv2%2Fmedia&parent=9899"}],"curies":[{"name":"wp","href":"https:\/\/api.w.org\/{rel}","templated":true}]}}