{"id":9893,"date":"2020-07-06T13:42:01","date_gmt":"2020-07-06T10:42:01","guid":{"rendered":"https:\/\/www.rarom.ro\/?page_id=9893"},"modified":"2020-07-06T14:40:33","modified_gmt":"2020-07-06T11:40:33","slug":"ford-focus-ecoboost","status":"publish","type":"page","link":"https:\/\/www.rarom.ro\/?page_id=9893","title":{"rendered":"Ford Focus EcoBoost"},"content":{"rendered":"<p><strong>Test: Ford Focus EcoBoost<\/strong><\/p>\n<p><a href=\"https:\/\/www.rarom.ro\/wp-content\/uploads\/2020\/07\/TestFord-mare-254.jpg\"><img loading=\"lazy\" decoding=\"async\" class=\"size-full wp-image-9896 aligncenter\" src=\"https:\/\/www.rarom.ro\/wp-content\/uploads\/2020\/07\/TestFord-mare-254.jpg\" alt=\"\" width=\"730\" height=\"450\" srcset=\"https:\/\/www.rarom.ro\/wp-content\/uploads\/2020\/07\/TestFord-mare-254.jpg 730w, https:\/\/www.rarom.ro\/wp-content\/uploads\/2020\/07\/TestFord-mare-254-300x185.jpg 300w\" sizes=\"auto, (max-width: 730px) 100vw, 730px\" \/><\/a><\/p>\n<p style=\"text-align: justify;\"><a href=\"https:\/\/www.rarom.ro\/wp-content\/uploads\/2020\/07\/TestFord-pagini-254.jpg\"><img loading=\"lazy\" decoding=\"async\" class=\"alignleft size-full wp-image-9894\" src=\"https:\/\/www.rarom.ro\/wp-content\/uploads\/2020\/07\/TestFord-pagini-254.jpg\" alt=\"\" width=\"250\" height=\"165\" \/><\/a>Pozi\u0163ionat \u00een e\u015falonul modelelor Ford cu ADN competi\u0163ional, dar \u00eembl\u00e2nzit pentru utilizarea stradal\u0103, noul Focus ST EcoBoost este un exemplar cu valen\u0163e de trofeu pentru pasiona\u0163i. [&#8230;]<\/p>\n","protected":false},"excerpt":{"rendered":"<p>Test: Ford Focus EcoBoost Pozi\u0163ionat \u00een e\u015falonul modelelor Ford cu ADN competi\u0163ional, dar \u00eembl\u00e2nzit pentru utilizarea stradal\u0103, noul Focus ST EcoBoost este un exemplar cu valen\u0163e de trofeu pentru pasiona\u0163i. [&#8230;]<\/p>\n","protected":false},"author":3,"featured_media":0,"parent":9871,"menu_order":4,"comment_status":"closed","ping_status":"closed","template":"","meta":{"_acf_changed":false,"footnotes":""},"class_list":["post-9893","page","type-page","status-publish","hentry"],"acf":[],"_links":{"self":[{"href":"https:\/\/www.rarom.ro\/index.php?rest_route=\/wp\/v2\/pages\/9893","targetHints":{"allow":["GET"]}}],"collection":[{"href":"https:\/\/www.rarom.ro\/index.php?rest_route=\/wp\/v2\/pages"}],"about":[{"href":"https:\/\/www.rarom.ro\/index.php?rest_route=\/wp\/v2\/types\/page"}],"author":[{"embeddable":true,"href":"https:\/\/www.rarom.ro\/index.php?rest_route=\/wp\/v2\/users\/3"}],"replies":[{"embeddable":true,"href":"https:\/\/www.rarom.ro\/index.php?rest_route=%2Fwp%2Fv2%2Fcomments&post=9893"}],"version-history":[{"count":1,"href":"https:\/\/www.rarom.ro\/index.php?rest_route=\/wp\/v2\/pages\/9893\/revisions"}],"predecessor-version":[{"id":9898,"href":"https:\/\/www.rarom.ro\/index.php?rest_route=\/wp\/v2\/pages\/9893\/revisions\/9898"}],"up":[{"embeddable":true,"href":"https:\/\/www.rarom.ro\/index.php?rest_route=\/wp\/v2\/pages\/9871"}],"wp:attachment":[{"href":"https:\/\/www.rarom.ro\/index.php?rest_route=%2Fwp%2Fv2%2Fmedia&parent=9893"}],"curies":[{"name":"wp","href":"https:\/\/api.w.org\/{rel}","templated":true}]}}