{"id":9875,"date":"2020-07-06T13:29:57","date_gmt":"2020-07-06T10:29:57","guid":{"rendered":"https:\/\/www.rarom.ro\/?page_id=9875"},"modified":"2020-07-06T14:39:15","modified_gmt":"2020-07-06T11:39:15","slug":"bmw-m235i","status":"publish","type":"page","link":"https:\/\/www.rarom.ro\/?page_id=9875","title":{"rendered":"BMW M235i"},"content":{"rendered":"<p><strong>Test: BMW M235i xDrive Gran Coupe<\/strong><\/p>\n<p><a href=\"https:\/\/www.rarom.ro\/wp-content\/uploads\/2020\/07\/TestBMW-mare-254.jpg\"><img loading=\"lazy\" decoding=\"async\" class=\"size-full wp-image-9876 aligncenter\" src=\"https:\/\/www.rarom.ro\/wp-content\/uploads\/2020\/07\/TestBMW-mare-254.jpg\" alt=\"\" width=\"730\" height=\"450\" srcset=\"https:\/\/www.rarom.ro\/wp-content\/uploads\/2020\/07\/TestBMW-mare-254.jpg 730w, https:\/\/www.rarom.ro\/wp-content\/uploads\/2020\/07\/TestBMW-mare-254-300x185.jpg 300w\" sizes=\"auto, (max-width: 730px) 100vw, 730px\" \/><\/a><\/p>\n<p style=\"text-align: justify;\"><a href=\"https:\/\/www.rarom.ro\/wp-content\/uploads\/2020\/07\/TestBMW-pagini-254.jpg\"><img loading=\"lazy\" decoding=\"async\" class=\"alignleft size-full wp-image-9878\" src=\"https:\/\/www.rarom.ro\/wp-content\/uploads\/2020\/07\/TestBMW-pagini-254.jpg\" alt=\"\" width=\"250\" height=\"165\" \/><\/a>Silueta primului model Gran Coup\u00e9 din Seria 2 adaug\u0103 doza de inedit \u015fi de \u00eencordare specific\u0103 at\u00e2t m\u0103rcii BMW c\u00e2t \u015fi diviziei M Performance care \u015fi-a pus ap\u0103sat semn\u0103tura pe acest exemplar. \u015ei \u00eenc\u0103 ce semn\u0103tur\u0103 [&#8230;]<\/p>\n","protected":false},"excerpt":{"rendered":"<p>Test: BMW M235i xDrive Gran Coupe Silueta primului model Gran Coup\u00e9 din Seria 2 adaug\u0103 doza de inedit \u015fi de \u00eencordare specific\u0103 at\u00e2t m\u0103rcii BMW c\u00e2t \u015fi diviziei M Performance care \u015fi-a pus ap\u0103sat semn\u0103tura pe acest exemplar. \u015ei \u00eenc\u0103 ce semn\u0103tur\u0103 [&#8230;]<\/p>\n","protected":false},"author":3,"featured_media":0,"parent":9871,"menu_order":1,"comment_status":"closed","ping_status":"closed","template":"","meta":{"_acf_changed":false,"footnotes":""},"class_list":["post-9875","page","type-page","status-publish","hentry"],"acf":[],"_links":{"self":[{"href":"https:\/\/www.rarom.ro\/index.php?rest_route=\/wp\/v2\/pages\/9875","targetHints":{"allow":["GET"]}}],"collection":[{"href":"https:\/\/www.rarom.ro\/index.php?rest_route=\/wp\/v2\/pages"}],"about":[{"href":"https:\/\/www.rarom.ro\/index.php?rest_route=\/wp\/v2\/types\/page"}],"author":[{"embeddable":true,"href":"https:\/\/www.rarom.ro\/index.php?rest_route=\/wp\/v2\/users\/3"}],"replies":[{"embeddable":true,"href":"https:\/\/www.rarom.ro\/index.php?rest_route=%2Fwp%2Fv2%2Fcomments&post=9875"}],"version-history":[{"count":1,"href":"https:\/\/www.rarom.ro\/index.php?rest_route=\/wp\/v2\/pages\/9875\/revisions"}],"predecessor-version":[{"id":9880,"href":"https:\/\/www.rarom.ro\/index.php?rest_route=\/wp\/v2\/pages\/9875\/revisions\/9880"}],"up":[{"embeddable":true,"href":"https:\/\/www.rarom.ro\/index.php?rest_route=\/wp\/v2\/pages\/9871"}],"wp:attachment":[{"href":"https:\/\/www.rarom.ro\/index.php?rest_route=%2Fwp%2Fv2%2Fmedia&parent=9875"}],"curies":[{"name":"wp","href":"https:\/\/api.w.org\/{rel}","templated":true}]}}