{"id":942,"date":"2007-06-15T13:08:56","date_gmt":"2007-06-15T13:08:56","guid":{"rendered":"https:\/\/www.rarom.ro\/certificare-produse\/lista-produselor-cu-certificate-de-conformitate-rar-ocp-in-termen-de-valabilitate\/"},"modified":"2026-04-08T15:24:10","modified_gmt":"2026-04-08T12:24:10","slug":"lista-produselor-cu-certificate-de-conformitate-rar-ocp-in-termen-de-valabilitate","status":"publish","type":"page","link":"https:\/\/www.rarom.ro\/?page_id=942","title":{"rendered":"Lista produselor cu certificate de conformitate RAR-DCP \u00een termen de valabilitate"},"content":{"rendered":"\n<p class=\"has-vivid-red-color has-text-color\"><em><strong>Aten\u021bie: <\/strong>Lista este informativ\u0103. Pentru verificarea punctual\u0103 a valabilit\u0103\u021bii certificatului de conformitate v\u0103 rug\u0103m s\u0103 ne contacta\u021bi oficial.<\/em><\/p>\n\n\n\n<p><a href=\"cs-uploads\/lista.xlsx\" target=\"_blank\" rel=\"noopener noreferrer\"><strong>Lista produselor cu certificate de conformitate RAR-DCP<\/strong><\/a> \u00een termen de valabilitate.<em><strong><br><\/strong><\/em><\/p>\n\n\n\n<p><\/p>\n","protected":false},"excerpt":{"rendered":"<p>Aten\u021bie: Lista este informativ\u0103. Pentru verificarea punctual\u0103 a valabilit\u0103\u021bii certificatului de conformitate v\u0103 rug\u0103m s\u0103 ne contacta\u021bi oficial. Lista produselor cu certificate de conformitate RAR-DCP \u00een termen de valabilitate.<\/p>\n","protected":false},"author":1,"featured_media":0,"parent":925,"menu_order":6,"comment_status":"closed","ping_status":"closed","template":"","meta":{"_acf_changed":false,"footnotes":""},"class_list":["post-942","page","type-page","status-publish","hentry"],"acf":[],"_links":{"self":[{"href":"https:\/\/www.rarom.ro\/index.php?rest_route=\/wp\/v2\/pages\/942","targetHints":{"allow":["GET"]}}],"collection":[{"href":"https:\/\/www.rarom.ro\/index.php?rest_route=\/wp\/v2\/pages"}],"about":[{"href":"https:\/\/www.rarom.ro\/index.php?rest_route=\/wp\/v2\/types\/page"}],"author":[{"embeddable":true,"href":"https:\/\/www.rarom.ro\/index.php?rest_route=\/wp\/v2\/users\/1"}],"replies":[{"embeddable":true,"href":"https:\/\/www.rarom.ro\/index.php?rest_route=%2Fwp%2Fv2%2Fcomments&post=942"}],"version-history":[{"count":113,"href":"https:\/\/www.rarom.ro\/index.php?rest_route=\/wp\/v2\/pages\/942\/revisions"}],"predecessor-version":[{"id":302371,"href":"https:\/\/www.rarom.ro\/index.php?rest_route=\/wp\/v2\/pages\/942\/revisions\/302371"}],"up":[{"embeddable":true,"href":"https:\/\/www.rarom.ro\/index.php?rest_route=\/wp\/v2\/pages\/925"}],"wp:attachment":[{"href":"https:\/\/www.rarom.ro\/index.php?rest_route=%2Fwp%2Fv2%2Fmedia&parent=942"}],"curies":[{"name":"wp","href":"https:\/\/api.w.org\/{rel}","templated":true}]}}