{"id":9089,"date":"2020-02-05T14:55:03","date_gmt":"2020-02-05T12:55:03","guid":{"rendered":"https:\/\/www.rarom.ro\/?page_id=9089"},"modified":"2020-02-05T15:26:56","modified_gmt":"2020-02-05T13:26:56","slug":"eveniment","status":"publish","type":"page","link":"https:\/\/www.rarom.ro\/?page_id=9089","title":{"rendered":"Eveniment"},"content":{"rendered":"<p><strong>Peugeot 208<\/strong><\/p>\n<p><a href=\"https:\/\/www.rarom.ro\/wp-content\/uploads\/2020\/02\/Eveniment-mare.jpg\"><img loading=\"lazy\" decoding=\"async\" class=\"size-full wp-image-9090 aligncenter\" src=\"https:\/\/www.rarom.ro\/wp-content\/uploads\/2020\/02\/Eveniment-mare.jpg\" alt=\"\" width=\"730\" height=\"450\" srcset=\"https:\/\/www.rarom.ro\/wp-content\/uploads\/2020\/02\/Eveniment-mare.jpg 730w, https:\/\/www.rarom.ro\/wp-content\/uploads\/2020\/02\/Eveniment-mare-300x185.jpg 300w\" sizes=\"auto, (max-width: 730px) 100vw, 730px\" \/><\/a><\/p>\n<p style=\"text-align: justify;\"><a href=\"https:\/\/www.rarom.ro\/wp-content\/uploads\/2020\/02\/Eveniment-pagini.jpg\"><img loading=\"lazy\" decoding=\"async\" class=\"alignleft size-full wp-image-9092\" src=\"https:\/\/www.rarom.ro\/wp-content\/uploads\/2020\/02\/Eveniment-pagini.jpg\" alt=\"\" width=\"250\" height=\"165\" \/><\/a>De cur\u00e2nd lansat\u0103 pe t\u0103r\u00e2m rom\u00e2nesc, cea de-a doua genera\u021bie Peugeot 208 vine cu un design spectaculos \u0219i cu trei variante de motorizare disponibile chiar de la apari\u021bia sa: benzin\u0103, diesel \u0219i full electic. De altfel constructorul francez confirm\u0103 c\u0103 tranzi\u021bia spre zona electric\u0103 face ca forma caroseriei s\u0103 nu mai dicteaze modul de utilizare al autovehiculului. [&#8230;]<\/p>\n","protected":false},"excerpt":{"rendered":"<p>Peugeot 208 De cur\u00e2nd lansat\u0103 pe t\u0103r\u00e2m rom\u00e2nesc, cea de-a doua genera\u021bie Peugeot 208 vine cu un design spectaculos \u0219i cu trei variante de motorizare disponibile chiar de la apari\u021bia sa: benzin\u0103, diesel \u0219i full electic. De altfel constructorul francez confirm\u0103 c\u0103 tranzi\u021bia spre zona electric\u0103 face ca forma caroseriei s\u0103 nu mai dicteaze modul [&hellip;]<\/p>\n","protected":false},"author":3,"featured_media":0,"parent":9018,"menu_order":3,"comment_status":"closed","ping_status":"closed","template":"","meta":{"_acf_changed":false,"footnotes":""},"class_list":["post-9089","page","type-page","status-publish","hentry"],"acf":[],"_links":{"self":[{"href":"https:\/\/www.rarom.ro\/index.php?rest_route=\/wp\/v2\/pages\/9089","targetHints":{"allow":["GET"]}}],"collection":[{"href":"https:\/\/www.rarom.ro\/index.php?rest_route=\/wp\/v2\/pages"}],"about":[{"href":"https:\/\/www.rarom.ro\/index.php?rest_route=\/wp\/v2\/types\/page"}],"author":[{"embeddable":true,"href":"https:\/\/www.rarom.ro\/index.php?rest_route=\/wp\/v2\/users\/3"}],"replies":[{"embeddable":true,"href":"https:\/\/www.rarom.ro\/index.php?rest_route=%2Fwp%2Fv2%2Fcomments&post=9089"}],"version-history":[{"count":1,"href":"https:\/\/www.rarom.ro\/index.php?rest_route=\/wp\/v2\/pages\/9089\/revisions"}],"predecessor-version":[{"id":9094,"href":"https:\/\/www.rarom.ro\/index.php?rest_route=\/wp\/v2\/pages\/9089\/revisions\/9094"}],"up":[{"embeddable":true,"href":"https:\/\/www.rarom.ro\/index.php?rest_route=\/wp\/v2\/pages\/9018"}],"wp:attachment":[{"href":"https:\/\/www.rarom.ro\/index.php?rest_route=%2Fwp%2Fv2%2Fmedia&parent=9089"}],"curies":[{"name":"wp","href":"https:\/\/api.w.org\/{rel}","templated":true}]}}

<p><strong>Peugeot 208</strong></p>
<p><a href="https://www.rarom.ro/wp-content/uploads/2020/02/Eveniment-mare.jpg"><img loading="lazy" decoding="async" class="size-full wp-image-9090 aligncenter" src="https://www.rarom.ro/wp-content/uploads/2020/02/Eveniment-mare.jpg" alt="" width="730" height="450" srcset="https://www.rarom.ro/wp-content/uploads/2020/02/Eveniment-mare.jpg 730w, https://www.rarom.ro/wp-content/uploads/2020/02/Eveniment-mare-300x185.jpg 300w" sizes="auto, (max-width: 730px) 100vw, 730px" /></a></p>
<p style="text-align: justify;"><a href="https://www.rarom.ro/wp-content/uploads/2020/02/Eveniment-pagini.jpg"><img loading="lazy" decoding="async" class="alignleft size-full wp-image-9092" src="https://www.rarom.ro/wp-content/uploads/2020/02/Eveniment-pagini.jpg" alt="" width="250" height="165" /></a>De curând lansată pe tărâm românesc, cea de-a doua generație Peugeot 208 vine cu un design spectaculos și cu trei variante de motorizare disponibile chiar de la apariția sa: benzină, diesel și full electic. De altfel constructorul francez confirmă că tranziția spre zona electrică face ca forma caroseriei să nu mai dicteaze modul de utilizare al autovehiculului. [&#8230;]</p>

<p>Peugeot 208 De curând lansată pe tărâm românesc, cea de-a doua generație Peugeot 208 vine cu un design spectaculos și cu trei variante de motorizare disponibile chiar de la apariția sa: benzină, diesel și full electic. De altfel constructorul francez confirmă că tranziția spre zona electrică face ca forma caroseriei să nu mai dicteaze modul [&hellip;]</p>
