{"id":9047,"date":"2020-02-05T11:14:30","date_gmt":"2020-02-05T09:14:30","guid":{"rendered":"https:\/\/www.rarom.ro\/?page_id=9047"},"modified":"2020-02-05T15:30:09","modified_gmt":"2020-02-05T13:30:09","slug":"audi-q8","status":"publish","type":"page","link":"https:\/\/www.rarom.ro\/?page_id=9047","title":{"rendered":"Audi Q8"},"content":{"rendered":"<p><strong>Test: Audi Q8<\/strong><\/p>\n<p><a href=\"https:\/\/www.rarom.ro\/wp-content\/uploads\/2020\/02\/Test-Audi-mare.jpg\"><img loading=\"lazy\" decoding=\"async\" class=\"size-full wp-image-9048 aligncenter\" src=\"https:\/\/www.rarom.ro\/wp-content\/uploads\/2020\/02\/Test-Audi-mare.jpg\" alt=\"\" width=\"730\" height=\"450\" srcset=\"https:\/\/www.rarom.ro\/wp-content\/uploads\/2020\/02\/Test-Audi-mare.jpg 730w, https:\/\/www.rarom.ro\/wp-content\/uploads\/2020\/02\/Test-Audi-mare-300x185.jpg 300w\" sizes=\"auto, (max-width: 730px) 100vw, 730px\" \/><\/a><\/p>\n<p style=\"text-align: justify;\"><a href=\"https:\/\/www.rarom.ro\/wp-content\/uploads\/2020\/02\/Test-Audi-pagini.jpg\"><img loading=\"lazy\" decoding=\"async\" class=\"alignleft size-full wp-image-9050\" src=\"https:\/\/www.rarom.ro\/wp-content\/uploads\/2020\/02\/Test-Audi-pagini.jpg\" alt=\"\" width=\"250\" height=\"165\" \/><\/a>\u00centr-o clas\u0103 \u00een care BMW este inventator \u0219i inovator, unde Mercedes \u0219i-a f\u0103cut o remarcabil\u0103 apari\u021bie, unde surprizele p\u0103reau epuizate\u2026 apare Audi Q8. [&#8230;]<\/p>\n","protected":false},"excerpt":{"rendered":"<p>Test: Audi Q8 \u00centr-o clas\u0103 \u00een care BMW este inventator \u0219i inovator, unde Mercedes \u0219i-a f\u0103cut o remarcabil\u0103 apari\u021bie, unde surprizele p\u0103reau epuizate\u2026 apare Audi Q8. [&#8230;]<\/p>\n","protected":false},"author":3,"featured_media":0,"parent":9022,"menu_order":4,"comment_status":"closed","ping_status":"closed","template":"","meta":{"_acf_changed":false,"footnotes":""},"class_list":["post-9047","page","type-page","status-publish","hentry"],"acf":[],"_links":{"self":[{"href":"https:\/\/www.rarom.ro\/index.php?rest_route=\/wp\/v2\/pages\/9047","targetHints":{"allow":["GET"]}}],"collection":[{"href":"https:\/\/www.rarom.ro\/index.php?rest_route=\/wp\/v2\/pages"}],"about":[{"href":"https:\/\/www.rarom.ro\/index.php?rest_route=\/wp\/v2\/types\/page"}],"author":[{"embeddable":true,"href":"https:\/\/www.rarom.ro\/index.php?rest_route=\/wp\/v2\/users\/3"}],"replies":[{"embeddable":true,"href":"https:\/\/www.rarom.ro\/index.php?rest_route=%2Fwp%2Fv2%2Fcomments&post=9047"}],"version-history":[{"count":1,"href":"https:\/\/www.rarom.ro\/index.php?rest_route=\/wp\/v2\/pages\/9047\/revisions"}],"predecessor-version":[{"id":9052,"href":"https:\/\/www.rarom.ro\/index.php?rest_route=\/wp\/v2\/pages\/9047\/revisions\/9052"}],"up":[{"embeddable":true,"href":"https:\/\/www.rarom.ro\/index.php?rest_route=\/wp\/v2\/pages\/9022"}],"wp:attachment":[{"href":"https:\/\/www.rarom.ro\/index.php?rest_route=%2Fwp%2Fv2%2Fmedia&parent=9047"}],"curies":[{"name":"wp","href":"https:\/\/api.w.org\/{rel}","templated":true}]}}