{"id":8818,"date":"2019-12-13T12:46:33","date_gmt":"2019-12-13T10:46:33","guid":{"rendered":"https:\/\/www.rarom.ro\/?page_id=8818"},"modified":"2019-12-13T13:36:40","modified_gmt":"2019-12-13T11:36:40","slug":"bmw-s-1000-r","status":"publish","type":"page","link":"https:\/\/www.rarom.ro\/?page_id=8818","title":{"rendered":"BMW S 1000 R"},"content":{"rendered":"<p><strong>Test: BMW S 1000 R<\/strong><\/p>\n<p><a href=\"https:\/\/www.rarom.ro\/wp-content\/uploads\/2019\/12\/Test-moto-mare.jpg\"><img loading=\"lazy\" decoding=\"async\" class=\"size-full wp-image-8819 aligncenter\" src=\"https:\/\/www.rarom.ro\/wp-content\/uploads\/2019\/12\/Test-moto-mare.jpg\" alt=\"\" width=\"730\" height=\"450\" srcset=\"https:\/\/www.rarom.ro\/wp-content\/uploads\/2019\/12\/Test-moto-mare.jpg 730w, https:\/\/www.rarom.ro\/wp-content\/uploads\/2019\/12\/Test-moto-mare-300x185.jpg 300w\" sizes=\"auto, (max-width: 730px) 100vw, 730px\" \/><\/a><\/p>\n<p style=\"text-align: justify;\"><a href=\"https:\/\/www.rarom.ro\/wp-content\/uploads\/2019\/12\/Test-moto-pagini.jpg\"><img loading=\"lazy\" decoding=\"async\" class=\"alignleft size-full wp-image-8821\" src=\"https:\/\/www.rarom.ro\/wp-content\/uploads\/2019\/12\/Test-moto-pagini.jpg\" alt=\"\" width=\"250\" height=\"165\" \/><\/a>207 CP \u015fi 193,5 kg cu pachetul M (da, pachetul \u201eM\u201d a ajuns \u015fi pe gama moto la BMW) ar putea spune totul despre superbike-ul S 1000 RR&#8230; \u015ei totu\u015fi, cifrele p\u0103lesc \u00een fa\u021ba sonorit\u0103\u0163ii apocaliptice a ralantiului care te avertizeaz\u0103 brutal cu cine ai de-a face. [&#8230;]<\/p>\n","protected":false},"excerpt":{"rendered":"<p>Test: BMW S 1000 R 207 CP \u015fi 193,5 kg cu pachetul M (da, pachetul \u201eM\u201d a ajuns \u015fi pe gama moto la BMW) ar putea spune totul despre superbike-ul S 1000 RR&#8230; \u015ei totu\u015fi, cifrele p\u0103lesc \u00een fa\u021ba sonorit\u0103\u0163ii apocaliptice a ralantiului care te avertizeaz\u0103 brutal cu cine ai de-a face. [&#8230;]<\/p>\n","protected":false},"author":3,"featured_media":0,"parent":8790,"menu_order":5,"comment_status":"closed","ping_status":"closed","template":"","meta":{"_acf_changed":false,"footnotes":""},"class_list":["post-8818","page","type-page","status-publish","hentry"],"acf":[],"_links":{"self":[{"href":"https:\/\/www.rarom.ro\/index.php?rest_route=\/wp\/v2\/pages\/8818","targetHints":{"allow":["GET"]}}],"collection":[{"href":"https:\/\/www.rarom.ro\/index.php?rest_route=\/wp\/v2\/pages"}],"about":[{"href":"https:\/\/www.rarom.ro\/index.php?rest_route=\/wp\/v2\/types\/page"}],"author":[{"embeddable":true,"href":"https:\/\/www.rarom.ro\/index.php?rest_route=\/wp\/v2\/users\/3"}],"replies":[{"embeddable":true,"href":"https:\/\/www.rarom.ro\/index.php?rest_route=%2Fwp%2Fv2%2Fcomments&post=8818"}],"version-history":[{"count":2,"href":"https:\/\/www.rarom.ro\/index.php?rest_route=\/wp\/v2\/pages\/8818\/revisions"}],"predecessor-version":[{"id":8824,"href":"https:\/\/www.rarom.ro\/index.php?rest_route=\/wp\/v2\/pages\/8818\/revisions\/8824"}],"up":[{"embeddable":true,"href":"https:\/\/www.rarom.ro\/index.php?rest_route=\/wp\/v2\/pages\/8790"}],"wp:attachment":[{"href":"https:\/\/www.rarom.ro\/index.php?rest_route=%2Fwp%2Fv2%2Fmedia&parent=8818"}],"curies":[{"name":"wp","href":"https:\/\/api.w.org\/{rel}","templated":true}]}}