{"id":8625,"date":"2019-11-07T12:05:28","date_gmt":"2019-11-07T10:05:28","guid":{"rendered":"https:\/\/www.rarom.ro\/?page_id=8625"},"modified":"2019-11-07T13:52:00","modified_gmt":"2019-11-07T11:52:00","slug":"toyota-rav4-hybrid","status":"publish","type":"page","link":"https:\/\/www.rarom.ro\/?page_id=8625","title":{"rendered":"Toyota RAV4 Hybrid"},"content":{"rendered":"<p><strong>Test: Toyota RAV4 Hybrid<\/strong><\/p>\n<p><a href=\"https:\/\/www.rarom.ro\/wp-content\/uploads\/2019\/11\/TestToyota_mare-250.jpg\"><img loading=\"lazy\" decoding=\"async\" class=\"size-full wp-image-8626 aligncenter\" src=\"https:\/\/www.rarom.ro\/wp-content\/uploads\/2019\/11\/TestToyota_mare-250.jpg\" alt=\"\" width=\"730\" height=\"450\" srcset=\"https:\/\/www.rarom.ro\/wp-content\/uploads\/2019\/11\/TestToyota_mare-250.jpg 730w, https:\/\/www.rarom.ro\/wp-content\/uploads\/2019\/11\/TestToyota_mare-250-300x185.jpg 300w\" sizes=\"auto, (max-width: 730px) 100vw, 730px\" \/><\/a><\/p>\n<p style=\"text-align: justify;\"><a href=\"https:\/\/www.rarom.ro\/wp-content\/uploads\/2019\/11\/TestToyota_pagini-250.jpg\"><img loading=\"lazy\" decoding=\"async\" class=\"alignleft size-full wp-image-8628\" src=\"https:\/\/www.rarom.ro\/wp-content\/uploads\/2019\/11\/TestToyota_pagini-250.jpg\" alt=\"\" width=\"250\" height=\"165\" \/><\/a>Tot mai mul\u0163i constructori apeleaz\u0103 la variantele de motorizare hibride prin care se \u00eembin\u0103 motorul cu ardere intern\u0103 cu motorul electric. Dar ce are Toyota de spus \u00een acest domeniu? [&#8230;]<\/p>\n<p style=\"clear: both;\">\n","protected":false},"excerpt":{"rendered":"<p>Test: Toyota RAV4 Hybrid Tot mai mul\u0163i constructori apeleaz\u0103 la variantele de motorizare hibride prin care se \u00eembin\u0103 motorul cu ardere intern\u0103 cu motorul electric. Dar ce are Toyota de spus \u00een acest domeniu? [&#8230;]<\/p>\n","protected":false},"author":3,"featured_media":0,"parent":8602,"menu_order":4,"comment_status":"closed","ping_status":"closed","template":"","meta":{"_acf_changed":false,"footnotes":""},"class_list":["post-8625","page","type-page","status-publish","hentry"],"acf":[],"_links":{"self":[{"href":"https:\/\/www.rarom.ro\/index.php?rest_route=\/wp\/v2\/pages\/8625","targetHints":{"allow":["GET"]}}],"collection":[{"href":"https:\/\/www.rarom.ro\/index.php?rest_route=\/wp\/v2\/pages"}],"about":[{"href":"https:\/\/www.rarom.ro\/index.php?rest_route=\/wp\/v2\/types\/page"}],"author":[{"embeddable":true,"href":"https:\/\/www.rarom.ro\/index.php?rest_route=\/wp\/v2\/users\/3"}],"replies":[{"embeddable":true,"href":"https:\/\/www.rarom.ro\/index.php?rest_route=%2Fwp%2Fv2%2Fcomments&post=8625"}],"version-history":[{"count":2,"href":"https:\/\/www.rarom.ro\/index.php?rest_route=\/wp\/v2\/pages\/8625\/revisions"}],"predecessor-version":[{"id":8672,"href":"https:\/\/www.rarom.ro\/index.php?rest_route=\/wp\/v2\/pages\/8625\/revisions\/8672"}],"up":[{"embeddable":true,"href":"https:\/\/www.rarom.ro\/index.php?rest_route=\/wp\/v2\/pages\/8602"}],"wp:attachment":[{"href":"https:\/\/www.rarom.ro\/index.php?rest_route=%2Fwp%2Fv2%2Fmedia&parent=8625"}],"curies":[{"name":"wp","href":"https:\/\/api.w.org\/{rel}","templated":true}]}}