{"id":8325,"date":"2019-09-17T10:12:55","date_gmt":"2019-09-17T07:12:55","guid":{"rendered":"https:\/\/www.rarom.ro\/?page_id=8325"},"modified":"2019-09-19T11:34:04","modified_gmt":"2019-09-19T08:34:04","slug":"interviu-2","status":"publish","type":"page","link":"https:\/\/www.rarom.ro\/?page_id=8325","title":{"rendered":"Interviu"},"content":{"rendered":"<p><strong>Luiza Gojol<\/strong><\/p>\n<p><a href=\"https:\/\/www.rarom.ro\/wp-content\/uploads\/2019\/09\/Interviu_2_mare-248.jpg\"><img loading=\"lazy\" decoding=\"async\" class=\"size-full wp-image-8326 aligncenter\" src=\"https:\/\/www.rarom.ro\/wp-content\/uploads\/2019\/09\/Interviu_2_mare-248.jpg\" alt=\"\" width=\"730\" height=\"450\" srcset=\"https:\/\/www.rarom.ro\/wp-content\/uploads\/2019\/09\/Interviu_2_mare-248.jpg 730w, https:\/\/www.rarom.ro\/wp-content\/uploads\/2019\/09\/Interviu_2_mare-248-300x185.jpg 300w\" sizes=\"auto, (max-width: 730px) 100vw, 730px\" \/><\/a><\/p>\n<p style=\"text-align: justify;\"><a href=\"https:\/\/www.rarom.ro\/wp-content\/uploads\/2019\/09\/Interviu_2_pagini-248.jpg\"><img loading=\"lazy\" decoding=\"async\" class=\"alignleft size-full wp-image-8328\" src=\"https:\/\/www.rarom.ro\/wp-content\/uploads\/2019\/09\/Interviu_2_pagini-248.jpg\" alt=\"\" width=\"250\" height=\"164\" \/><\/a>Luiza Gojol are tolba plin\u0103 de pove\u0219ti. Ai putea sta ore \u00eentregi s\u0103 o ascul\u021bi. \u00ce\u021bi vorbe\u0219te cu mult\u0103 pasiune \u0219i energie despre via\u021ba de motociclist. A\u0219a afli despre c\u0103l\u0103toriile pe dou\u0103 ro\u021bi pe t\u0103r\u00e2muri \u00eendep\u0103rtate, despre nop\u021bile petrecute la cort, \u00een Vietnam, despre drumul plin de peripe\u021bii p\u00e2n\u0103 la \u00adCernob\u00eel, despre locurile minunate pe care le descoper\u0103 \u0219i despre oamenii frumo\u0219i pe care \u00eei \u00eent\u00e2lne\u0219te. [&#8230;]<\/p>\n<p style=\"clear: both;\">\n","protected":false},"excerpt":{"rendered":"<p>Luiza Gojol Luiza Gojol are tolba plin\u0103 de pove\u0219ti. Ai putea sta ore \u00eentregi s\u0103 o ascul\u021bi. \u00ce\u021bi vorbe\u0219te cu mult\u0103 pasiune \u0219i energie despre via\u021ba de motociclist. A\u0219a afli despre c\u0103l\u0103toriile pe dou\u0103 ro\u021bi pe t\u0103r\u00e2muri \u00eendep\u0103rtate, despre nop\u021bile petrecute la cort, \u00een Vietnam, despre drumul plin de peripe\u021bii p\u00e2n\u0103 la \u00adCernob\u00eel, despre locurile [&hellip;]<\/p>\n","protected":false},"author":3,"featured_media":0,"parent":8243,"menu_order":5,"comment_status":"closed","ping_status":"closed","template":"","meta":{"_acf_changed":false,"footnotes":""},"class_list":["post-8325","page","type-page","status-publish","hentry"],"acf":[],"_links":{"self":[{"href":"https:\/\/www.rarom.ro\/index.php?rest_route=\/wp\/v2\/pages\/8325","targetHints":{"allow":["GET"]}}],"collection":[{"href":"https:\/\/www.rarom.ro\/index.php?rest_route=\/wp\/v2\/pages"}],"about":[{"href":"https:\/\/www.rarom.ro\/index.php?rest_route=\/wp\/v2\/types\/page"}],"author":[{"embeddable":true,"href":"https:\/\/www.rarom.ro\/index.php?rest_route=\/wp\/v2\/users\/3"}],"replies":[{"embeddable":true,"href":"https:\/\/www.rarom.ro\/index.php?rest_route=%2Fwp%2Fv2%2Fcomments&post=8325"}],"version-history":[{"count":2,"href":"https:\/\/www.rarom.ro\/index.php?rest_route=\/wp\/v2\/pages\/8325\/revisions"}],"predecessor-version":[{"id":8379,"href":"https:\/\/www.rarom.ro\/index.php?rest_route=\/wp\/v2\/pages\/8325\/revisions\/8379"}],"up":[{"embeddable":true,"href":"https:\/\/www.rarom.ro\/index.php?rest_route=\/wp\/v2\/pages\/8243"}],"wp:attachment":[{"href":"https:\/\/www.rarom.ro\/index.php?rest_route=%2Fwp%2Fv2%2Fmedia&parent=8325"}],"curies":[{"name":"wp","href":"https:\/\/api.w.org\/{rel}","templated":true}]}}