{"id":8268,"date":"2019-09-16T15:33:54","date_gmt":"2019-09-16T12:33:54","guid":{"rendered":"https:\/\/www.rarom.ro\/?page_id=8268"},"modified":"2019-09-19T11:32:12","modified_gmt":"2019-09-19T08:32:12","slug":"peugeot-508-gt","status":"publish","type":"page","link":"https:\/\/www.rarom.ro\/?page_id=8268","title":{"rendered":"Peugeot 508 GT"},"content":{"rendered":"<p><strong>Test: Peugeot 508 GT<\/strong><\/p>\n<p><a href=\"https:\/\/www.rarom.ro\/wp-content\/uploads\/2019\/09\/TestPeugeot_mare-248.jpg\"><img loading=\"lazy\" decoding=\"async\" class=\"size-full wp-image-8269 aligncenter\" src=\"https:\/\/www.rarom.ro\/wp-content\/uploads\/2019\/09\/TestPeugeot_mare-248.jpg\" alt=\"\" width=\"730\" height=\"450\" srcset=\"https:\/\/www.rarom.ro\/wp-content\/uploads\/2019\/09\/TestPeugeot_mare-248.jpg 730w, https:\/\/www.rarom.ro\/wp-content\/uploads\/2019\/09\/TestPeugeot_mare-248-300x185.jpg 300w\" sizes=\"auto, (max-width: 730px) 100vw, 730px\" \/><\/a><\/p>\n<p style=\"text-align: justify;\"><a href=\"https:\/\/www.rarom.ro\/wp-content\/uploads\/2019\/09\/TestPeugeot_pagini-248.jpg\"><img loading=\"lazy\" decoding=\"async\" class=\"alignleft size-full wp-image-8271\" src=\"https:\/\/www.rarom.ro\/wp-content\/uploads\/2019\/09\/TestPeugeot_pagini-248.jpg\" alt=\"\" width=\"250\" height=\"165\" \/><\/a>Privit de la distan\u0163\u0103, noul Peugeot 508 atrage aten\u0163ia \u00eentr-un mod aparte. Elegant, suplu, dar \u015fi st\u0103p\u00e2nit de o ferocitate mocnit\u0103, modelul francez armonizeaz\u0103 cutumele din industria auto referitoare la design \u015fi aspectele practice dup\u0103 o re\u0163et\u0103 care \u00eel scoate imediat \u00een eviden\u0163\u0103. \u00cen acela\u015fi timp rupe orice continuitate stilistic\u0103 cu genera\u0163ia precedent\u0103. [&#8230;]<\/p>\n<p style=\"clear: both;\">\n","protected":false},"excerpt":{"rendered":"<p>Test: Peugeot 508 GT Privit de la distan\u0163\u0103, noul Peugeot 508 atrage aten\u0163ia \u00eentr-un mod aparte. Elegant, suplu, dar \u015fi st\u0103p\u00e2nit de o ferocitate mocnit\u0103, modelul francez armonizeaz\u0103 cutumele din industria auto referitoare la design \u015fi aspectele practice dup\u0103 o re\u0163et\u0103 care \u00eel scoate imediat \u00een eviden\u0163\u0103. \u00cen acela\u015fi timp rupe orice continuitate stilistic\u0103 cu [&hellip;]<\/p>\n","protected":false},"author":3,"featured_media":0,"parent":8249,"menu_order":3,"comment_status":"closed","ping_status":"closed","template":"","meta":{"_acf_changed":false,"footnotes":""},"class_list":["post-8268","page","type-page","status-publish","hentry"],"acf":[],"_links":{"self":[{"href":"https:\/\/www.rarom.ro\/index.php?rest_route=\/wp\/v2\/pages\/8268","targetHints":{"allow":["GET"]}}],"collection":[{"href":"https:\/\/www.rarom.ro\/index.php?rest_route=\/wp\/v2\/pages"}],"about":[{"href":"https:\/\/www.rarom.ro\/index.php?rest_route=\/wp\/v2\/types\/page"}],"author":[{"embeddable":true,"href":"https:\/\/www.rarom.ro\/index.php?rest_route=\/wp\/v2\/users\/3"}],"replies":[{"embeddable":true,"href":"https:\/\/www.rarom.ro\/index.php?rest_route=%2Fwp%2Fv2%2Fcomments&post=8268"}],"version-history":[{"count":2,"href":"https:\/\/www.rarom.ro\/index.php?rest_route=\/wp\/v2\/pages\/8268\/revisions"}],"predecessor-version":[{"id":8372,"href":"https:\/\/www.rarom.ro\/index.php?rest_route=\/wp\/v2\/pages\/8268\/revisions\/8372"}],"up":[{"embeddable":true,"href":"https:\/\/www.rarom.ro\/index.php?rest_route=\/wp\/v2\/pages\/8249"}],"wp:attachment":[{"href":"https:\/\/www.rarom.ro\/index.php?rest_route=%2Fwp%2Fv2%2Fmedia&parent=8268"}],"curies":[{"name":"wp","href":"https:\/\/api.w.org\/{rel}","templated":true}]}}