{"id":787,"date":"2015-10-20T12:35:22","date_gmt":"2015-10-20T12:35:22","guid":{"rendered":"https:\/\/www.rarom.ro\/?page_id=787"},"modified":"2024-05-13T13:20:02","modified_gmt":"2024-05-13T10:20:02","slug":"informatii-financiare","status":"publish","type":"page","link":"https:\/\/www.rarom.ro\/?page_id=787","title":{"rendered":"Informa\u0163ii financiare"},"content":{"rendered":"<p><img loading=\"lazy\" decoding=\"async\" class=\"aligncenter size-full wp-image-2608\" src=\"https:\/\/www.rarom.ro\/wp-content\/uploads\/2015\/10\/ROGOP.png\" alt=\"ROGOP\" width=\"730\" height=\"118\" srcset=\"https:\/\/www.rarom.ro\/wp-content\/uploads\/2015\/10\/ROGOP.png 730w, https:\/\/www.rarom.ro\/wp-content\/uploads\/2015\/10\/ROGOP-300x48.png 300w\" sizes=\"auto, (max-width: 730px) 100vw, 730px\" \/><\/p>\n<p><strong>Registrul opera\u0163iunilor generatoare de obliga\u0163ii de plat\u0103<\/strong> este \u00eentocmit \u00een baza Ordinului ministrului transporturilor \u015fi infrastructurii nr. 122\/14.02.2012.<\/p>\n<p><strong><a href=\"\/cs-uploads\/ROGOP.pdf\" target=\"_blank\" rel=\"noopener noreferrer\">ROGOP &#8211; Registrul Auto Rom\u00e2n &#8211; R.A.<\/a><\/strong><\/p>\n","protected":false},"excerpt":{"rendered":"<p>Registrul opera\u0163iunilor generatoare de obliga\u0163ii de plat\u0103 este \u00eentocmit \u00een baza Ordinului ministrului transporturilor \u015fi infrastructurii nr. 122\/14.02.2012. ROGOP &#8211; Registrul Auto Rom\u00e2n &#8211; R.A.<\/p>\n","protected":false},"author":1,"featured_media":0,"parent":14,"menu_order":10,"comment_status":"closed","ping_status":"closed","template":"","meta":{"_acf_changed":false,"footnotes":""},"class_list":["post-787","page","type-page","status-publish","hentry"],"acf":[],"_links":{"self":[{"href":"https:\/\/www.rarom.ro\/index.php?rest_route=\/wp\/v2\/pages\/787","targetHints":{"allow":["GET"]}}],"collection":[{"href":"https:\/\/www.rarom.ro\/index.php?rest_route=\/wp\/v2\/pages"}],"about":[{"href":"https:\/\/www.rarom.ro\/index.php?rest_route=\/wp\/v2\/types\/page"}],"author":[{"embeddable":true,"href":"https:\/\/www.rarom.ro\/index.php?rest_route=\/wp\/v2\/users\/1"}],"replies":[{"embeddable":true,"href":"https:\/\/www.rarom.ro\/index.php?rest_route=%2Fwp%2Fv2%2Fcomments&post=787"}],"version-history":[{"count":6,"href":"https:\/\/www.rarom.ro\/index.php?rest_route=\/wp\/v2\/pages\/787\/revisions"}],"predecessor-version":[{"id":297317,"href":"https:\/\/www.rarom.ro\/index.php?rest_route=\/wp\/v2\/pages\/787\/revisions\/297317"}],"up":[{"embeddable":true,"href":"https:\/\/www.rarom.ro\/index.php?rest_route=\/wp\/v2\/pages\/14"}],"wp:attachment":[{"href":"https:\/\/www.rarom.ro\/index.php?rest_route=%2Fwp%2Fv2%2Fmedia&parent=787"}],"curies":[{"name":"wp","href":"https:\/\/api.w.org\/{rel}","templated":true}]}}