{"id":7721,"date":"2019-05-28T10:50:09","date_gmt":"2019-05-28T07:50:09","guid":{"rendered":"https:\/\/www.rarom.ro\/?page_id=7721"},"modified":"2019-05-28T11:12:50","modified_gmt":"2019-05-28T08:12:50","slug":"interviu","status":"publish","type":"page","link":"https:\/\/www.rarom.ro\/?page_id=7721","title":{"rendered":"Interviu"},"content":{"rendered":"<p><strong>Interviu Marcel Pavel<\/strong><\/p>\n<p><a href=\"https:\/\/www.rarom.ro\/wp-content\/uploads\/2019\/05\/Interviu_mare_245.jpg\"><img loading=\"lazy\" decoding=\"async\" class=\"size-full wp-image-7722 aligncenter\" src=\"https:\/\/www.rarom.ro\/wp-content\/uploads\/2019\/05\/Interviu_mare_245.jpg\" alt=\"\" width=\"730\" height=\"450\" srcset=\"https:\/\/www.rarom.ro\/wp-content\/uploads\/2019\/05\/Interviu_mare_245.jpg 730w, https:\/\/www.rarom.ro\/wp-content\/uploads\/2019\/05\/Interviu_mare_245-300x185.jpg 300w\" sizes=\"auto, (max-width: 730px) 100vw, 730px\" \/><\/a><\/p>\n<p style=\"text-align: justify;\"><a href=\"https:\/\/www.rarom.ro\/wp-content\/uploads\/2019\/05\/Interviu_pagini_245.jpg\"><img loading=\"lazy\" decoding=\"async\" class=\"alignleft size-full wp-image-7724\" src=\"https:\/\/www.rarom.ro\/wp-content\/uploads\/2019\/05\/Interviu_pagini_245.jpg\" alt=\"\" width=\"250\" height=\"167\" \/><\/a>Care este primul g\u00e2nd care \u00ee\u0163i vine \u00een minte c\u00e2nd \u00eel \u00eent\u00e2lne\u015fti pe Marcel Pavel? &#8222;Frumoasa mea&#8221;, o melodie care provoac\u0103 fiori chiar \u015fi dup\u0103 20 de ani de la apari\u0163ie. Marcel Pavel este nevoit s\u0103 o interpreteze la fiecare eveniment la care este invitat: &#8222;Dac\u0103 nu c\u00e2nt aceast\u0103 melodie este ca \u015fi cum nu m-a\u015f fi dus acolo&#8221;, m\u0103rturise\u015fte artistul. [&#8230;]<\/p>\n","protected":false},"excerpt":{"rendered":"<p>Interviu Marcel Pavel Care este primul g\u00e2nd care \u00ee\u0163i vine \u00een minte c\u00e2nd \u00eel \u00eent\u00e2lne\u015fti pe Marcel Pavel? &#8222;Frumoasa mea&#8221;, o melodie care provoac\u0103 fiori chiar \u015fi dup\u0103 20 de ani de la apari\u0163ie. Marcel Pavel este nevoit s\u0103 o interpreteze la fiecare eveniment la care este invitat: &#8222;Dac\u0103 nu c\u00e2nt aceast\u0103 melodie este ca [&hellip;]<\/p>\n","protected":false},"author":3,"featured_media":0,"parent":7679,"menu_order":3,"comment_status":"closed","ping_status":"closed","template":"","meta":{"_acf_changed":false,"footnotes":""},"class_list":["post-7721","page","type-page","status-publish","hentry"],"acf":[],"_links":{"self":[{"href":"https:\/\/www.rarom.ro\/index.php?rest_route=\/wp\/v2\/pages\/7721","targetHints":{"allow":["GET"]}}],"collection":[{"href":"https:\/\/www.rarom.ro\/index.php?rest_route=\/wp\/v2\/pages"}],"about":[{"href":"https:\/\/www.rarom.ro\/index.php?rest_route=\/wp\/v2\/types\/page"}],"author":[{"embeddable":true,"href":"https:\/\/www.rarom.ro\/index.php?rest_route=\/wp\/v2\/users\/3"}],"replies":[{"embeddable":true,"href":"https:\/\/www.rarom.ro\/index.php?rest_route=%2Fwp%2Fv2%2Fcomments&post=7721"}],"version-history":[{"count":1,"href":"https:\/\/www.rarom.ro\/index.php?rest_route=\/wp\/v2\/pages\/7721\/revisions"}],"predecessor-version":[{"id":7726,"href":"https:\/\/www.rarom.ro\/index.php?rest_route=\/wp\/v2\/pages\/7721\/revisions\/7726"}],"up":[{"embeddable":true,"href":"https:\/\/www.rarom.ro\/index.php?rest_route=\/wp\/v2\/pages\/7679"}],"wp:attachment":[{"href":"https:\/\/www.rarom.ro\/index.php?rest_route=%2Fwp%2Fv2%2Fmedia&parent=7721"}],"curies":[{"name":"wp","href":"https:\/\/api.w.org\/{rel}","templated":true}]}}

<p><strong>Interviu Marcel Pavel</strong></p>
<p><a href="https://www.rarom.ro/wp-content/uploads/2019/05/Interviu_mare_245.jpg"><img loading="lazy" decoding="async" class="size-full wp-image-7722 aligncenter" src="https://www.rarom.ro/wp-content/uploads/2019/05/Interviu_mare_245.jpg" alt="" width="730" height="450" srcset="https://www.rarom.ro/wp-content/uploads/2019/05/Interviu_mare_245.jpg 730w, https://www.rarom.ro/wp-content/uploads/2019/05/Interviu_mare_245-300x185.jpg 300w" sizes="auto, (max-width: 730px) 100vw, 730px" /></a></p>
<p style="text-align: justify;"><a href="https://www.rarom.ro/wp-content/uploads/2019/05/Interviu_pagini_245.jpg"><img loading="lazy" decoding="async" class="alignleft size-full wp-image-7724" src="https://www.rarom.ro/wp-content/uploads/2019/05/Interviu_pagini_245.jpg" alt="" width="250" height="167" /></a>Care este primul gând care îţi vine în minte când îl întâlneşti pe Marcel Pavel? &#8222;Frumoasa mea&#8221;, o melodie care provoacă fiori chiar şi după 20 de ani de la apariţie. Marcel Pavel este nevoit să o interpreteze la fiecare eveniment la care este invitat: &#8222;Dacă nu cânt această melodie este ca şi cum nu m-aş fi dus acolo&#8221;, mărturiseşte artistul. [&#8230;]</p>

<p>Interviu Marcel Pavel Care este primul gând care îţi vine în minte când îl întâlneşti pe Marcel Pavel? &#8222;Frumoasa mea&#8221;, o melodie care provoacă fiori chiar şi după 20 de ani de la apariţie. Marcel Pavel este nevoit să o interpreteze la fiecare eveniment la care este invitat: &#8222;Dacă nu cânt această melodie este ca [&hellip;]</p>
