{"id":7555,"date":"2019-04-03T09:10:39","date_gmt":"2019-04-03T06:10:39","guid":{"rendered":"https:\/\/www.rarom.ro\/?page_id=7555"},"modified":"2019-04-03T09:18:57","modified_gmt":"2019-04-03T06:18:57","slug":"interviu","status":"publish","type":"page","link":"https:\/\/www.rarom.ro\/?page_id=7555","title":{"rendered":"Interviu"},"content":{"rendered":"<p><strong>Interviu Ana-Maria Prodan<\/strong><\/p>\n<p><a href=\"https:\/\/www.rarom.ro\/wp-content\/uploads\/2019\/04\/Interviu_mare_244.jpg\"><img loading=\"lazy\" decoding=\"async\" class=\"size-full wp-image-7556 aligncenter\" src=\"https:\/\/www.rarom.ro\/wp-content\/uploads\/2019\/04\/Interviu_mare_244.jpg\" alt=\"\" width=\"730\" height=\"450\" srcset=\"https:\/\/www.rarom.ro\/wp-content\/uploads\/2019\/04\/Interviu_mare_244.jpg 730w, https:\/\/www.rarom.ro\/wp-content\/uploads\/2019\/04\/Interviu_mare_244-300x185.jpg 300w\" sizes=\"auto, (max-width: 730px) 100vw, 730px\" \/><\/a><\/p>\n<p style=\"text-align: justify;\"><img loading=\"lazy\" decoding=\"async\" class=\"size-full wp-image-7558 alignleft\" src=\"https:\/\/www.rarom.ro\/wp-content\/uploads\/2019\/04\/Interviu_pagini_244.jpg\" alt=\"\" width=\"250\" height=\"165\" \/>\u00a0Unii ar spune c\u0103 aceast\u0103 replic\u0103 este un gest de arogan\u0163\u0103, copiat parc\u0103 dintr-un discurs al lui Donald Trump, dar pentru ea este un mod de via\u0163\u0103: o define\u015fte \u015fi, \u00een acela\u015fi timp, o seduce! \u00cei d\u0103 putere \u015fi \u00eencredere. Ana Maria Prodan are o via\u0163\u0103 de succes. Este c\u0103s\u0103torit\u0103 cu antrenorul Lauren\u0163iu Reghecampf, prezint\u0103 emisiuni de televiziune cu audien\u0163\u0103 \u015fi c\u00e2\u015ftig\u0103 milioane de euro din fotbal. \u00cen 2016 a reu\u015fit un record. Nicolae Stanciu a fost transferat de la Steaua la Anderlecht pentru aproximativ 10 milioane de euro, cea mai mare sum\u0103 pl\u0103tit\u0103 pentru un juc\u0103tor din campionatul rom\u00e2nesc. [&#8230;]<\/p>\n","protected":false},"excerpt":{"rendered":"<p>Interviu Ana-Maria Prodan \u00a0Unii ar spune c\u0103 aceast\u0103 replic\u0103 este un gest de arogan\u0163\u0103, copiat parc\u0103 dintr-un discurs al lui Donald Trump, dar pentru ea este un mod de via\u0163\u0103: o define\u015fte \u015fi, \u00een acela\u015fi timp, o seduce! \u00cei d\u0103 putere \u015fi \u00eencredere. Ana Maria Prodan are o via\u0163\u0103 de succes. Este c\u0103s\u0103torit\u0103 cu antrenorul [&hellip;]<\/p>\n","protected":false},"author":3,"featured_media":0,"parent":7505,"menu_order":3,"comment_status":"closed","ping_status":"closed","template":"","meta":{"_acf_changed":false,"footnotes":""},"class_list":["post-7555","page","type-page","status-publish","hentry"],"acf":[],"_links":{"self":[{"href":"https:\/\/www.rarom.ro\/index.php?rest_route=\/wp\/v2\/pages\/7555","targetHints":{"allow":["GET"]}}],"collection":[{"href":"https:\/\/www.rarom.ro\/index.php?rest_route=\/wp\/v2\/pages"}],"about":[{"href":"https:\/\/www.rarom.ro\/index.php?rest_route=\/wp\/v2\/types\/page"}],"author":[{"embeddable":true,"href":"https:\/\/www.rarom.ro\/index.php?rest_route=\/wp\/v2\/users\/3"}],"replies":[{"embeddable":true,"href":"https:\/\/www.rarom.ro\/index.php?rest_route=%2Fwp%2Fv2%2Fcomments&post=7555"}],"version-history":[{"count":1,"href":"https:\/\/www.rarom.ro\/index.php?rest_route=\/wp\/v2\/pages\/7555\/revisions"}],"predecessor-version":[{"id":7560,"href":"https:\/\/www.rarom.ro\/index.php?rest_route=\/wp\/v2\/pages\/7555\/revisions\/7560"}],"up":[{"embeddable":true,"href":"https:\/\/www.rarom.ro\/index.php?rest_route=\/wp\/v2\/pages\/7505"}],"wp:attachment":[{"href":"https:\/\/www.rarom.ro\/index.php?rest_route=%2Fwp%2Fv2%2Fmedia&parent=7555"}],"curies":[{"name":"wp","href":"https:\/\/api.w.org\/{rel}","templated":true}]}}

<p><strong>Interviu Ana-Maria Prodan</strong></p>
<p><a href="https://www.rarom.ro/wp-content/uploads/2019/04/Interviu_mare_244.jpg"><img loading="lazy" decoding="async" class="size-full wp-image-7556 aligncenter" src="https://www.rarom.ro/wp-content/uploads/2019/04/Interviu_mare_244.jpg" alt="" width="730" height="450" srcset="https://www.rarom.ro/wp-content/uploads/2019/04/Interviu_mare_244.jpg 730w, https://www.rarom.ro/wp-content/uploads/2019/04/Interviu_mare_244-300x185.jpg 300w" sizes="auto, (max-width: 730px) 100vw, 730px" /></a></p>
<p style="text-align: justify;"><img loading="lazy" decoding="async" class="size-full wp-image-7558 alignleft" src="https://www.rarom.ro/wp-content/uploads/2019/04/Interviu_pagini_244.jpg" alt="" width="250" height="165" /> Unii ar spune că această replică este un gest de aroganţă, copiat parcă dintr-un discurs al lui Donald Trump, dar pentru ea este un mod de viaţă: o defineşte şi, în acelaşi timp, o seduce! Îi dă putere şi încredere. Ana Maria Prodan are o viaţă de succes. Este căsătorită cu antrenorul Laurenţiu Reghecampf, prezintă emisiuni de televiziune cu audienţă şi câştigă milioane de euro din fotbal. În 2016 a reuşit un record. Nicolae Stanciu a fost transferat de la Steaua la Anderlecht pentru aproximativ 10 milioane de euro, cea mai mare sumă plătită pentru un jucător din campionatul românesc. [&#8230;]</p>

<p>Interviu Ana-Maria Prodan  Unii ar spune că această replică este un gest de aroganţă, copiat parcă dintr-un discurs al lui Donald Trump, dar pentru ea este un mod de viaţă: o defineşte şi, în acelaşi timp, o seduce! Îi dă putere şi încredere. Ana Maria Prodan are o viaţă de succes. Este căsătorită cu antrenorul [&hellip;]</p>
