{"id":7547,"date":"2019-04-03T09:07:58","date_gmt":"2019-04-03T06:07:58","guid":{"rendered":"https:\/\/www.rarom.ro\/?page_id=7547"},"modified":"2019-04-03T09:18:38","modified_gmt":"2019-04-03T06:18:38","slug":"eveniment","status":"publish","type":"page","link":"https:\/\/www.rarom.ro\/?page_id=7547","title":{"rendered":"Eveniment"},"content":{"rendered":"<p><strong>Geneva 2019<\/strong><\/p>\n<p><a href=\"https:\/\/www.rarom.ro\/wp-content\/uploads\/2019\/04\/Eveniment_mare_244.jpg\"><img loading=\"lazy\" decoding=\"async\" class=\"size-full wp-image-7548 aligncenter\" src=\"https:\/\/www.rarom.ro\/wp-content\/uploads\/2019\/04\/Eveniment_mare_244.jpg\" alt=\"\" width=\"730\" height=\"450\" srcset=\"https:\/\/www.rarom.ro\/wp-content\/uploads\/2019\/04\/Eveniment_mare_244.jpg 730w, https:\/\/www.rarom.ro\/wp-content\/uploads\/2019\/04\/Eveniment_mare_244-300x185.jpg 300w\" sizes=\"auto, (max-width: 730px) 100vw, 730px\" \/><\/a><\/p>\n<p style=\"text-align: justify;\"><a href=\"https:\/\/www.rarom.ro\/wp-content\/uploads\/2019\/04\/Eveniment_pagini_244.jpg\"><img loading=\"lazy\" decoding=\"async\" class=\"alignleft size-full wp-image-7550\" src=\"https:\/\/www.rarom.ro\/wp-content\/uploads\/2019\/04\/Eveniment_pagini_244.jpg\" alt=\"\" width=\"250\" height=\"165\" \/><\/a>Edi\u0163ia din acest an a autoshow ului elve\u0163ian, ce s-a desf\u0103\u015furat \u00eentre 7 \u015fi 17 martie, a fost marcat\u0103 de absen\u0163a c\u00e2torva constructori auto importan\u0163i, dar, per total, mai toate m\u0103rcile care conteaz\u0103 \u00een Europa au fost prezente cu destule \u015fi interesante nout\u0103\u0163i. [&#8230;]<\/p>\n<p style=\"clear: both;\">\n","protected":false},"excerpt":{"rendered":"<p>Geneva 2019 Edi\u0163ia din acest an a autoshow ului elve\u0163ian, ce s-a desf\u0103\u015furat \u00eentre 7 \u015fi 17 martie, a fost marcat\u0103 de absen\u0163a c\u00e2torva constructori auto importan\u0163i, dar, per total, mai toate m\u0103rcile care conteaz\u0103 \u00een Europa au fost prezente cu destule \u015fi interesante nout\u0103\u0163i. [&#8230;]<\/p>\n","protected":false},"author":3,"featured_media":0,"parent":7505,"menu_order":2,"comment_status":"closed","ping_status":"closed","template":"","meta":{"_acf_changed":false,"footnotes":""},"class_list":["post-7547","page","type-page","status-publish","hentry"],"acf":[],"_links":{"self":[{"href":"https:\/\/www.rarom.ro\/index.php?rest_route=\/wp\/v2\/pages\/7547","targetHints":{"allow":["GET"]}}],"collection":[{"href":"https:\/\/www.rarom.ro\/index.php?rest_route=\/wp\/v2\/pages"}],"about":[{"href":"https:\/\/www.rarom.ro\/index.php?rest_route=\/wp\/v2\/types\/page"}],"author":[{"embeddable":true,"href":"https:\/\/www.rarom.ro\/index.php?rest_route=\/wp\/v2\/users\/3"}],"replies":[{"embeddable":true,"href":"https:\/\/www.rarom.ro\/index.php?rest_route=%2Fwp%2Fv2%2Fcomments&post=7547"}],"version-history":[{"count":2,"href":"https:\/\/www.rarom.ro\/index.php?rest_route=\/wp\/v2\/pages\/7547\/revisions"}],"predecessor-version":[{"id":7554,"href":"https:\/\/www.rarom.ro\/index.php?rest_route=\/wp\/v2\/pages\/7547\/revisions\/7554"}],"up":[{"embeddable":true,"href":"https:\/\/www.rarom.ro\/index.php?rest_route=\/wp\/v2\/pages\/7505"}],"wp:attachment":[{"href":"https:\/\/www.rarom.ro\/index.php?rest_route=%2Fwp%2Fv2%2Fmedia&parent=7547"}],"curies":[{"name":"wp","href":"https:\/\/api.w.org\/{rel}","templated":true}]}}