{"id":744,"date":"2015-10-20T11:04:17","date_gmt":"2015-10-20T11:04:17","guid":{"rendered":"https:\/\/www.rarom.ro\/?page_id=744"},"modified":"2024-02-15T11:41:49","modified_gmt":"2024-02-15T09:41:49","slug":"autorizare-ateliere-montarereparare-verificare-gpl","status":"publish","type":"page","link":"https:\/\/www.rarom.ro\/?page_id=744","title":{"rendered":"Autorizare ateliere care monteaz\u0103\/repar\u0103\/efectueaz\u0103 revizia tehnic\u0103 a instala\u0163iilor GPL \u015fi\/sau GNC"},"content":{"rendered":"<p><a href=\"\/cs-uploads\/OpisGPL.pdf\" target=\"_blank\" rel=\"noopener noreferrer\">Lista documentelor necesare pentru autorizarea Operatorilor Economici<\/a><br \/>\n(ATELIER MONTAJ instala\u0163ii GPL \u015fi\/sau GNC)<\/p>\n<p><a href=\"https:\/\/www.rarom.ro\/?page_id=884\">Informa\u0163ii utile privind autorizarea atelierelor GPL \u015fi\/sau GNC<\/a><\/p>\n<table border=\"1\" width=\"100%\" cellpadding=\"10\" align=\"center\">\n<tbody>\n<tr>\n<td style=\"padding-left: 10px;\" valign=\"top\" bgcolor=\"#415ca5\" width=\"609\"><span style=\"color: #ffffff;\"><strong>1. Nume formular\/document:<br \/>\n<\/strong>a. Cerere tip pentru autorizare <\/span><\/td>\n<td align=\"left\" valign=\"middle\" bgcolor=\"#415ca5\">\n<p align=\"center\"><span style=\"color: #ffffff;\">a. <a style=\"color: #ffffff;\" href=\"\/cs-uploads\/cerere_GPL-GNC.pdf\" target=\"_blank\" rel=\"noopener noreferrer\">Descarc\u0103<\/a><\/span><\/p>\n<\/td>\n<\/tr>\n<tr>\n<td colspan=\"2\" valign=\"top\" bgcolor=\"#FFFFFF\">\n<p style=\"padding-left: 10px;\"><strong>Scop formular\/document:<\/strong><br \/>\nSe notific\u0103 oficial c\u0103tre R.A.R. inten\u0163ia autoriz\u0103rii Operatorului Economic;<br \/>\n<span style=\"color: #ff0000;\">Documentul este obligatoriu<\/span> pentru deschiderea dosarului de autorizare.<\/p>\n<p style=\"padding-left: 10px;\"><strong>Preciz\u0103ri de completare:<\/strong><br \/>\nSunt men\u0163ionate \u00een formular<\/p>\n<p style=\"padding-left: 10px;\"><strong>Necesit\u0103 \u00eenregistrare:<\/strong><br \/>\nNU (formularul preia codul dosarului \u00eenscris \u00een Contractul de Autorizarea \u015fi Supravegherea Operatorilor Economici)<\/p>\n<\/td>\n<\/tr>\n<tr>\n<td style=\"padding-left: 10px;\" valign=\"top\" bgcolor=\"#415ca5\"><span style=\"color: #ffffff;\"><strong>2. Nume formular\/document:<br \/>\n<\/strong>a. Chestionarul de autoevaluare<strong><br \/>\n<\/strong><\/span><\/td>\n<td align=\"left\" valign=\"middle\" bgcolor=\"#415ca5\">\n<p align=\"center\"><span style=\"color: #ffffff;\">a. <a style=\"color: #ffffff;\" href=\"\/cs-uploads\/chestionar_GPL-GNC.pdf\" target=\"_blank\" rel=\"noopener noreferrer\">Descarc\u0103 <\/a><\/span><\/p>\n<\/td>\n<\/tr>\n<tr>\n<td colspan=\"2\" valign=\"top\" bgcolor=\"#FFFFFF\">\n<p style=\"padding-left: 10px;\"><strong>Scop formular\/document:<\/strong><br \/>\nAutoevaluarea capabilit\u0103\u0163ii tehnice \u00een vederea autoriz\u0103rii;<br \/>\n<span style=\"color: #ff0000;\">Documentul face parte<\/span> din componen\u0163a dosarului de autorizare.<\/p>\n<p style=\"padding-left: 10px;\"><strong>Preciz\u0103ri de completare:<\/strong><br \/>\nSunt men\u0163ionate \u00een formular<\/p>\n<p style=\"padding-left: 10px;\"><strong>Necesit\u0103 \u00eenregistrare:<\/strong><br \/>\nNU (formularul preia codul dosarului \u00eenscris \u00een Contractul de Autorizarea \u015fi Supravegherea Operatorilor Economici)<\/p>\n<\/td>\n<\/tr>\n<\/tbody>\n<tbody>\n<tr>\n<td style=\"padding-left: 10px;\" valign=\"top\" bgcolor=\"#415ca5\"><span style=\"color: #ffffff;\"><strong>3<\/strong><strong>. Nume formular\/document:<\/strong><br \/>\na. Contractul pentru autorizarea \u015fi supravegherea operatorilor economici<br \/>\nb. Act Adi\u0163ional<\/span><\/td>\n<td align=\"left\" valign=\"middle\" bgcolor=\"#415ca5\" width=\"290\">\n<p align=\"center\"><span style=\"color: #ffffff;\">a. <a style=\"color: #ffffff;\" href=\"\/cs-uploads\/contract_GPL.pdf\" target=\"_blank\" rel=\"noopener noreferrer\">Descarc\u0103 <\/a><\/span><span style=\"color: #ffffff;\"><br \/>\nb. <a style=\"color: #ffffff;\" href=\"\/cs-uploads\/act_aditional_GPL.pdf\" target=\"_blank\" rel=\"noopener noreferrer\">Descarc\u0103 <\/a><\/span><\/p>\n<\/td>\n<\/tr>\n<tr>\n<td colspan=\"2\" valign=\"top\" bgcolor=\"#FFFFFF\">\n<p style=\"padding-left: 10px;\"><strong>Scop formular\/document: <\/strong><br \/>\nStabilirea rela\u0163iilor juridice \u00eentre cele dou\u0103 p\u0103r\u0163i ce desf\u0103\u015foar\u0103 procesul de autorizare: R.A.R. \u015fi Operatorul Economic;<br \/>\n<span style=\"color: #ff0000;\">Documentul este obligatoriu<\/span> pentru deschiderea dosarului de autorizare.<\/p>\n<p style=\"padding-left: 10px;\"><strong>Preciz\u0103ri de completare: <\/strong><br \/>\n&#8211; Se analizeaz\u0103 con\u0163inutul, se completeaz\u0103 datele specifice, se semneaz\u0103 \u015fi \u015ftampileaz\u0103 de c\u0103tre conduc\u0103torii societ\u0103\u0163ii cu precizarea func\u0163iei semnatarului (\u00een dou\u0103 exemplare);<br \/>\n&#8211; Art. 4 &#8222;Costul Autoriz\u0103rii&#8221; se completeaz\u0103 numai de c\u0103tre personalul R.A.R.;<br \/>\n&#8211; Documentul &#8222;Act Adi\u0163ional&#8221; se completeaz\u0103 numai \u00een cazul solicit\u0103rii de extindere a Autoriza\u0163iei Tehnice, solicitare declarat\u0103 \u00een intervalul dintre 2 (dou\u0103) audituri de supraveghere.<\/p>\n<p style=\"padding-left: 10px;\"><strong>Modalit\u0103\u0163i de trimitere: <\/strong><br \/>\nPo\u015ft\u0103\/e-mail sau delegat, \u00eempreun\u0103 cu Cererea tip \u015fi Chestionarul de Autoevaluare<\/p>\n<p style=\"padding-left: 10px;\"><strong>Necesit\u0103 \u00eenregistrare:<\/strong><br \/>\nDA (se atribuie num\u0103r de identificare dosar)<\/p>\n<\/td>\n<\/tr>\n<\/tbody>\n<\/table>\n<hr align=\"left\" size=\"1\" width=\"35%\" \/>\n<p style=\"text-align: justify;\"><span style=\"color: #ff0000;\">Formularele se tip\u0103resc la imprimant\u0103, se completeaz\u0103 \u015fi apoi se transmit <strong>prin e-mail<\/strong> la adresa <\/span><a href=\"mailto:ocs@rarom.ro\">ocs@rarom.ro<\/a><span style=\"color: #ff0000;\">.<\/span><br \/>\n<span style=\"color: #ff0000;\"> De asemenea, formularele completate <strong>se pot aduce \u015fi personal<\/strong> la sediile reprezentan\u0163elor jude\u0163ene ale R.A.R., iar \u00een Bucure\u015fti la sediul OCS din Bulevardul Expozi\u021biei nr. 1K, sector 1.<\/span><br \/>\n<span style=\"color: #ff0000;\"> Adresele reprezentan\u0163elor se g\u0103sesc ap\u0103s\u00e2nd butonul &#8222;<\/span><a href=\"https:\/\/www.rarom.ro\/?page_id=16\">Contact<\/a><span style=\"color: #ff0000;\">&#8221; din partea de sus a paginii.<\/span><\/p>\n<p style=\"text-align: justify;\">\n","protected":false},"excerpt":{"rendered":"<p>Lista documentelor necesare pentru autorizarea Operatorilor Economici (ATELIER MONTAJ instala\u0163ii GPL \u015fi\/sau GNC) Informa\u0163ii utile privind autorizarea atelierelor GPL \u015fi\/sau GNC 1. Nume formular\/document: a. Cerere tip pentru autorizare a. Descarc\u0103 Scop formular\/document: Se notific\u0103 oficial c\u0103tre R.A.R. inten\u0163ia autoriz\u0103rii Operatorului Economic; Documentul este obligatoriu pentru deschiderea dosarului de autorizare. Preciz\u0103ri de completare: Sunt men\u0163ionate [&hellip;]<\/p>\n","protected":false},"author":1,"featured_media":0,"parent":733,"menu_order":6,"comment_status":"closed","ping_status":"closed","template":"","meta":{"_acf_changed":false,"footnotes":""},"class_list":["post-744","page","type-page","status-publish","hentry"],"acf":[],"_links":{"self":[{"href":"https:\/\/www.rarom.ro\/index.php?rest_route=\/wp\/v2\/pages\/744","targetHints":{"allow":["GET"]}}],"collection":[{"href":"https:\/\/www.rarom.ro\/index.php?rest_route=\/wp\/v2\/pages"}],"about":[{"href":"https:\/\/www.rarom.ro\/index.php?rest_route=\/wp\/v2\/types\/page"}],"author":[{"embeddable":true,"href":"https:\/\/www.rarom.ro\/index.php?rest_route=\/wp\/v2\/users\/1"}],"replies":[{"embeddable":true,"href":"https:\/\/www.rarom.ro\/index.php?rest_route=%2Fwp%2Fv2%2Fcomments&post=744"}],"version-history":[{"count":12,"href":"https:\/\/www.rarom.ro\/index.php?rest_route=\/wp\/v2\/pages\/744\/revisions"}],"predecessor-version":[{"id":296506,"href":"https:\/\/www.rarom.ro\/index.php?rest_route=\/wp\/v2\/pages\/744\/revisions\/296506"}],"up":[{"embeddable":true,"href":"https:\/\/www.rarom.ro\/index.php?rest_route=\/wp\/v2\/pages\/733"}],"wp:attachment":[{"href":"https:\/\/www.rarom.ro\/index.php?rest_route=%2Fwp%2Fv2%2Fmedia&parent=744"}],"curies":[{"name":"wp","href":"https:\/\/api.w.org\/{rel}","templated":true}]}}