{"id":7412,"date":"2019-03-11T15:04:00","date_gmt":"2019-03-11T13:04:00","guid":{"rendered":"https:\/\/www.rarom.ro\/?page_id=7412"},"modified":"2019-03-11T15:08:21","modified_gmt":"2019-03-11T13:08:21","slug":"istorie","status":"publish","type":"page","link":"https:\/\/www.rarom.ro\/?page_id=7412","title":{"rendered":"Istorie"},"content":{"rendered":"<p><strong>Citroen \u2013 100 de ani<\/strong><\/p>\n<p><a href=\"https:\/\/www.rarom.ro\/wp-content\/uploads\/2019\/03\/Istorie_mare-243.jpg\"><img loading=\"lazy\" decoding=\"async\" class=\"size-full wp-image-7413 aligncenter\" src=\"https:\/\/www.rarom.ro\/wp-content\/uploads\/2019\/03\/Istorie_mare-243.jpg\" alt=\"\" width=\"730\" height=\"450\" srcset=\"https:\/\/www.rarom.ro\/wp-content\/uploads\/2019\/03\/Istorie_mare-243.jpg 730w, https:\/\/www.rarom.ro\/wp-content\/uploads\/2019\/03\/Istorie_mare-243-300x185.jpg 300w\" sizes=\"auto, (max-width: 730px) 100vw, 730px\" \/><\/a><\/p>\n<p style=\"text-align: justify;\"><a href=\"https:\/\/www.rarom.ro\/wp-content\/uploads\/2019\/03\/Istorie_pagini-243.jpg\"><img loading=\"lazy\" decoding=\"async\" class=\"alignleft size-full wp-image-7415\" src=\"https:\/\/www.rarom.ro\/wp-content\/uploads\/2019\/03\/Istorie_pagini-243.jpg\" alt=\"\" width=\"250\" height=\"167\" \/><\/a>Anul 2019 marcheaz\u0103 un secol de istorie pentru marca francez\u0103 Citroen. Este anul centenarului pentru compania vizionarului Andre Citroen, omul care a revolu\u0163ionat industria auto francez\u0103. [&#8230;]<\/p>\n","protected":false},"excerpt":{"rendered":"<p>Citroen \u2013 100 de ani Anul 2019 marcheaz\u0103 un secol de istorie pentru marca francez\u0103 Citroen. Este anul centenarului pentru compania vizionarului Andre Citroen, omul care a revolu\u0163ionat industria auto francez\u0103. [&#8230;]<\/p>\n","protected":false},"author":3,"featured_media":0,"parent":7360,"menu_order":5,"comment_status":"closed","ping_status":"closed","template":"","meta":{"_acf_changed":false,"footnotes":""},"class_list":["post-7412","page","type-page","status-publish","hentry"],"acf":[],"_links":{"self":[{"href":"https:\/\/www.rarom.ro\/index.php?rest_route=\/wp\/v2\/pages\/7412","targetHints":{"allow":["GET"]}}],"collection":[{"href":"https:\/\/www.rarom.ro\/index.php?rest_route=\/wp\/v2\/pages"}],"about":[{"href":"https:\/\/www.rarom.ro\/index.php?rest_route=\/wp\/v2\/types\/page"}],"author":[{"embeddable":true,"href":"https:\/\/www.rarom.ro\/index.php?rest_route=\/wp\/v2\/users\/3"}],"replies":[{"embeddable":true,"href":"https:\/\/www.rarom.ro\/index.php?rest_route=%2Fwp%2Fv2%2Fcomments&post=7412"}],"version-history":[{"count":1,"href":"https:\/\/www.rarom.ro\/index.php?rest_route=\/wp\/v2\/pages\/7412\/revisions"}],"predecessor-version":[{"id":7417,"href":"https:\/\/www.rarom.ro\/index.php?rest_route=\/wp\/v2\/pages\/7412\/revisions\/7417"}],"up":[{"embeddable":true,"href":"https:\/\/www.rarom.ro\/index.php?rest_route=\/wp\/v2\/pages\/7360"}],"wp:attachment":[{"href":"https:\/\/www.rarom.ro\/index.php?rest_route=%2Fwp%2Fv2%2Fmedia&parent=7412"}],"curies":[{"name":"wp","href":"https:\/\/api.w.org\/{rel}","templated":true}]}}