{"id":733,"date":"2015-10-20T10:02:03","date_gmt":"2015-10-20T10:02:03","guid":{"rendered":"https:\/\/www.rarom.ro\/?page_id=733"},"modified":"2024-04-19T13:39:34","modified_gmt":"2024-04-19T10:39:34","slug":"certificareinregistrare-si-autorizare","status":"publish","type":"page","link":"https:\/\/www.rarom.ro\/?page_id=733","title":{"rendered":"Certificare\/\u00cenregistrare \u015fi Autorizare"},"content":{"rendered":"\n<p><span class=\"s1\">Domeniul de activitate al RAR-OCS include:<\/span><\/p>\n\n\n\n<p><span class=\"s1\"><b>1. Certificarea\/\u00eenregistrarea<\/b> sistemului de management al calit\u0103\u0163ii \u00een baza standardului interna\u0163ional ISO 9001 pentru furnizorii de produse \u015fi servicii din industria produc\u0103toare de autovehicule, ma\u015fini, utilaje, instala\u0163ii, echipamente, aparate, dispozitive, aparatur\u0103 \u015fi componente aferente acestora, precum \u015fi activit\u0103\u0163i conexe (transport, comercializare, \u00eentre\u0163inere, reparare, reciclare, depozitare \u015fi comunica\u0163ii).<\/span><\/p>\n\n\n\n<p><span class=\"s1\"><b>2. Autorizarea:<\/b><\/span><span class=\"s2\"><b><br><\/b><\/span><span class=\"s1\">&#8211; operatorilor economici care desf\u0103\u015foar\u0103 activit\u0103\u0163i de repara\u0163ii, de \u00eentre\u0163inere, de reglare, de modific\u0103ri constructive, de reconstruc\u0163ie a vehiculelor rutiere, precum \u015fi de dezmembrare a vehiculelor scoase din uz &#8211; RNTR 9;<\/span><\/p>\n\n\n\n<p><span class=\"s1\">&#8211; agen\u0163ilor economici care execut\u0103 montarea, reviziile tehnice \u015fi repararea instala\u0163iilor de alimentare a motoarelor cu GPL \u015fi\/sau GNC &#8211; RNTR 6;<\/span><\/p>\n\n\n\n<p><span class=\"s1\">&#8211; operatorilor economici care desf\u0103\u015foar\u0103 activit\u0103\u0163i de instalare, reparare \u0219i inspec\u021bii tahografe \u0219i limitatoare de viteza \u2013 RNTR 8;<\/span><\/p>\n\n\n\n<p><span class=\"s1\">&#8211; operatorilor economici care efectueaz\u0103 inspec\u0163ii tehnice periodice &#8211; RNTR 1, \u00een principal, prin desf\u0103\u015furarea urm\u0103toarelor activit\u0103\u0163i:<\/span><\/p>\n\n\n\n<ul class=\"wp-block-list\">\n<li><span class=\"s1\">Informarea solicitan\u0163ilor de certificare \u015fi\/sau autorizare privind procesul de certificare \u015fi\/sau autorizare;<\/span><\/li>\n\n\n\n<li><span class=\"s1\">Primirea cererilor de certificare \u015fi\/sau autorizare;<\/span><\/li>\n\n\n\n<li><span class=\"s1\">Primirea documenta\u0163iei pentru certificarea \u015fi\/sau autorizarea operatorilor economici;<\/span><\/li>\n\n\n\n<li><span class=\"s1\">Analiza documenta\u0163iei tehnice;<\/span><\/li>\n\n\n\n<li><span class=\"s1\">Elaborarea planului de audit;<\/span><\/li>\n\n\n\n<li><span class=\"s1\">Efectuarea auditului la sediul operatorului economic;<\/span><\/li>\n\n\n\n<li><span class=\"s1\">Evaluarea rezultatelor procesului de certificare \u015fi\/sau autorizare;<\/span><\/li>\n\n\n\n<li><span class=\"s1\">Acordarea sau nu a certific\u0103rii \u015fi\/sau autoriz\u0103rii;<\/span><\/li>\n\n\n\n<li><span class=\"s1\">Redactarea documentelor de certificare \u015fi\/sau autorizare;<\/span><\/li>\n\n\n\n<li><span class=\"s1\">Supravegherea periodic\u0103 a operatorilor certifica\u0163i \u015fi\/sau autoriza\u0163i prin efectuarea de audituri la sediul acestora;<\/span><\/li>\n\n\n\n<li><span class=\"s1\">Publicarea \u015fi actualizarea urm\u0103toarelor documente:<\/span><\/li>\n<\/ul>\n\n\n\n<p><span class=\"s1\">&#8211; Lista operatorilor economici certifica\u0163i;<\/span><\/p>\n\n\n\n<p><span class=\"s1\">&#8211; Lista atelierelor service autorizate;<\/span><\/p>\n\n\n\n<p><span class=\"s1\">&#8211; Lista operatorilor economici care desf\u0103\u0219oar\u0103 activit\u0103\u021bi de instalare, reparare \u0219i\/sau inspec\u021bie tahografe \u0219i\/sau limitatoare de vitez\u0103;<\/span><\/p>\n\n\n\n<p>&#8211; Lista atelierelor care execut\u0103 montarea, reviziile tehnice \u015fi repararea instala\u0163iilor de alimentare a motoarelor cu GPL \u015fi\/sau GNC;<\/p>\n\n\n\n<p><span class=\"s1\">&#8211; Lista operatorilor economici autoriza\u0163i s\u0103 presteze activit\u0103\u0163i de modific\u0103ri constructive \u015fi aplicare folie.<\/span><\/p>\n\n\n\n<hr>\n\n\n\n<p><span style=\"color: #394f8b;\"><strong>FORMULARE NECESARE<\/strong><\/span><\/p>\n\n\n\n<hr>\n\n\n\n<p><a href=\"?page_id=735\">Certificarea sistemului de management al calit\u0103\u0163ii<\/a><\/p>\n\n\n\n<p><a href=\"?page_id=740\">Autorizare ateliere service auto<\/a><\/p>\n\n\n\n<p><a href=\"?page_id=748\">Autorizare sta\u0163ii ITP<\/a><\/p>\n\n\n\n<p><a href=\"https:\/\/www.rarom.ro\/?page_id=8556\">Agrearea operatorilor economici care efectueaz\u0103 un program de instruire TLV<\/a><\/p>\n\n\n\n<p><a href=\"?page_id=746\">Autorizare ateliere care instaleaz\u0103\/repar\u0103\/efectueaz\u0103 inspec\u021bii TLV<\/a><\/p>\n\n\n\n<p><a href=\"?page_id=744\">Autorizare ateliere care monteaz\u0103\/repar\u0103\/efectueaz\u0103 revizia tehnic\u0103 a instala\u0163iilor GPL \u015fi\/sau GNC<\/a><\/p>\n\n\n\n<p><a href=\"?page_id=742\">Autorizare ateliere modific\u0103ri constructive inclusiv aplicare folie<\/a><\/p>\n","protected":false},"excerpt":{"rendered":"<p>Domeniul de activitate al RAR-OCS include: 1. Certificarea\/\u00eenregistrarea sistemului de management al calit\u0103\u0163ii \u00een baza standardului interna\u0163ional ISO 9001 pentru furnizorii de produse \u015fi servicii din industria produc\u0103toare de autovehicule, ma\u015fini, utilaje, instala\u0163ii, echipamente, aparate, dispozitive, aparatur\u0103 \u015fi componente aferente acestora, precum \u015fi activit\u0103\u0163i conexe (transport, comercializare, \u00eentre\u0163inere, reparare, reciclare, depozitare \u015fi comunica\u0163ii). 2. Autorizarea:&#8211; [&hellip;]<\/p>\n","protected":false},"author":1,"featured_media":0,"parent":240,"menu_order":2,"comment_status":"closed","ping_status":"closed","template":"","meta":{"_acf_changed":false,"footnotes":""},"class_list":["post-733","page","type-page","status-publish","hentry"],"acf":[],"_links":{"self":[{"href":"https:\/\/www.rarom.ro\/index.php?rest_route=\/wp\/v2\/pages\/733","targetHints":{"allow":["GET"]}}],"collection":[{"href":"https:\/\/www.rarom.ro\/index.php?rest_route=\/wp\/v2\/pages"}],"about":[{"href":"https:\/\/www.rarom.ro\/index.php?rest_route=\/wp\/v2\/types\/page"}],"author":[{"embeddable":true,"href":"https:\/\/www.rarom.ro\/index.php?rest_route=\/wp\/v2\/users\/1"}],"replies":[{"embeddable":true,"href":"https:\/\/www.rarom.ro\/index.php?rest_route=%2Fwp%2Fv2%2Fcomments&post=733"}],"version-history":[{"count":12,"href":"https:\/\/www.rarom.ro\/index.php?rest_route=\/wp\/v2\/pages\/733\/revisions"}],"predecessor-version":[{"id":297175,"href":"https:\/\/www.rarom.ro\/index.php?rest_route=\/wp\/v2\/pages\/733\/revisions\/297175"}],"up":[{"embeddable":true,"href":"https:\/\/www.rarom.ro\/index.php?rest_route=\/wp\/v2\/pages\/240"}],"wp:attachment":[{"href":"https:\/\/www.rarom.ro\/index.php?rest_route=%2Fwp%2Fv2%2Fmedia&parent=733"}],"curies":[{"name":"wp","href":"https:\/\/api.w.org\/{rel}","templated":true}]}}