{"id":7172,"date":"2019-02-05T13:04:22","date_gmt":"2019-02-05T11:04:22","guid":{"rendered":"https:\/\/www.rarom.ro\/?page_id=7172"},"modified":"2019-02-07T12:27:45","modified_gmt":"2019-02-07T10:27:45","slug":"bmw-m-440i-coupe","status":"publish","type":"page","link":"https:\/\/www.rarom.ro\/?page_id=7172","title":{"rendered":"BMW M 440i Coupe"},"content":{"rendered":"<p><strong>Test: BMW M 440i Coupe<\/strong><\/p>\n<p><a href=\"https:\/\/www.rarom.ro\/wp-content\/uploads\/2019\/02\/Test_BMW_mare_242.jpg\"><img loading=\"lazy\" decoding=\"async\" class=\"size-full wp-image-7173 aligncenter\" src=\"https:\/\/www.rarom.ro\/wp-content\/uploads\/2019\/02\/Test_BMW_mare_242.jpg\" alt=\"\" width=\"730\" height=\"450\" srcset=\"https:\/\/www.rarom.ro\/wp-content\/uploads\/2019\/02\/Test_BMW_mare_242.jpg 730w, https:\/\/www.rarom.ro\/wp-content\/uploads\/2019\/02\/Test_BMW_mare_242-300x185.jpg 300w\" sizes=\"auto, (max-width: 730px) 100vw, 730px\" \/><\/a><\/p>\n<p style=\"text-align: justify;\"><a href=\"https:\/\/www.rarom.ro\/wp-content\/uploads\/2019\/02\/Test_BMW_pagini_242.jpg\"><img loading=\"lazy\" decoding=\"async\" class=\"alignleft size-full wp-image-7175\" src=\"https:\/\/www.rarom.ro\/wp-content\/uploads\/2019\/02\/Test_BMW_pagini_242.jpg\" alt=\"\" width=\"250\" height=\"165\" \/><\/a>Parcat cuminte \u00een \u015firul de ma\u015fini, \u00eenver\u015funarea lui se ghice\u015fte cu greu de la dep\u0103rtare. Dar, pe m\u0103sur\u0103 ce m\u0103 apropii, liniile fruste ale caroseriei \u00ee\u015fi dezv\u0103luie \u00eencordarea intens\u0103. Amestec de str\u0103luciri rapide \u015fi umbre ad\u00e2nci, profilul lui BMW M 440i Coupe aminte\u015fte de ceva anume. Ceva fulger\u0103tor&#8230; Ceva letal&#8230; Un glon\u0163? [&#8230;]<\/p>\n<p style=\"clear: both;\">\n","protected":false},"excerpt":{"rendered":"<p>Test: BMW M 440i Coupe Parcat cuminte \u00een \u015firul de ma\u015fini, \u00eenver\u015funarea lui se ghice\u015fte cu greu de la dep\u0103rtare. Dar, pe m\u0103sur\u0103 ce m\u0103 apropii, liniile fruste ale caroseriei \u00ee\u015fi dezv\u0103luie \u00eencordarea intens\u0103. Amestec de str\u0103luciri rapide \u015fi umbre ad\u00e2nci, profilul lui BMW M 440i Coupe aminte\u015fte de ceva anume. Ceva fulger\u0103tor&#8230; Ceva letal&#8230; [&hellip;]<\/p>\n","protected":false},"author":3,"featured_media":0,"parent":7168,"menu_order":1,"comment_status":"closed","ping_status":"closed","template":"","meta":{"_acf_changed":false,"footnotes":""},"class_list":["post-7172","page","type-page","status-publish","hentry"],"acf":[],"_links":{"self":[{"href":"https:\/\/www.rarom.ro\/index.php?rest_route=\/wp\/v2\/pages\/7172","targetHints":{"allow":["GET"]}}],"collection":[{"href":"https:\/\/www.rarom.ro\/index.php?rest_route=\/wp\/v2\/pages"}],"about":[{"href":"https:\/\/www.rarom.ro\/index.php?rest_route=\/wp\/v2\/types\/page"}],"author":[{"embeddable":true,"href":"https:\/\/www.rarom.ro\/index.php?rest_route=\/wp\/v2\/users\/3"}],"replies":[{"embeddable":true,"href":"https:\/\/www.rarom.ro\/index.php?rest_route=%2Fwp%2Fv2%2Fcomments&post=7172"}],"version-history":[{"count":3,"href":"https:\/\/www.rarom.ro\/index.php?rest_route=\/wp\/v2\/pages\/7172\/revisions"}],"predecessor-version":[{"id":7255,"href":"https:\/\/www.rarom.ro\/index.php?rest_route=\/wp\/v2\/pages\/7172\/revisions\/7255"}],"up":[{"embeddable":true,"href":"https:\/\/www.rarom.ro\/index.php?rest_route=\/wp\/v2\/pages\/7168"}],"wp:attachment":[{"href":"https:\/\/www.rarom.ro\/index.php?rest_route=%2Fwp%2Fv2%2Fmedia&parent=7172"}],"curies":[{"name":"wp","href":"https:\/\/api.w.org\/{rel}","templated":true}]}}

<p><strong>Test: BMW M 440i Coupe</strong></p>
<p><a href="https://www.rarom.ro/wp-content/uploads/2019/02/Test_BMW_mare_242.jpg"><img loading="lazy" decoding="async" class="size-full wp-image-7173 aligncenter" src="https://www.rarom.ro/wp-content/uploads/2019/02/Test_BMW_mare_242.jpg" alt="" width="730" height="450" srcset="https://www.rarom.ro/wp-content/uploads/2019/02/Test_BMW_mare_242.jpg 730w, https://www.rarom.ro/wp-content/uploads/2019/02/Test_BMW_mare_242-300x185.jpg 300w" sizes="auto, (max-width: 730px) 100vw, 730px" /></a></p>
<p style="text-align: justify;"><a href="https://www.rarom.ro/wp-content/uploads/2019/02/Test_BMW_pagini_242.jpg"><img loading="lazy" decoding="async" class="alignleft size-full wp-image-7175" src="https://www.rarom.ro/wp-content/uploads/2019/02/Test_BMW_pagini_242.jpg" alt="" width="250" height="165" /></a>Parcat cuminte în şirul de maşini, înverşunarea lui se ghiceşte cu greu de la depărtare. Dar, pe măsură ce mă apropii, liniile fruste ale caroseriei îşi dezvăluie încordarea intensă. Amestec de străluciri rapide şi umbre adânci, profilul lui BMW M 440i Coupe aminteşte de ceva anume. Ceva fulgerător&#8230; Ceva letal&#8230; Un glonţ? [&#8230;]</p>
<p style="clear: both;">

<p>Test: BMW M 440i Coupe Parcat cuminte în şirul de maşini, înverşunarea lui se ghiceşte cu greu de la depărtare. Dar, pe măsură ce mă apropii, liniile fruste ale caroseriei îşi dezvăluie încordarea intensă. Amestec de străluciri rapide şi umbre adânci, profilul lui BMW M 440i Coupe aminteşte de ceva anume. Ceva fulgerător&#8230; Ceva letal&#8230; [&hellip;]</p>
