{"id":7033,"date":"2018-12-11T10:32:35","date_gmt":"2018-12-11T08:32:35","guid":{"rendered":"https:\/\/www.rarom.ro\/?page_id=7033"},"modified":"2018-12-11T10:53:53","modified_gmt":"2018-12-11T08:53:53","slug":"prezentare","status":"publish","type":"page","link":"https:\/\/www.rarom.ro\/?page_id=7033","title":{"rendered":"Prezentare"},"content":{"rendered":"<p><strong>Audi e-tron<\/strong><\/p>\n<p><a href=\"https:\/\/www.rarom.ro\/wp-content\/uploads\/2018\/12\/Prezentare_mare241.jpeg\"><img loading=\"lazy\" decoding=\"async\" class=\"size-full wp-image-7034 aligncenter\" src=\"https:\/\/www.rarom.ro\/wp-content\/uploads\/2018\/12\/Prezentare_mare241.jpeg\" alt=\"\" width=\"730\" height=\"450\" srcset=\"https:\/\/www.rarom.ro\/wp-content\/uploads\/2018\/12\/Prezentare_mare241.jpeg 730w, https:\/\/www.rarom.ro\/wp-content\/uploads\/2018\/12\/Prezentare_mare241-300x185.jpeg 300w\" sizes=\"auto, (max-width: 730px) 100vw, 730px\" \/><\/a><\/p>\n<p style=\"text-align: justify;\"><a href=\"https:\/\/www.rarom.ro\/wp-content\/uploads\/2018\/12\/Prezentare_pagini241.jpg\"><img loading=\"lazy\" decoding=\"async\" class=\"alignleft size-full wp-image-7036\" src=\"https:\/\/www.rarom.ro\/wp-content\/uploads\/2018\/12\/Prezentare_pagini241.jpg\" alt=\"\" width=\"250\" height=\"167\" \/><\/a>Precizia \u015fi libertatea de mi\u015fcare se \u00eempletesc armonios \u00een primul SUV electric marca Audi. e-tron este un partener de \u00eencredere, \u00eembin\u00e2nd caracterul sportiv cu cel practic, iar motoarele electrice fac echip\u0103 bun\u0103 cu trac\u0163iunea integral\u0103. Rezultatul? Agilitate \u015fi performan\u0163\u0103. [&#8230;]<\/p>\n","protected":false},"excerpt":{"rendered":"<p>Audi e-tron Precizia \u015fi libertatea de mi\u015fcare se \u00eempletesc armonios \u00een primul SUV electric marca Audi. e-tron este un partener de \u00eencredere, \u00eembin\u00e2nd caracterul sportiv cu cel practic, iar motoarele electrice fac echip\u0103 bun\u0103 cu trac\u0163iunea integral\u0103. Rezultatul? Agilitate \u015fi performan\u0163\u0103. [&#8230;]<\/p>\n","protected":false},"author":3,"featured_media":0,"parent":6983,"menu_order":4,"comment_status":"closed","ping_status":"closed","template":"","meta":{"_acf_changed":false,"footnotes":""},"class_list":["post-7033","page","type-page","status-publish","hentry"],"acf":[],"_links":{"self":[{"href":"https:\/\/www.rarom.ro\/index.php?rest_route=\/wp\/v2\/pages\/7033","targetHints":{"allow":["GET"]}}],"collection":[{"href":"https:\/\/www.rarom.ro\/index.php?rest_route=\/wp\/v2\/pages"}],"about":[{"href":"https:\/\/www.rarom.ro\/index.php?rest_route=\/wp\/v2\/types\/page"}],"author":[{"embeddable":true,"href":"https:\/\/www.rarom.ro\/index.php?rest_route=\/wp\/v2\/users\/3"}],"replies":[{"embeddable":true,"href":"https:\/\/www.rarom.ro\/index.php?rest_route=%2Fwp%2Fv2%2Fcomments&post=7033"}],"version-history":[{"count":2,"href":"https:\/\/www.rarom.ro\/index.php?rest_route=\/wp\/v2\/pages\/7033\/revisions"}],"predecessor-version":[{"id":7039,"href":"https:\/\/www.rarom.ro\/index.php?rest_route=\/wp\/v2\/pages\/7033\/revisions\/7039"}],"up":[{"embeddable":true,"href":"https:\/\/www.rarom.ro\/index.php?rest_route=\/wp\/v2\/pages\/6983"}],"wp:attachment":[{"href":"https:\/\/www.rarom.ro\/index.php?rest_route=%2Fwp%2Fv2%2Fmedia&parent=7033"}],"curies":[{"name":"wp","href":"https:\/\/api.w.org\/{rel}","templated":true}]}}