{"id":6393,"date":"2018-07-04T15:59:22","date_gmt":"2018-07-04T12:59:22","guid":{"rendered":"https:\/\/www.rarom.ro\/?page_id=6393"},"modified":"2018-07-05T09:46:20","modified_gmt":"2018-07-05T06:46:20","slug":"bmw-m-performance","status":"publish","type":"page","link":"https:\/\/www.rarom.ro\/?page_id=6393","title":{"rendered":"BMW M Performance"},"content":{"rendered":"<p><strong>Test: BMW M Performance<\/strong><\/p>\n<p><a href=\"https:\/\/www.rarom.ro\/wp-content\/uploads\/2018\/07\/TestBMW_mare237.jpg\"><img loading=\"lazy\" decoding=\"async\" class=\"aligncenter size-full wp-image-6394\" src=\"https:\/\/www.rarom.ro\/wp-content\/uploads\/2018\/07\/TestBMW_mare237.jpg\" alt=\"\" width=\"730\" height=\"450\" srcset=\"https:\/\/www.rarom.ro\/wp-content\/uploads\/2018\/07\/TestBMW_mare237.jpg 730w, https:\/\/www.rarom.ro\/wp-content\/uploads\/2018\/07\/TestBMW_mare237-300x185.jpg 300w\" sizes=\"auto, (max-width: 730px) 100vw, 730px\" \/><\/a><\/p>\n<p><a href=\"https:\/\/www.rarom.ro\/wp-content\/uploads\/2018\/07\/TestBMW_pagini237.jpg\"><img loading=\"lazy\" decoding=\"async\" class=\"size-full wp-image-6396 alignleft\" src=\"https:\/\/www.rarom.ro\/wp-content\/uploads\/2018\/07\/TestBMW_pagini237.jpg\" alt=\"\" width=\"250\" height=\"165\" \/><\/a>Gama BMW este una stufoas\u0103. Nu numai din perspectiva num\u0103rului de modele \u015fi al diverselor versiuni emanate de acestea, c\u00e2t \u015fi din punct de vedere al poten\u0163ialului sportiv de care dispun. Aceast\u0103 ultim\u0103 clasificare este subordonat\u0103 literei M \u2013 cea mai puternic\u0103 din arsenalul BMW. [&#8230;]<\/p>\n","protected":false},"excerpt":{"rendered":"<p>Test: BMW M Performance Gama BMW este una stufoas\u0103. Nu numai din perspectiva num\u0103rului de modele \u015fi al diverselor versiuni emanate de acestea, c\u00e2t \u015fi din punct de vedere al poten\u0163ialului sportiv de care dispun. Aceast\u0103 ultim\u0103 clasificare este subordonat\u0103 literei M \u2013 cea mai puternic\u0103 din arsenalul BMW. [&#8230;]<\/p>\n","protected":false},"author":3,"featured_media":0,"parent":6358,"menu_order":4,"comment_status":"closed","ping_status":"closed","template":"","meta":{"_acf_changed":false,"footnotes":""},"class_list":["post-6393","page","type-page","status-publish","hentry"],"acf":[],"_links":{"self":[{"href":"https:\/\/www.rarom.ro\/index.php?rest_route=\/wp\/v2\/pages\/6393","targetHints":{"allow":["GET"]}}],"collection":[{"href":"https:\/\/www.rarom.ro\/index.php?rest_route=\/wp\/v2\/pages"}],"about":[{"href":"https:\/\/www.rarom.ro\/index.php?rest_route=\/wp\/v2\/types\/page"}],"author":[{"embeddable":true,"href":"https:\/\/www.rarom.ro\/index.php?rest_route=\/wp\/v2\/users\/3"}],"replies":[{"embeddable":true,"href":"https:\/\/www.rarom.ro\/index.php?rest_route=%2Fwp%2Fv2%2Fcomments&post=6393"}],"version-history":[{"count":3,"href":"https:\/\/www.rarom.ro\/index.php?rest_route=\/wp\/v2\/pages\/6393\/revisions"}],"predecessor-version":[{"id":6400,"href":"https:\/\/www.rarom.ro\/index.php?rest_route=\/wp\/v2\/pages\/6393\/revisions\/6400"}],"up":[{"embeddable":true,"href":"https:\/\/www.rarom.ro\/index.php?rest_route=\/wp\/v2\/pages\/6358"}],"wp:attachment":[{"href":"https:\/\/www.rarom.ro\/index.php?rest_route=%2Fwp%2Fv2%2Fmedia&parent=6393"}],"curies":[{"name":"wp","href":"https:\/\/api.w.org\/{rel}","templated":true}]}}