{"id":635,"date":"2015-10-19T08:28:16","date_gmt":"2015-10-19T08:28:16","guid":{"rendered":"https:\/\/www.rarom.ro\/?page_id=635"},"modified":"2018-10-10T15:57:00","modified_gmt":"2018-10-10T12:57:00","slug":"activitatea-de-efectuare-a-inspectiilor-tehnice-periodice-itp-a-vehiculelor-inmatriculate-in-statele-membre-ue-d-o-i-i-t-i-t-p-s-p-n-v-activitatea-de-efectuare-a-inspectiilor-tehnice-periodice","status":"publish","type":"page","link":"https:\/\/www.rarom.ro\/?page_id=635","title":{"rendered":"Activitatea de efectuare a inspec\u0163iilor tehnice periodice (ITP) a vehiculelor \u00eenmatriculate \u00een statele membre UE"},"content":{"rendered":"<p style=\"text-align: justify;\">\u00cen cadrul art. 4 alin (2) din aceast\u0103 directiv\u0103 se specific\u0103: <em>&#8222;Inspec\u0163iile tehnice se efectueaz\u0103 de c\u0103tre statul membru \u00een care este \u00eenmatriculat vehiculul, de c\u0103tre un organism public abilitat de acel stat membru \u00een acest sens sau de c\u0103tre organisme sau institu\u0163ii desemnate \u015fi supravegheate de c\u0103tre statul membru respectiv, inclusiv organisme private autorizate.&#8221;<\/em><\/p>\n<p style=\"text-align: justify;\">Aceea\u015fi activitate de ITP este reglementat\u0103 la nivel na\u0163ional prin prevederile Legii nr. 260\/2017 pentru modificarea \u015fi completarea OG nr. 81\/2000, respectiv prin OMTCT nr. 2.133\/2005 cu modific\u0103rile si complet\u0103rile ulterioare.<\/p>\n<p style=\"text-align: justify;\">La art. 4, alin. (1) din OG nr. 81\/2000 (modificat\u0103 \u015fi completat\u0103 ultima dat\u0103 prin Legea 260\/2017) se prevede faptul c\u0103: <em>&#8222;Inspec\u0163iile tehnice periodice se efectueaz\u0103 de c\u0103tre Regia Autonom\u0103 \u00abRegistrul Auto Rom\u00e2n\u00bb denumit \u00een continuare R.A.R., organism tehnic specializat al Ministerului Transporturilor, prin reprezentan\u0163ele sale jude\u0163ene sau prin operatori economici autoriza\u0163i \u015fi monitoriza\u0163i de R.A.R.&#8221;.<\/em><\/p>\n<p style=\"text-align: justify;\">De asemenea, alin. (8) prevede c\u0103 monitorizarea persoanelor autorizate s\u0103 execute inspec\u0163ia tehnic\u0103 periodic\u0103 cuprinde printre altele: supravegherea tehnic\u0103 a sta\u0163iilor de inspec\u0163ie tehnic\u0103 periodic\u0103, inclusiv prin mijloace informatice, prin analiza rezultatelor inspec\u0163iilor tehnice periodice folosind metode statistice, controlul execut\u0103rii inspec\u0163iilor tehnice periodice, inclusiv prin reverific\u0103ri efectuate de RAR \u00een sta\u0163iile de inspec\u0163ie tehnic\u0103 periodic\u0103 la vehiculele inspectate \u00een cadrul acestor sta\u0163ii, controlul execut\u0103rii inspec\u0163iilor tehnice periodice prin reverificare \u00een reprezentan\u0163ele RAR a vehiculelor inspectate \u00een sta\u0163iile de inspec\u0163ie tehnic\u0103 periodic\u0103 autorizate, controlul tehnic \u00een trafic, verific\u0103ri incognito, op\u0163ional cu utilizarea unui vehicul cu deficien\u0163e cunoscute, controlul execut\u0103rii inspec\u0163iilor tehnice periodice \u00een urma contesta\u0163iilor sau reclama\u0163iilor.<\/p>\n<p style=\"text-align: justify;\">Institu\u0163ia noastr\u0103 a dezvoltat o aplica\u0163ie informatic\u0103 on-line pentru eviden\u0163a vehiculelor ce sunt prezentate \u00een vederea efectu\u0103rii ITP, aplica\u0163ie ce ruleaz\u0103 din anul 2007 \u015fi care este permanent modernizat\u0103 \u015fi men\u0163inut\u0103 \u00een parametri corespunz\u0103tori pentru a putea r\u0103spunde obiectiv cerin\u0163elor pie\u0163ii \u015fi legisla\u0163iei aplicabile.<\/p>\n<p style=\"text-align: justify;\">Cerin\u0163a legislativ\u0103 de supraveghere tehnic\u0103 a sta\u0163iilor de ITP se realizeaz\u0103 de c\u0103tre RAR \u015fi prin alegerea vehiculelor ce urmeaz\u0103 a fi reverificate de c\u0103tre inspectorii RAR prin intermediul unui algoritm aleatoriu, asigur\u00e2ndu-se astfel un mijloc obiectiv \u015fi nediscriminatoriu de selectare a vehiculelor \u00een vederea reinspect\u0103rii.<br \/>\n\u00cen condi\u0163iile \u00een care inspectorii RAR constat\u0103 neconformit\u0103\u0163i ale vehiculului inspectat care nu au fost detectate \u015fi de c\u0103tre inspectorul tehnic din cadrul sta\u0163iei de ITP, au posibilitatea men\u0163ion\u0103rii acestora \u00een sistemul informatic.<\/p>\n<p style=\"text-align: justify;\">At\u00e2t inspectorii atesta\u0163i din cadrul sta\u0163iilor de ITP c\u00e2t \u015fi inspectorii RAR trebuie s\u0103 aib\u0103 \u00een vedere stabilirea cu rigurozitate a codurilor defec\u0163iunilor constatate \u00een vederea salv\u0103rii acestor date \u00een calculator deoarece, pentru fiecare vehicul reinspectat, aplica\u0163ia informatic\u0103 cuantific\u0103 diferen\u0163ele \u00eenregistrate \u00eentre rezultatele salvate de ace\u015ftia \u015fi \u00een func\u0163ie de aceste diferen\u0163e calculeaz\u0103 punctele de penalizare ce se acumuleaz\u0103 pentru fiecare sta\u0163ie de ITP \u00een parte, astfel ob\u0163in\u00e2ndu-se o ordonare calitativ\u0103 a acestora \u00een func\u0163ie de punctajele acumulate.<\/p>\n<p style=\"text-align: justify;\">Pentru fiecare reinspec\u0163ie efectuat\u0103 \u015fi salvat\u0103 \u00een sistem, suplimentar, exist\u0103 un num\u0103r de puncte ce sunt sc\u0103zute din total, astfel \u00eenc\u00e2t o sta\u0163ie care lucreaz\u0103 corect (nu exist\u0103 diferen\u0163e \u00eentre rezultatele ITP salvate de c\u0103tre inspectorul tehnic \u015fi inspectorul RAR) va beneficia de o sc\u0103dere continu\u0103 a num\u0103rului de puncte de penalizare \u015fi astfel va avea o \u00eencadrare calitativ\u0103 superioar\u0103 iar ca rezultat imediat va primi, din partea sistemului, mai pu\u0163ine reinspec\u0163ii comparativ cu o sta\u0163ie ce acumuleaz\u0103 din ce \u00een ce mai multe puncte de penalizare \u015fi care va avea \u00een mod corespunz\u0103tor un num\u0103r din ce \u00een ce mai mare de vehicule selectate \u00een vederea reinspect\u0103rii, cu scopul unei monitoriz\u0103ri mai atente a modului de lucru al inspectorilor tehnici din sta\u0163ia respectiv\u0103.<\/p>\n<p style=\"text-align: justify;\">\u00cen urma constat\u0103rii repetate a unor neconformit\u0103\u0163i suplimentare de c\u0103tre inspectorii RAR \u00een cadrul aceleia\u015fi sta\u0163ii de ITP, aceasta poate acumula puncte de penalizare p\u00e2n\u0103 la atingerea unui prag maxim, dup\u0103 care activitatea sta\u0163iei respective de ITP va fi suspendat\u0103 pentru o perioad\u0103 de 30 de zile. Ulterior, sta\u0163ia de ITP \u00een cauz\u0103 va relua activitatea beneficiind de \u015ftergerea punctelor acumulate anterior.<\/p>\n<p style=\"text-align: justify;\">Men\u0163ion\u0103m c\u0103 institu\u0163ia noastr\u0103 prin aceste ac\u0163iuni urm\u0103re\u015fte \u00eembun\u0103t\u0103\u0163irea continu\u0103 \u015fi uniformizarea nivelului calitativ al inspec\u0163iilor tehnice periodice efectuate la nivel na\u0163ional, acestea av\u00e2nd un impact semnificativ \u00een cre\u015fterea siguran\u0163ei rutiere.<\/p>\n","protected":false},"excerpt":{"rendered":"<p>\u00cen cadrul art. 4 alin (2) din aceast\u0103 directiv\u0103 se specific\u0103: &#8222;Inspec\u0163iile tehnice se efectueaz\u0103 de c\u0103tre statul membru \u00een care este \u00eenmatriculat vehiculul, de c\u0103tre un organism public abilitat de acel stat membru \u00een acest sens sau de c\u0103tre organisme sau institu\u0163ii desemnate \u015fi supravegheate de c\u0103tre statul membru respectiv, inclusiv organisme private autorizate.&#8221; [&hellip;]<\/p>\n","protected":false},"author":1,"featured_media":0,"parent":51,"menu_order":0,"comment_status":"closed","ping_status":"closed","template":"","meta":{"_acf_changed":false,"footnotes":""},"class_list":["post-635","page","type-page","status-publish","hentry"],"acf":[],"_links":{"self":[{"href":"https:\/\/www.rarom.ro\/index.php?rest_route=\/wp\/v2\/pages\/635","targetHints":{"allow":["GET"]}}],"collection":[{"href":"https:\/\/www.rarom.ro\/index.php?rest_route=\/wp\/v2\/pages"}],"about":[{"href":"https:\/\/www.rarom.ro\/index.php?rest_route=\/wp\/v2\/types\/page"}],"author":[{"embeddable":true,"href":"https:\/\/www.rarom.ro\/index.php?rest_route=\/wp\/v2\/users\/1"}],"replies":[{"embeddable":true,"href":"https:\/\/www.rarom.ro\/index.php?rest_route=%2Fwp%2Fv2%2Fcomments&post=635"}],"version-history":[{"count":5,"href":"https:\/\/www.rarom.ro\/index.php?rest_route=\/wp\/v2\/pages\/635\/revisions"}],"predecessor-version":[{"id":6841,"href":"https:\/\/www.rarom.ro\/index.php?rest_route=\/wp\/v2\/pages\/635\/revisions\/6841"}],"up":[{"embeddable":true,"href":"https:\/\/www.rarom.ro\/index.php?rest_route=\/wp\/v2\/pages\/51"}],"wp:attachment":[{"href":"https:\/\/www.rarom.ro\/index.php?rest_route=%2Fwp%2Fv2%2Fmedia&parent=635"}],"curies":[{"name":"wp","href":"https:\/\/api.w.org\/{rel}","templated":true}]}}