{"id":633,"date":"2015-10-19T08:24:45","date_gmt":"2015-10-19T08:24:45","guid":{"rendered":"https:\/\/www.rarom.ro\/?page_id=633"},"modified":"2021-12-09T15:59:14","modified_gmt":"2021-12-09T13:59:14","slug":"conditii-constructive-rntr-7","status":"publish","type":"page","link":"https:\/\/www.rarom.ro\/?page_id=633","title":{"rendered":"Condi\u0163ii constructive &#8211; RNTR 7"},"content":{"rendered":"<p style=\"text-align: justify;\"><strong>ORDINUL nr. 2132 din 8 decembrie 2005<\/strong> al Ministrului transporturilor, construc\u0163iilor \u015fi turismului pentru aprobarea Reglement\u0103rilor privind omologarea individual\u0103, eliberarea c\u0103r\u0163ii de identitate \u015fi certificarea autenticit\u0103\u0163ii vehiculelor rutiere &#8211; RNTR 7<\/p>\n","protected":false},"excerpt":{"rendered":"<p>ORDINUL nr. 2132 din 8 decembrie 2005 al Ministrului transporturilor, construc\u0163iilor \u015fi turismului pentru aprobarea Reglement\u0103rilor privind omologarea individual\u0103, eliberarea c\u0103r\u0163ii de identitate \u015fi certificarea autenticit\u0103\u0163ii vehiculelor rutiere &#8211; RNTR 7<\/p>\n","protected":false},"author":1,"featured_media":0,"parent":37,"menu_order":2,"comment_status":"closed","ping_status":"closed","template":"","meta":{"_acf_changed":false,"footnotes":""},"class_list":["post-633","page","type-page","status-publish","hentry"],"acf":[],"_links":{"self":[{"href":"https:\/\/www.rarom.ro\/index.php?rest_route=\/wp\/v2\/pages\/633","targetHints":{"allow":["GET"]}}],"collection":[{"href":"https:\/\/www.rarom.ro\/index.php?rest_route=\/wp\/v2\/pages"}],"about":[{"href":"https:\/\/www.rarom.ro\/index.php?rest_route=\/wp\/v2\/types\/page"}],"author":[{"embeddable":true,"href":"https:\/\/www.rarom.ro\/index.php?rest_route=\/wp\/v2\/users\/1"}],"replies":[{"embeddable":true,"href":"https:\/\/www.rarom.ro\/index.php?rest_route=%2Fwp%2Fv2%2Fcomments&post=633"}],"version-history":[{"count":2,"href":"https:\/\/www.rarom.ro\/index.php?rest_route=\/wp\/v2\/pages\/633\/revisions"}],"predecessor-version":[{"id":12395,"href":"https:\/\/www.rarom.ro\/index.php?rest_route=\/wp\/v2\/pages\/633\/revisions\/12395"}],"up":[{"embeddable":true,"href":"https:\/\/www.rarom.ro\/index.php?rest_route=\/wp\/v2\/pages\/37"}],"wp:attachment":[{"href":"https:\/\/www.rarom.ro\/index.php?rest_route=%2Fwp%2Fv2%2Fmedia&parent=633"}],"curies":[{"name":"wp","href":"https:\/\/api.w.org\/{rel}","templated":true}]}}