{"id":627,"date":"2015-10-19T08:22:35","date_gmt":"2015-10-19T08:22:35","guid":{"rendered":"https:\/\/www.rarom.ro\/?page_id=627"},"modified":"2021-12-09T16:10:35","modified_gmt":"2021-12-09T14:10:35","slug":"vehicule-destinate-transportului-anumitor-marfuri-periculoase","status":"publish","type":"page","link":"https:\/\/www.rarom.ro\/?page_id=627","title":{"rendered":"Vehicule destinate transportului anumitor m\u0103rfuri periculoase"},"content":{"rendered":"<p style=\"text-align: justify;\"><strong>ORDINUL nr. 2134 din 8 decembrie 2005<\/strong> al Ministrului transporturilor, construc\u0163iilor \u015fi turismului pentru aprobarea Reglement\u0103rilor privind omologarea, agrearea \u015fi efectuarea inspec\u0163iei tehnice periodice a vehiculelor destinate transportului anumitor m\u0103rfuri periculoase &#8211; RNTR 3<\/p>\n","protected":false},"excerpt":{"rendered":"<p>ORDINUL nr. 2134 din 8 decembrie 2005 al Ministrului transporturilor, construc\u0163iilor \u015fi turismului pentru aprobarea Reglement\u0103rilor privind omologarea, agrearea \u015fi efectuarea inspec\u0163iei tehnice periodice a vehiculelor destinate transportului anumitor m\u0103rfuri periculoase &#8211; RNTR 3<\/p>\n","protected":false},"author":1,"featured_media":0,"parent":37,"menu_order":5,"comment_status":"closed","ping_status":"closed","template":"","meta":{"_acf_changed":false,"footnotes":""},"class_list":["post-627","page","type-page","status-publish","hentry"],"acf":[],"_links":{"self":[{"href":"https:\/\/www.rarom.ro\/index.php?rest_route=\/wp\/v2\/pages\/627","targetHints":{"allow":["GET"]}}],"collection":[{"href":"https:\/\/www.rarom.ro\/index.php?rest_route=\/wp\/v2\/pages"}],"about":[{"href":"https:\/\/www.rarom.ro\/index.php?rest_route=\/wp\/v2\/types\/page"}],"author":[{"embeddable":true,"href":"https:\/\/www.rarom.ro\/index.php?rest_route=\/wp\/v2\/users\/1"}],"replies":[{"embeddable":true,"href":"https:\/\/www.rarom.ro\/index.php?rest_route=%2Fwp%2Fv2%2Fcomments&post=627"}],"version-history":[{"count":2,"href":"https:\/\/www.rarom.ro\/index.php?rest_route=\/wp\/v2\/pages\/627\/revisions"}],"predecessor-version":[{"id":12397,"href":"https:\/\/www.rarom.ro\/index.php?rest_route=\/wp\/v2\/pages\/627\/revisions\/12397"}],"up":[{"embeddable":true,"href":"https:\/\/www.rarom.ro\/index.php?rest_route=\/wp\/v2\/pages\/37"}],"wp:attachment":[{"href":"https:\/\/www.rarom.ro\/index.php?rest_route=%2Fwp%2Fv2%2Fmedia&parent=627"}],"curies":[{"name":"wp","href":"https:\/\/api.w.org\/{rel}","templated":true}]}}