{"id":625,"date":"2015-10-19T08:21:58","date_gmt":"2015-10-19T08:21:58","guid":{"rendered":"https:\/\/www.rarom.ro\/?page_id=625"},"modified":"2021-12-09T16:02:17","modified_gmt":"2021-12-09T14:02:17","slug":"autovehiculele-agreate-pentru-transportul-in-regim-de-taxi","status":"publish","type":"page","link":"https:\/\/www.rarom.ro\/?page_id=625","title":{"rendered":"Autovehiculele agreate pentru transportul \u00een regim de taxi"},"content":{"rendered":"<p style=\"text-align: justify;\"><strong>LEGE nr. 38 din 20 ianuarie 2003<\/strong> privind transportul \u00een regim de taxi \u015fi \u00een regim de \u00eenchiriere<\/p>\n<p style=\"text-align: justify;\"><strong>ORDINUL nr. 1170 din 24 iulie 2003<\/strong> al Ministrului transporturilor, construc\u0163iilor \u015fi turismului pentru aprobarea Normelor metodologice de aplicare a Legii nr. 38\/2003 privind transportul \u00een regim de taxi \u015fi \u00een regim de \u00eenchiriere &#8211; Metodologia de licen\u0163iere a transporturilor rutiere publice de persoane sau bunuri \u00een regim de taxi, a transporturilor rutiere publice de persoane \u00een regim de \u00eenchiriere, condi\u0163iile privind agrearea \u015fi inspec\u0163ia tehnic\u0103 periodic\u0103 a autovehiculelor care efectueaz\u0103 transport \u00een regim de taxi, precum \u015fi metodologia de eliberare a certificatului de atestare a preg\u0103tirii profesionale a taximetri\u015ftilor.<\/p>\n","protected":false},"excerpt":{"rendered":"<p>LEGE nr. 38 din 20 ianuarie 2003 privind transportul \u00een regim de taxi \u015fi \u00een regim de \u00eenchiriere ORDINUL nr. 1170 din 24 iulie 2003 al Ministrului transporturilor, construc\u0163iilor \u015fi turismului pentru aprobarea Normelor metodologice de aplicare a Legii nr. 38\/2003 privind transportul \u00een regim de taxi \u015fi \u00een regim de \u00eenchiriere &#8211; Metodologia de [&hellip;]<\/p>\n","protected":false},"author":1,"featured_media":0,"parent":37,"menu_order":6,"comment_status":"closed","ping_status":"closed","template":"","meta":{"_acf_changed":false,"footnotes":""},"class_list":["post-625","page","type-page","status-publish","hentry"],"acf":[],"_links":{"self":[{"href":"https:\/\/www.rarom.ro\/index.php?rest_route=\/wp\/v2\/pages\/625","targetHints":{"allow":["GET"]}}],"collection":[{"href":"https:\/\/www.rarom.ro\/index.php?rest_route=\/wp\/v2\/pages"}],"about":[{"href":"https:\/\/www.rarom.ro\/index.php?rest_route=\/wp\/v2\/types\/page"}],"author":[{"embeddable":true,"href":"https:\/\/www.rarom.ro\/index.php?rest_route=\/wp\/v2\/users\/1"}],"replies":[{"embeddable":true,"href":"https:\/\/www.rarom.ro\/index.php?rest_route=%2Fwp%2Fv2%2Fcomments&post=625"}],"version-history":[{"count":2,"href":"https:\/\/www.rarom.ro\/index.php?rest_route=\/wp\/v2\/pages\/625\/revisions"}],"predecessor-version":[{"id":12398,"href":"https:\/\/www.rarom.ro\/index.php?rest_route=\/wp\/v2\/pages\/625\/revisions\/12398"}],"up":[{"embeddable":true,"href":"https:\/\/www.rarom.ro\/index.php?rest_route=\/wp\/v2\/pages\/37"}],"wp:attachment":[{"href":"https:\/\/www.rarom.ro\/index.php?rest_route=%2Fwp%2Fv2%2Fmedia&parent=625"}],"curies":[{"name":"wp","href":"https:\/\/api.w.org\/{rel}","templated":true}]}}