{"id":617,"date":"2015-10-19T08:18:38","date_gmt":"2015-10-19T08:18:38","guid":{"rendered":"https:\/\/www.rarom.ro\/?page_id=617"},"modified":"2021-12-09T15:58:47","modified_gmt":"2021-12-09T13:58:47","slug":"omologarea-individuala","status":"publish","type":"page","link":"https:\/\/www.rarom.ro\/?page_id=617","title":{"rendered":"Omologarea individual\u0103"},"content":{"rendered":"<p style=\"text-align: justify;\">Omologarea individual\u0103 se efectueaz\u0103 pentru vehiculele rutiere prezentate la RAR care se g\u0103sesc \u00eentr-una din urm\u0103toarele situa\u0163ii:<\/p>\n<p style=\"text-align: justify;\">a) vehicule rutiere utilizate, care nu au mai fost \u00eenmatriculate \u00een Rom\u00e2nia. Sunt exceptate vehiculele care de\u021bin omologare european\u0103 de tip, au fost ultima dat\u0103 \u00eenmatriculate \u00eentr-un stat membru al Uniunii Europene \u015fi a c\u0103ror configura\u0163ie nu a fost modificat\u0103.<\/p>\n<p style=\"text-align: justify;\">b) vehicule rutiere \u00eenmatriculate \u00een Rom\u00e2nia, dar la care s-au modificat caracteristicile constructive men\u0163ionate \u00een CIV.<\/p>\n<p style=\"text-align: justify;\">Omologarea individual\u0103 se acord\u0103 unui vehicul care are un num\u0103r de identificare valid, \u00eendepline\u015fte condi\u0163iile constructive precizate \u00een <strong>RNTR-7<\/strong> \u015fi care a fost declarat admis la verificarea st\u0103rii tehnice efectuat\u0103 \u00een baza planului de opera\u0163ii din <strong>RNTR-1.<\/strong><\/p>\n<p style=\"text-align: justify;\">Un vehicul c\u0103ruia i s-a acordat omologarea individual\u0103 prime\u015fte de la RAR cartea de identitate a vehiculului.<\/p>\n","protected":false},"excerpt":{"rendered":"<p>Omologarea individual\u0103 se efectueaz\u0103 pentru vehiculele rutiere prezentate la RAR care se g\u0103sesc \u00eentr-una din urm\u0103toarele situa\u0163ii: a) vehicule rutiere utilizate, care nu au mai fost \u00eenmatriculate \u00een Rom\u00e2nia. Sunt exceptate vehiculele care de\u021bin omologare european\u0103 de tip, au fost ultima dat\u0103 \u00eenmatriculate \u00eentr-un stat membru al Uniunii Europene \u015fi a c\u0103ror configura\u0163ie nu a [&hellip;]<\/p>\n","protected":false},"author":1,"featured_media":0,"parent":37,"menu_order":1,"comment_status":"closed","ping_status":"closed","template":"","meta":{"_acf_changed":false,"footnotes":""},"class_list":["post-617","page","type-page","status-publish","hentry"],"acf":[],"_links":{"self":[{"href":"https:\/\/www.rarom.ro\/index.php?rest_route=\/wp\/v2\/pages\/617","targetHints":{"allow":["GET"]}}],"collection":[{"href":"https:\/\/www.rarom.ro\/index.php?rest_route=\/wp\/v2\/pages"}],"about":[{"href":"https:\/\/www.rarom.ro\/index.php?rest_route=\/wp\/v2\/types\/page"}],"author":[{"embeddable":true,"href":"https:\/\/www.rarom.ro\/index.php?rest_route=\/wp\/v2\/users\/1"}],"replies":[{"embeddable":true,"href":"https:\/\/www.rarom.ro\/index.php?rest_route=%2Fwp%2Fv2%2Fcomments&post=617"}],"version-history":[{"count":5,"href":"https:\/\/www.rarom.ro\/index.php?rest_route=\/wp\/v2\/pages\/617\/revisions"}],"predecessor-version":[{"id":12380,"href":"https:\/\/www.rarom.ro\/index.php?rest_route=\/wp\/v2\/pages\/617\/revisions\/12380"}],"up":[{"embeddable":true,"href":"https:\/\/www.rarom.ro\/index.php?rest_route=\/wp\/v2\/pages\/37"}],"wp:attachment":[{"href":"https:\/\/www.rarom.ro\/index.php?rest_route=%2Fwp%2Fv2%2Fmedia&parent=617"}],"curies":[{"name":"wp","href":"https:\/\/api.w.org\/{rel}","templated":true}]}}