{"id":5383,"date":"2017-12-07T10:01:09","date_gmt":"2017-12-07T08:01:09","guid":{"rendered":"https:\/\/www.rarom.ro\/?page_id=5383"},"modified":"2017-12-07T10:01:09","modified_gmt":"2017-12-07T08:01:09","slug":"bmw-s-1000-r","status":"publish","type":"page","link":"https:\/\/www.rarom.ro\/?page_id=5383","title":{"rendered":"BMW S 1000 R"},"content":{"rendered":"<p><strong>Test: BMW S 1000 R<\/strong><\/p>\n<p><a href=\"https:\/\/www.rarom.ro\/wp-content\/uploads\/2017\/12\/Test_moto_mare231.jpg\"><img loading=\"lazy\" decoding=\"async\" class=\"aligncenter size-full wp-image-5384\" src=\"https:\/\/www.rarom.ro\/wp-content\/uploads\/2017\/12\/Test_moto_mare231.jpg\" alt=\"\" width=\"730\" height=\"450\" srcset=\"https:\/\/www.rarom.ro\/wp-content\/uploads\/2017\/12\/Test_moto_mare231.jpg 730w, https:\/\/www.rarom.ro\/wp-content\/uploads\/2017\/12\/Test_moto_mare231-300x185.jpg 300w\" sizes=\"auto, (max-width: 730px) 100vw, 730px\" \/><\/a><\/p>\n<p><a href=\"https:\/\/www.rarom.ro\/wp-content\/uploads\/2017\/12\/Test_moto_pagini231.jpg\"><img loading=\"lazy\" decoding=\"async\" class=\"size-full wp-image-5386 alignleft\" src=\"https:\/\/www.rarom.ro\/wp-content\/uploads\/2017\/12\/Test_moto_pagini231.jpg\" alt=\"\" width=\"250\" height=\"165\" \/><\/a>Un motor de 1.000 cmc din care erup 160 CP \u015fi 112 Nm este greu s\u0103 treac\u0103 neobservat. Mai ales c\u0103 pe partea opus\u0103 lan\u0163ului este montat\u0103 o tob\u0103 Akrapovic cu o tonalitate at\u00e2t de p\u0103trunz\u0103toare c\u0103 te surprinde \u015fi pe tine, indiferent dac\u0103 e\u015fti \u00een mers sau a\u015ftep\u0163i la semafor. Adic\u0103, mai mereu. [&#8230;]<\/p>\n","protected":false},"excerpt":{"rendered":"<p>Test: BMW S 1000 R Un motor de 1.000 cmc din care erup 160 CP \u015fi 112 Nm este greu s\u0103 treac\u0103 neobservat. Mai ales c\u0103 pe partea opus\u0103 lan\u0163ului este montat\u0103 o tob\u0103 Akrapovic cu o tonalitate at\u00e2t de p\u0103trunz\u0103toare c\u0103 te surprinde \u015fi pe tine, indiferent dac\u0103 e\u015fti \u00een mers sau a\u015ftep\u0163i la [&hellip;]<\/p>\n","protected":false},"author":3,"featured_media":0,"parent":5346,"menu_order":6,"comment_status":"closed","ping_status":"closed","template":"","meta":{"_acf_changed":false,"footnotes":""},"class_list":["post-5383","page","type-page","status-publish","hentry"],"acf":[],"_links":{"self":[{"href":"https:\/\/www.rarom.ro\/index.php?rest_route=\/wp\/v2\/pages\/5383","targetHints":{"allow":["GET"]}}],"collection":[{"href":"https:\/\/www.rarom.ro\/index.php?rest_route=\/wp\/v2\/pages"}],"about":[{"href":"https:\/\/www.rarom.ro\/index.php?rest_route=\/wp\/v2\/types\/page"}],"author":[{"embeddable":true,"href":"https:\/\/www.rarom.ro\/index.php?rest_route=\/wp\/v2\/users\/3"}],"replies":[{"embeddable":true,"href":"https:\/\/www.rarom.ro\/index.php?rest_route=%2Fwp%2Fv2%2Fcomments&post=5383"}],"version-history":[{"count":1,"href":"https:\/\/www.rarom.ro\/index.php?rest_route=\/wp\/v2\/pages\/5383\/revisions"}],"predecessor-version":[{"id":5388,"href":"https:\/\/www.rarom.ro\/index.php?rest_route=\/wp\/v2\/pages\/5383\/revisions\/5388"}],"up":[{"embeddable":true,"href":"https:\/\/www.rarom.ro\/index.php?rest_route=\/wp\/v2\/pages\/5346"}],"wp:attachment":[{"href":"https:\/\/www.rarom.ro\/index.php?rest_route=%2Fwp%2Fv2%2Fmedia&parent=5383"}],"curies":[{"name":"wp","href":"https:\/\/api.w.org\/{rel}","templated":true}]}}