{"id":5271,"date":"2017-11-03T11:10:49","date_gmt":"2017-11-03T09:10:49","guid":{"rendered":"https:\/\/www.rarom.ro\/?page_id=5271"},"modified":"2017-11-03T11:11:25","modified_gmt":"2017-11-03T09:11:25","slug":"istorie","status":"publish","type":"page","link":"https:\/\/www.rarom.ro\/?page_id=5271","title":{"rendered":"Istorie"},"content":{"rendered":"<p><strong>Alfa Romeo SZ<\/strong><\/p>\n<p><a href=\"https:\/\/www.rarom.ro\/wp-content\/uploads\/2017\/11\/Istorie_mare230.jpg\"><img loading=\"lazy\" decoding=\"async\" class=\"aligncenter size-full wp-image-5272\" src=\"https:\/\/www.rarom.ro\/wp-content\/uploads\/2017\/11\/Istorie_mare230.jpg\" alt=\"\" width=\"730\" height=\"450\" srcset=\"https:\/\/www.rarom.ro\/wp-content\/uploads\/2017\/11\/Istorie_mare230.jpg 730w, https:\/\/www.rarom.ro\/wp-content\/uploads\/2017\/11\/Istorie_mare230-300x185.jpg 300w\" sizes=\"auto, (max-width: 730px) 100vw, 730px\" \/><\/a><\/p>\n<p><a href=\"https:\/\/www.rarom.ro\/wp-content\/uploads\/2017\/11\/Istorie_pagini230.jpg\"><img loading=\"lazy\" decoding=\"async\" class=\"size-full wp-image-5274 alignleft\" src=\"https:\/\/www.rarom.ro\/wp-content\/uploads\/2017\/11\/Istorie_pagini230.jpg\" alt=\"\" width=\"250\" height=\"165\" \/><\/a>La Salonul Auto de la Geneva din 1989, un oftat de admira\u0163ie a r\u0103sunat \u00een toat\u0103 hala Palexpo atunci c\u00e2nd a fost prezentat publicului noul model Alfa Romeo SZ. [&#8230;]<\/p>\n<p>&nbsp;<br \/>\n&nbsp;<br \/>\n&nbsp;<\/p>\n","protected":false},"excerpt":{"rendered":"<p>Alfa Romeo SZ La Salonul Auto de la Geneva din 1989, un oftat de admira\u0163ie a r\u0103sunat \u00een toat\u0103 hala Palexpo atunci c\u00e2nd a fost prezentat publicului noul model Alfa Romeo SZ. [&#8230;] &nbsp; &nbsp; &nbsp;<\/p>\n","protected":false},"author":3,"featured_media":0,"parent":5203,"menu_order":6,"comment_status":"closed","ping_status":"closed","template":"","meta":{"_acf_changed":false,"footnotes":""},"class_list":["post-5271","page","type-page","status-publish","hentry"],"acf":[],"_links":{"self":[{"href":"https:\/\/www.rarom.ro\/index.php?rest_route=\/wp\/v2\/pages\/5271","targetHints":{"allow":["GET"]}}],"collection":[{"href":"https:\/\/www.rarom.ro\/index.php?rest_route=\/wp\/v2\/pages"}],"about":[{"href":"https:\/\/www.rarom.ro\/index.php?rest_route=\/wp\/v2\/types\/page"}],"author":[{"embeddable":true,"href":"https:\/\/www.rarom.ro\/index.php?rest_route=\/wp\/v2\/users\/3"}],"replies":[{"embeddable":true,"href":"https:\/\/www.rarom.ro\/index.php?rest_route=%2Fwp%2Fv2%2Fcomments&post=5271"}],"version-history":[{"count":2,"href":"https:\/\/www.rarom.ro\/index.php?rest_route=\/wp\/v2\/pages\/5271\/revisions"}],"predecessor-version":[{"id":5277,"href":"https:\/\/www.rarom.ro\/index.php?rest_route=\/wp\/v2\/pages\/5271\/revisions\/5277"}],"up":[{"embeddable":true,"href":"https:\/\/www.rarom.ro\/index.php?rest_route=\/wp\/v2\/pages\/5203"}],"wp:attachment":[{"href":"https:\/\/www.rarom.ro\/index.php?rest_route=%2Fwp%2Fv2%2Fmedia&parent=5271"}],"curies":[{"name":"wp","href":"https:\/\/api.w.org\/{rel}","templated":true}]}}