{"id":5233,"date":"2017-11-03T10:35:00","date_gmt":"2017-11-03T08:35:00","guid":{"rendered":"https:\/\/www.rarom.ro\/?page_id=5233"},"modified":"2017-11-20T10:20:03","modified_gmt":"2017-11-20T08:20:03","slug":"jeep-compass","status":"publish","type":"page","link":"https:\/\/www.rarom.ro\/?page_id=5233","title":{"rendered":"Jeep Compass"},"content":{"rendered":"<p><strong>Test: Jeep Compass<\/strong><\/p>\n<p><a href=\"https:\/\/www.rarom.ro\/wp-content\/uploads\/2017\/11\/TestJeep_mare230.jpg\"><img loading=\"lazy\" decoding=\"async\" class=\"aligncenter size-full wp-image-5318\" src=\"https:\/\/www.rarom.ro\/wp-content\/uploads\/2017\/11\/TestJeep_mare230.jpg\" alt=\"\" width=\"730\" height=\"450\" srcset=\"https:\/\/www.rarom.ro\/wp-content\/uploads\/2017\/11\/TestJeep_mare230.jpg 730w, https:\/\/www.rarom.ro\/wp-content\/uploads\/2017\/11\/TestJeep_mare230-300x185.jpg 300w\" sizes=\"auto, (max-width: 730px) 100vw, 730px\" \/><\/a><\/p>\n<p><a href=\"https:\/\/www.rarom.ro\/wp-content\/uploads\/2017\/11\/TestJeep_pagini230.jpg\"><img loading=\"lazy\" decoding=\"async\" class=\"size-full wp-image-5320 alignleft\" src=\"https:\/\/www.rarom.ro\/wp-content\/uploads\/2017\/11\/TestJeep_pagini230.jpg\" alt=\"\" width=\"250\" height=\"165\" \/><\/a><\/p>\n<p>Noul Jeep Compass \u00eemprumut\u0103 platforma tehnic\u0103 a modelului Renegade \u015fi o combin\u0103 cu un look de baby Grand Cherokee \u015fi, cu siguran\u0163\u0103, va fr\u00e2nge multe inimi. Acum a sosit \u015fi \u00een Rom\u00e2nia \u015fi are o misiune complicat\u0103. [&#8230;]<\/p>\n<p>&nbsp;<\/p>\n","protected":false},"excerpt":{"rendered":"<p>Test: Jeep Compass Noul Jeep Compass \u00eemprumut\u0103 platforma tehnic\u0103 a modelului Renegade \u015fi o combin\u0103 cu un look de baby Grand Cherokee \u015fi, cu siguran\u0163\u0103, va fr\u00e2nge multe inimi. Acum a sosit \u015fi \u00een Rom\u00e2nia \u015fi are o misiune complicat\u0103. [&#8230;] &nbsp;<\/p>\n","protected":false},"author":3,"featured_media":0,"parent":5207,"menu_order":4,"comment_status":"closed","ping_status":"closed","template":"","meta":{"_acf_changed":false,"footnotes":""},"class_list":["post-5233","page","type-page","status-publish","hentry"],"acf":[],"_links":{"self":[{"href":"https:\/\/www.rarom.ro\/index.php?rest_route=\/wp\/v2\/pages\/5233","targetHints":{"allow":["GET"]}}],"collection":[{"href":"https:\/\/www.rarom.ro\/index.php?rest_route=\/wp\/v2\/pages"}],"about":[{"href":"https:\/\/www.rarom.ro\/index.php?rest_route=\/wp\/v2\/types\/page"}],"author":[{"embeddable":true,"href":"https:\/\/www.rarom.ro\/index.php?rest_route=\/wp\/v2\/users\/3"}],"replies":[{"embeddable":true,"href":"https:\/\/www.rarom.ro\/index.php?rest_route=%2Fwp%2Fv2%2Fcomments&post=5233"}],"version-history":[{"count":4,"href":"https:\/\/www.rarom.ro\/index.php?rest_route=\/wp\/v2\/pages\/5233\/revisions"}],"predecessor-version":[{"id":5322,"href":"https:\/\/www.rarom.ro\/index.php?rest_route=\/wp\/v2\/pages\/5233\/revisions\/5322"}],"up":[{"embeddable":true,"href":"https:\/\/www.rarom.ro\/index.php?rest_route=\/wp\/v2\/pages\/5207"}],"wp:attachment":[{"href":"https:\/\/www.rarom.ro\/index.php?rest_route=%2Fwp%2Fv2%2Fmedia&parent=5233"}],"curies":[{"name":"wp","href":"https:\/\/api.w.org\/{rel}","templated":true}]}}