{"id":5227,"date":"2017-11-03T10:27:08","date_gmt":"2017-11-03T08:27:08","guid":{"rendered":"https:\/\/www.rarom.ro\/?page_id=5227"},"modified":"2017-11-03T11:13:23","modified_gmt":"2017-11-03T09:13:23","slug":"ford-ecosport","status":"publish","type":"page","link":"https:\/\/www.rarom.ro\/?page_id=5227","title":{"rendered":"Ford EcoSport"},"content":{"rendered":"<p><strong>Test: Ford EcoSport<\/strong><\/p>\n<p><a href=\"https:\/\/www.rarom.ro\/wp-content\/uploads\/2017\/11\/TestFord_mare230.jpg\"><img loading=\"lazy\" decoding=\"async\" class=\"aligncenter size-full wp-image-5228\" src=\"https:\/\/www.rarom.ro\/wp-content\/uploads\/2017\/11\/TestFord_mare230.jpg\" alt=\"\" width=\"730\" height=\"450\" srcset=\"https:\/\/www.rarom.ro\/wp-content\/uploads\/2017\/11\/TestFord_mare230.jpg 730w, https:\/\/www.rarom.ro\/wp-content\/uploads\/2017\/11\/TestFord_mare230-300x185.jpg 300w\" sizes=\"auto, (max-width: 730px) 100vw, 730px\" \/><\/a><\/p>\n<p><a href=\"https:\/\/www.rarom.ro\/wp-content\/uploads\/2017\/11\/TestFord_pagini230.jpg\"><img loading=\"lazy\" decoding=\"async\" class=\"size-full wp-image-5230 alignleft\" src=\"https:\/\/www.rarom.ro\/wp-content\/uploads\/2017\/11\/TestFord_pagini230.jpg\" alt=\"\" width=\"250\" height=\"165\" \/><\/a>Plafonul, oglinzile \u015fi jantele negre sunt primele semnalmente pe care le remarci la Ford EcoSport S Line. Dar ceea ce \u00eei d\u0103 cu adev\u0103rat savoare \u015fi \u00eei creioneaz\u0103 personalitatea distinct\u0103 este ascuns privirii. \u00cen schimb, poate fi &#8222;sim\u0163it&#8221;. [&#8230;]<\/p>\n<p>&nbsp;<br \/>\n&nbsp;<br \/>\n&nbsp;<\/p>\n","protected":false},"excerpt":{"rendered":"<p>Test: Ford EcoSport Plafonul, oglinzile \u015fi jantele negre sunt primele semnalmente pe care le remarci la Ford EcoSport S Line. Dar ceea ce \u00eei d\u0103 cu adev\u0103rat savoare \u015fi \u00eei creioneaz\u0103 personalitatea distinct\u0103 este ascuns privirii. \u00cen schimb, poate fi &#8222;sim\u0163it&#8221;. [&#8230;] &nbsp; &nbsp; &nbsp;<\/p>\n","protected":false},"author":3,"featured_media":0,"parent":5207,"menu_order":3,"comment_status":"closed","ping_status":"closed","template":"","meta":{"_acf_changed":false,"footnotes":""},"class_list":["post-5227","page","type-page","status-publish","hentry"],"acf":[],"_links":{"self":[{"href":"https:\/\/www.rarom.ro\/index.php?rest_route=\/wp\/v2\/pages\/5227","targetHints":{"allow":["GET"]}}],"collection":[{"href":"https:\/\/www.rarom.ro\/index.php?rest_route=\/wp\/v2\/pages"}],"about":[{"href":"https:\/\/www.rarom.ro\/index.php?rest_route=\/wp\/v2\/types\/page"}],"author":[{"embeddable":true,"href":"https:\/\/www.rarom.ro\/index.php?rest_route=\/wp\/v2\/users\/3"}],"replies":[{"embeddable":true,"href":"https:\/\/www.rarom.ro\/index.php?rest_route=%2Fwp%2Fv2%2Fcomments&post=5227"}],"version-history":[{"count":2,"href":"https:\/\/www.rarom.ro\/index.php?rest_route=\/wp\/v2\/pages\/5227\/revisions"}],"predecessor-version":[{"id":5280,"href":"https:\/\/www.rarom.ro\/index.php?rest_route=\/wp\/v2\/pages\/5227\/revisions\/5280"}],"up":[{"embeddable":true,"href":"https:\/\/www.rarom.ro\/index.php?rest_route=\/wp\/v2\/pages\/5207"}],"wp:attachment":[{"href":"https:\/\/www.rarom.ro\/index.php?rest_route=%2Fwp%2Fv2%2Fmedia&parent=5227"}],"curies":[{"name":"wp","href":"https:\/\/api.w.org\/{rel}","templated":true}]}}