{"id":5140,"date":"2017-10-12T14:42:39","date_gmt":"2017-10-12T11:42:39","guid":{"rendered":"https:\/\/www.rarom.ro\/?page_id=5140"},"modified":"2017-10-12T14:42:39","modified_gmt":"2017-10-12T11:42:39","slug":"interviu","status":"publish","type":"page","link":"https:\/\/www.rarom.ro\/?page_id=5140","title":{"rendered":"Interviu"},"content":{"rendered":"<p><strong>Ovidiu Burc\u0103<\/strong><\/p>\n<p><a href=\"https:\/\/www.rarom.ro\/wp-content\/uploads\/2017\/10\/Interviu_mare229.jpg\"><img loading=\"lazy\" decoding=\"async\" class=\"aligncenter size-full wp-image-5141\" src=\"https:\/\/www.rarom.ro\/wp-content\/uploads\/2017\/10\/Interviu_mare229.jpg\" alt=\"\" width=\"730\" height=\"450\" srcset=\"https:\/\/www.rarom.ro\/wp-content\/uploads\/2017\/10\/Interviu_mare229.jpg 730w, https:\/\/www.rarom.ro\/wp-content\/uploads\/2017\/10\/Interviu_mare229-300x185.jpg 300w\" sizes=\"auto, (max-width: 730px) 100vw, 730px\" \/><\/a><\/p>\n<p><a href=\"https:\/\/www.rarom.ro\/wp-content\/uploads\/2017\/10\/Interviu_pagini229.jpg\"><img loading=\"lazy\" decoding=\"async\" class=\"size-full wp-image-5143 alignleft\" src=\"https:\/\/www.rarom.ro\/wp-content\/uploads\/2017\/10\/Interviu_pagini229.jpg\" alt=\"\" width=\"250\" height=\"165\" \/><\/a>\u00cen Rom\u00e2nia a c\u00e2\u015ftigat un titlul de campion, o supercup\u0103 \u015fi trei cupe. A jucat fotbal \u015fi \u00een Ecuador, Japonia, Germania \u015fi China. Acum \u00ee\u015fi propune s\u0103 salveze Rapidul, iar Daniel Pancu \u015fi Daniel Niculae \u00eei sunt al\u0103turi \u00een aceast\u0103 aventur\u0103. Povestea lui Ovidiu Burc\u0103, unul dintre cei mai tineri manageri din fotbalul rom\u00e2nesc, o g\u0103si\u0163i \u00een Auto Test Magazin. [&#8230;]<\/p>\n","protected":false},"excerpt":{"rendered":"<p>Ovidiu Burc\u0103 \u00cen Rom\u00e2nia a c\u00e2\u015ftigat un titlul de campion, o supercup\u0103 \u015fi trei cupe. A jucat fotbal \u015fi \u00een Ecuador, Japonia, Germania \u015fi China. Acum \u00ee\u015fi propune s\u0103 salveze Rapidul, iar Daniel Pancu \u015fi Daniel Niculae \u00eei sunt al\u0103turi \u00een aceast\u0103 aventur\u0103. Povestea lui Ovidiu Burc\u0103, unul dintre cei mai tineri manageri din fotbalul [&hellip;]<\/p>\n","protected":false},"author":3,"featured_media":0,"parent":5095,"menu_order":2,"comment_status":"closed","ping_status":"closed","template":"","meta":{"_acf_changed":false,"footnotes":""},"class_list":["post-5140","page","type-page","status-publish","hentry"],"acf":[],"_links":{"self":[{"href":"https:\/\/www.rarom.ro\/index.php?rest_route=\/wp\/v2\/pages\/5140","targetHints":{"allow":["GET"]}}],"collection":[{"href":"https:\/\/www.rarom.ro\/index.php?rest_route=\/wp\/v2\/pages"}],"about":[{"href":"https:\/\/www.rarom.ro\/index.php?rest_route=\/wp\/v2\/types\/page"}],"author":[{"embeddable":true,"href":"https:\/\/www.rarom.ro\/index.php?rest_route=\/wp\/v2\/users\/3"}],"replies":[{"embeddable":true,"href":"https:\/\/www.rarom.ro\/index.php?rest_route=%2Fwp%2Fv2%2Fcomments&post=5140"}],"version-history":[{"count":1,"href":"https:\/\/www.rarom.ro\/index.php?rest_route=\/wp\/v2\/pages\/5140\/revisions"}],"predecessor-version":[{"id":5145,"href":"https:\/\/www.rarom.ro\/index.php?rest_route=\/wp\/v2\/pages\/5140\/revisions\/5145"}],"up":[{"embeddable":true,"href":"https:\/\/www.rarom.ro\/index.php?rest_route=\/wp\/v2\/pages\/5095"}],"wp:attachment":[{"href":"https:\/\/www.rarom.ro\/index.php?rest_route=%2Fwp%2Fv2%2Fmedia&parent=5140"}],"curies":[{"name":"wp","href":"https:\/\/api.w.org\/{rel}","templated":true}]}}