{"id":5121,"date":"2017-10-12T14:35:01","date_gmt":"2017-10-12T11:35:01","guid":{"rendered":"https:\/\/www.rarom.ro\/?page_id=5121"},"modified":"2017-10-12T14:35:13","modified_gmt":"2017-10-12T11:35:13","slug":"ford-fiesta","status":"publish","type":"page","link":"https:\/\/www.rarom.ro\/?page_id=5121","title":{"rendered":"Ford Fiesta"},"content":{"rendered":"<p><strong>Test: Ford Fiesta<\/strong><\/p>\n<p><a href=\"https:\/\/www.rarom.ro\/wp-content\/uploads\/2017\/10\/TestFiesta_mare229.jpg\"><img loading=\"lazy\" decoding=\"async\" class=\"size-full wp-image-5122 aligncenter\" src=\"https:\/\/www.rarom.ro\/wp-content\/uploads\/2017\/10\/TestFiesta_mare229.jpg\" alt=\"\" width=\"730\" height=\"450\" srcset=\"https:\/\/www.rarom.ro\/wp-content\/uploads\/2017\/10\/TestFiesta_mare229.jpg 730w, https:\/\/www.rarom.ro\/wp-content\/uploads\/2017\/10\/TestFiesta_mare229-300x185.jpg 300w\" sizes=\"auto, (max-width: 730px) 100vw, 730px\" \/><\/a><\/p>\n<p><a href=\"https:\/\/www.rarom.ro\/wp-content\/uploads\/2017\/10\/TestFiesta_pagini229.jpg\"><img loading=\"lazy\" decoding=\"async\" class=\"size-full wp-image-5124 alignleft\" src=\"https:\/\/www.rarom.ro\/wp-content\/uploads\/2017\/10\/TestFiesta_pagini229.jpg\" alt=\"\" width=\"250\" height=\"165\" \/><\/a>\u00a0Dup\u0103 40 de ani de existen\u0163\u0103 Ford Fiesta este mai t\u00e2n\u0103r ca oric\u00e2nd. Cea de-a \u015faptea genera\u0163ie lansat\u0103 \u015fi pe p\u0103m\u00e2nt mioritic se anun\u0163\u0103 cea mai\u2026 &#8222;cameleonic\u0103&#8221;. [&#8230;]<\/p>\n","protected":false},"excerpt":{"rendered":"<p>Test: Ford Fiesta \u00a0Dup\u0103 40 de ani de existen\u0163\u0103 Ford Fiesta este mai t\u00e2n\u0103r ca oric\u00e2nd. Cea de-a \u015faptea genera\u0163ie lansat\u0103 \u015fi pe p\u0103m\u00e2nt mioritic se anun\u0163\u0103 cea mai\u2026 &#8222;cameleonic\u0103&#8221;. [&#8230;]<\/p>\n","protected":false},"author":3,"featured_media":0,"parent":5099,"menu_order":4,"comment_status":"closed","ping_status":"closed","template":"","meta":{"_acf_changed":false,"footnotes":""},"class_list":["post-5121","page","type-page","status-publish","hentry"],"acf":[],"_links":{"self":[{"href":"https:\/\/www.rarom.ro\/index.php?rest_route=\/wp\/v2\/pages\/5121","targetHints":{"allow":["GET"]}}],"collection":[{"href":"https:\/\/www.rarom.ro\/index.php?rest_route=\/wp\/v2\/pages"}],"about":[{"href":"https:\/\/www.rarom.ro\/index.php?rest_route=\/wp\/v2\/types\/page"}],"author":[{"embeddable":true,"href":"https:\/\/www.rarom.ro\/index.php?rest_route=\/wp\/v2\/users\/3"}],"replies":[{"embeddable":true,"href":"https:\/\/www.rarom.ro\/index.php?rest_route=%2Fwp%2Fv2%2Fcomments&post=5121"}],"version-history":[{"count":2,"href":"https:\/\/www.rarom.ro\/index.php?rest_route=\/wp\/v2\/pages\/5121\/revisions"}],"predecessor-version":[{"id":5127,"href":"https:\/\/www.rarom.ro\/index.php?rest_route=\/wp\/v2\/pages\/5121\/revisions\/5127"}],"up":[{"embeddable":true,"href":"https:\/\/www.rarom.ro\/index.php?rest_route=\/wp\/v2\/pages\/5099"}],"wp:attachment":[{"href":"https:\/\/www.rarom.ro\/index.php?rest_route=%2Fwp%2Fv2%2Fmedia&parent=5121"}],"curies":[{"name":"wp","href":"https:\/\/api.w.org\/{rel}","templated":true}]}}