{"id":5060,"date":"2017-09-25T15:02:28","date_gmt":"2017-09-25T12:02:28","guid":{"rendered":"https:\/\/www.rarom.ro\/?page_id=5060"},"modified":"2025-01-30T15:55:17","modified_gmt":"2025-01-30T13:55:17","slug":"autorizarea-atelierelor-pentru-modificari-constructive-inclusiv-aplicare-folie","status":"publish","type":"page","link":"https:\/\/www.rarom.ro\/?page_id=5060","title":{"rendered":"Autorizarea atelierelor pentru modific\u0103ri constructive inclusiv aplicare folie"},"content":{"rendered":"\n<p>Pentru demararea procesului, solicitantul descarc\u0103, analizeaz\u0103 \u015fi completeaz\u0103 cererea tip \u015fi chestionarul de autoevaluare. Cele dou\u0103 documente \u00een format electronic \u00eempreun\u0103 cu anexele cerute \u00een chestionarul de autoevaluare se expediaz\u0103 pe adresa de mail: ocs@rarom.ro.<\/p>\n\n\n\n<p>\u00cen urma transmiterii cererii, persoana \u00eemputernicit\u0103 va fi contactat\u0103 de coordonatorul de autorizare RAR pentru continuarea procedurii.<\/p>\n\n\n\n<p><a href=\"https:\/\/www.rarom.ro\/?page_id=742\"><strong>Documente necesare pentru autorizare<\/strong><\/a><\/p>\n\n\n\n<div style=\"height:100px\" aria-hidden=\"true\" class=\"wp-block-spacer\"><\/div>\n\n\n\n<hr>\n\n\n\n<p><strong>O.C.S. Certificare \/ \u00cenregistrare \u015fi Autorizare<\/strong><\/p>\n\n\n\n<hr>\n\n\n\n<div style=\"height:20px\" aria-hidden=\"true\" class=\"wp-block-spacer\"><\/div>\n\n\n\n<div class=\"wp-block-group\"><div class=\"wp-block-group__inner-container is-layout-constrained wp-block-group-is-layout-constrained\">\n<div class=\"wp-block-columns is-layout-flex wp-container-core-columns-is-layout-9d6595d7 wp-block-columns-is-layout-flex\">\n<div class=\"wp-block-column is-layout-flow wp-block-column-is-layout-flow\" style=\"flex-basis:33.33%\"><div class=\"wp-block-image is-style-rounded\">\n<figure class=\"aligncenter size-full\"><a href=\"https:\/\/www.rarom.ro\/wp-content\/uploads\/2023\/07\/OCS-MarianBurcea.png\"><img loading=\"lazy\" decoding=\"async\" width=\"150\" height=\"150\" src=\"https:\/\/www.rarom.ro\/wp-content\/uploads\/2023\/07\/OCS-MarianBurcea.png\" alt=\"\" class=\"wp-image-294111\" srcset=\"https:\/\/www.rarom.ro\/wp-content\/uploads\/2023\/07\/OCS-MarianBurcea.png 150w, https:\/\/www.rarom.ro\/wp-content\/uploads\/2023\/07\/OCS-MarianBurcea-85x85.png 85w, https:\/\/www.rarom.ro\/wp-content\/uploads\/2023\/07\/OCS-MarianBurcea-60x60.png 60w, https:\/\/www.rarom.ro\/wp-content\/uploads\/2023\/07\/OCS-MarianBurcea-16x16.png 16w\" sizes=\"auto, (max-width: 150px) 100vw, 150px\" \/><\/a><\/figure><\/div>\n\n\n<div style=\"height:20px\" aria-hidden=\"true\" class=\"wp-block-spacer\"><\/div>\n\n\n\n<p class=\"has-text-align-center\"><strong><strong>Ing. Marian BURCEA<\/strong><\/strong><br><em><em>Director RAR-OCS<\/em><\/em><\/p>\n<\/div>\n\n\n\n<div class=\"wp-block-column is-layout-flow wp-block-column-is-layout-flow\" style=\"flex-basis:66.66%\">\n<p><strong>Adresa:<\/strong> Bulevardul Expozi\u021biei nr. 1K, Bucure\u0219ti \u2013 012101, sector 1<\/p>\n\n\n\n<hr>\n\n\n\n<p>Tel.: 0314.25.78.14<br>E-mail: <a href=\"mailto:ocs@rarom.ro\">ocs@rarom.ro<\/a><\/p>\n\n\n\n<hr>\n\n\n\n<p><strong>Ing. Florin \u0218TEFAN<br><\/strong><em>\u0218ef Departament Modific\u0103ri Constructive<\/em><\/p>\n<\/div>\n<\/div>\n<\/div><\/div>\n\n\n\n<p><\/p>\n","protected":false},"excerpt":{"rendered":"<p>Pentru demararea procesului, solicitantul descarc\u0103, analizeaz\u0103 \u015fi completeaz\u0103 cererea tip \u015fi chestionarul de autoevaluare. Cele dou\u0103 documente \u00een format electronic \u00eempreun\u0103 cu anexele cerute \u00een chestionarul de autoevaluare se expediaz\u0103 pe adresa de mail: ocs@rarom.ro. \u00cen urma transmiterii cererii, persoana \u00eemputernicit\u0103 va fi contactat\u0103 de coordonatorul de autorizare RAR pentru continuarea procedurii. Documente necesare pentru [&hellip;]<\/p>\n","protected":false},"author":3,"featured_media":0,"parent":872,"menu_order":30,"comment_status":"closed","ping_status":"closed","template":"","meta":{"_acf_changed":false,"footnotes":""},"class_list":["post-5060","page","type-page","status-publish","hentry"],"acf":[],"_links":{"self":[{"href":"https:\/\/www.rarom.ro\/index.php?rest_route=\/wp\/v2\/pages\/5060","targetHints":{"allow":["GET"]}}],"collection":[{"href":"https:\/\/www.rarom.ro\/index.php?rest_route=\/wp\/v2\/pages"}],"about":[{"href":"https:\/\/www.rarom.ro\/index.php?rest_route=\/wp\/v2\/types\/page"}],"author":[{"embeddable":true,"href":"https:\/\/www.rarom.ro\/index.php?rest_route=\/wp\/v2\/users\/3"}],"replies":[{"embeddable":true,"href":"https:\/\/www.rarom.ro\/index.php?rest_route=%2Fwp%2Fv2%2Fcomments&post=5060"}],"version-history":[{"count":10,"href":"https:\/\/www.rarom.ro\/index.php?rest_route=\/wp\/v2\/pages\/5060\/revisions"}],"predecessor-version":[{"id":298852,"href":"https:\/\/www.rarom.ro\/index.php?rest_route=\/wp\/v2\/pages\/5060\/revisions\/298852"}],"up":[{"embeddable":true,"href":"https:\/\/www.rarom.ro\/index.php?rest_route=\/wp\/v2\/pages\/872"}],"wp:attachment":[{"href":"https:\/\/www.rarom.ro\/index.php?rest_route=%2Fwp%2Fv2%2Fmedia&parent=5060"}],"curies":[{"name":"wp","href":"https:\/\/api.w.org\/{rel}","templated":true}]}}