{"id":4951,"date":"2017-09-01T09:42:18","date_gmt":"2017-09-01T06:42:18","guid":{"rendered":"https:\/\/www.rarom.ro\/?page_id=4951"},"modified":"2017-09-04T15:38:07","modified_gmt":"2017-09-04T12:38:07","slug":"citroen-c-elisee","status":"publish","type":"page","link":"https:\/\/www.rarom.ro\/?page_id=4951","title":{"rendered":"Citroen C-Elis\u00e9e"},"content":{"rendered":"<p><strong>Test: Citroen C-Elys\u00e9e<\/strong><\/p>\n<p><a href=\"https:\/\/www.rarom.ro\/wp-content\/uploads\/2017\/09\/TestCitroen_mare228.jpg\"><img loading=\"lazy\" decoding=\"async\" class=\"aligncenter size-full wp-image-4952\" src=\"https:\/\/www.rarom.ro\/wp-content\/uploads\/2017\/09\/TestCitroen_mare228.jpg\" alt=\"\" width=\"730\" height=\"450\" srcset=\"https:\/\/www.rarom.ro\/wp-content\/uploads\/2017\/09\/TestCitroen_mare228.jpg 730w, https:\/\/www.rarom.ro\/wp-content\/uploads\/2017\/09\/TestCitroen_mare228-300x185.jpg 300w\" sizes=\"auto, (max-width: 730px) 100vw, 730px\" \/><\/a><\/p>\n<p><a href=\"https:\/\/www.rarom.ro\/wp-content\/uploads\/2017\/09\/TestCitroen_pagini228.jpg\"><img loading=\"lazy\" decoding=\"async\" class=\"size-full wp-image-4954 alignleft\" src=\"https:\/\/www.rarom.ro\/wp-content\/uploads\/2017\/09\/TestCitroen_pagini228.jpg\" alt=\"\" width=\"250\" height=\"165\" \/><\/a>Dup\u0103 patru ani de la apari\u0163ia sa, Citroen C-Elys\u00e9e arat\u0103 c\u0103 o atitudine fre\u015f poate deveni cheia succesului, evident, dac\u0103 este \u00eentre\u0163inut\u0103 \u015fi actualizat\u0103, dup\u0103 cum spune constructorul. [&#8230;]<\/p>\n<p>&nbsp; &nbsp; &nbsp; &nbsp; &nbsp; &nbsp; &nbsp;<\/p>\n","protected":false},"excerpt":{"rendered":"<p>Test: Citroen C-Elys\u00e9e Dup\u0103 patru ani de la apari\u0163ia sa, Citroen C-Elys\u00e9e arat\u0103 c\u0103 o atitudine fre\u015f poate deveni cheia succesului, evident, dac\u0103 este \u00eentre\u0163inut\u0103 \u015fi actualizat\u0103, dup\u0103 cum spune constructorul. [&#8230;] &nbsp; &nbsp; &nbsp; &nbsp; &nbsp; &nbsp; &nbsp;<\/p>\n","protected":false},"author":3,"featured_media":0,"parent":4941,"menu_order":2,"comment_status":"closed","ping_status":"closed","template":"","meta":{"_acf_changed":false,"footnotes":""},"class_list":["post-4951","page","type-page","status-publish","hentry"],"acf":[],"_links":{"self":[{"href":"https:\/\/www.rarom.ro\/index.php?rest_route=\/wp\/v2\/pages\/4951","targetHints":{"allow":["GET"]}}],"collection":[{"href":"https:\/\/www.rarom.ro\/index.php?rest_route=\/wp\/v2\/pages"}],"about":[{"href":"https:\/\/www.rarom.ro\/index.php?rest_route=\/wp\/v2\/types\/page"}],"author":[{"embeddable":true,"href":"https:\/\/www.rarom.ro\/index.php?rest_route=\/wp\/v2\/users\/3"}],"replies":[{"embeddable":true,"href":"https:\/\/www.rarom.ro\/index.php?rest_route=%2Fwp%2Fv2%2Fcomments&post=4951"}],"version-history":[{"count":9,"href":"https:\/\/www.rarom.ro\/index.php?rest_route=\/wp\/v2\/pages\/4951\/revisions"}],"predecessor-version":[{"id":5034,"href":"https:\/\/www.rarom.ro\/index.php?rest_route=\/wp\/v2\/pages\/4951\/revisions\/5034"}],"up":[{"embeddable":true,"href":"https:\/\/www.rarom.ro\/index.php?rest_route=\/wp\/v2\/pages\/4941"}],"wp:attachment":[{"href":"https:\/\/www.rarom.ro\/index.php?rest_route=%2Fwp%2Fv2%2Fmedia&parent=4951"}],"curies":[{"name":"wp","href":"https:\/\/api.w.org\/{rel}","templated":true}]}}