{"id":4807,"date":"2017-07-04T09:59:55","date_gmt":"2017-07-04T06:59:55","guid":{"rendered":"https:\/\/www.rarom.ro\/?page_id=4807"},"modified":"2017-07-04T09:59:55","modified_gmt":"2017-07-04T06:59:55","slug":"prezentare","status":"publish","type":"page","link":"https:\/\/www.rarom.ro\/?page_id=4807","title":{"rendered":"Prezentare"},"content":{"rendered":"<p><strong>Skoda Karoq<\/strong><\/p>\n<p><a href=\"https:\/\/www.rarom.ro\/wp-content\/uploads\/2017\/07\/Prezentare_mare227.jpeg\"><img loading=\"lazy\" decoding=\"async\" class=\"aligncenter size-full wp-image-4808\" src=\"https:\/\/www.rarom.ro\/wp-content\/uploads\/2017\/07\/Prezentare_mare227.jpeg\" alt=\"Prezentare_mare227\" width=\"730\" height=\"450\" srcset=\"https:\/\/www.rarom.ro\/wp-content\/uploads\/2017\/07\/Prezentare_mare227.jpeg 730w, https:\/\/www.rarom.ro\/wp-content\/uploads\/2017\/07\/Prezentare_mare227-300x185.jpeg 300w\" sizes=\"auto, (max-width: 730px) 100vw, 730px\" \/><\/a><\/p>\n<p style=\"text-align: justify;\"><img loading=\"lazy\" decoding=\"async\" class=\"size-full wp-image-4810 alignleft\" src=\"https:\/\/www.rarom.ro\/wp-content\/uploads\/2017\/07\/Prezentare_pagini227.jpg\" alt=\"Prezentare_pagini227\" width=\"250\" height=\"165\" \/>\u00a0Skoda a prezentat oficial noul s\u0103u model SUV de clas\u0103 compact\u0103, care se va situa sub Kodiaq \u00een gama constructorului auto ceh. \u00cenlocuitor al modelului Yeti, noul Skoda Karoq se anun\u0163\u0103 un concurent serios \u00een cel mai competitiv segment al pie\u0163ei SUV-urilor. [&#8230;]<\/p>\n","protected":false},"excerpt":{"rendered":"<p>Skoda Karoq \u00a0Skoda a prezentat oficial noul s\u0103u model SUV de clas\u0103 compact\u0103, care se va situa sub Kodiaq \u00een gama constructorului auto ceh. \u00cenlocuitor al modelului Yeti, noul Skoda Karoq se anun\u0163\u0103 un concurent serios \u00een cel mai competitiv segment al pie\u0163ei SUV-urilor. [&#8230;]<\/p>\n","protected":false},"author":3,"featured_media":0,"parent":4756,"menu_order":3,"comment_status":"closed","ping_status":"closed","template":"","meta":{"_acf_changed":false,"footnotes":""},"class_list":["post-4807","page","type-page","status-publish","hentry"],"acf":[],"_links":{"self":[{"href":"https:\/\/www.rarom.ro\/index.php?rest_route=\/wp\/v2\/pages\/4807","targetHints":{"allow":["GET"]}}],"collection":[{"href":"https:\/\/www.rarom.ro\/index.php?rest_route=\/wp\/v2\/pages"}],"about":[{"href":"https:\/\/www.rarom.ro\/index.php?rest_route=\/wp\/v2\/types\/page"}],"author":[{"embeddable":true,"href":"https:\/\/www.rarom.ro\/index.php?rest_route=\/wp\/v2\/users\/3"}],"replies":[{"embeddable":true,"href":"https:\/\/www.rarom.ro\/index.php?rest_route=%2Fwp%2Fv2%2Fcomments&post=4807"}],"version-history":[{"count":1,"href":"https:\/\/www.rarom.ro\/index.php?rest_route=\/wp\/v2\/pages\/4807\/revisions"}],"predecessor-version":[{"id":4812,"href":"https:\/\/www.rarom.ro\/index.php?rest_route=\/wp\/v2\/pages\/4807\/revisions\/4812"}],"up":[{"embeddable":true,"href":"https:\/\/www.rarom.ro\/index.php?rest_route=\/wp\/v2\/pages\/4756"}],"wp:attachment":[{"href":"https:\/\/www.rarom.ro\/index.php?rest_route=%2Fwp%2Fv2%2Fmedia&parent=4807"}],"curies":[{"name":"wp","href":"https:\/\/api.w.org\/{rel}","templated":true}]}}