{"id":4801,"date":"2017-07-04T09:57:57","date_gmt":"2017-07-04T06:57:57","guid":{"rendered":"https:\/\/www.rarom.ro\/?page_id=4801"},"modified":"2017-07-04T09:57:57","modified_gmt":"2017-07-04T06:57:57","slug":"interviu","status":"publish","type":"page","link":"https:\/\/www.rarom.ro\/?page_id=4801","title":{"rendered":"Interviu"},"content":{"rendered":"<p><strong>Flick&amp;Popescu<\/strong><\/p>\n<p><a href=\"https:\/\/www.rarom.ro\/wp-content\/uploads\/2017\/07\/Interviu_mare227.jpg\"><img loading=\"lazy\" decoding=\"async\" class=\"aligncenter size-full wp-image-4802\" src=\"https:\/\/www.rarom.ro\/wp-content\/uploads\/2017\/07\/Interviu_mare227.jpg\" alt=\"Interviu_mare227\" width=\"730\" height=\"450\" srcset=\"https:\/\/www.rarom.ro\/wp-content\/uploads\/2017\/07\/Interviu_mare227.jpg 730w, https:\/\/www.rarom.ro\/wp-content\/uploads\/2017\/07\/Interviu_mare227-300x185.jpg 300w\" sizes=\"auto, (max-width: 730px) 100vw, 730px\" \/><\/a><\/p>\n<p style=\"text-align: justify;\"><img loading=\"lazy\" decoding=\"async\" class=\"size-full wp-image-4804 alignleft\" src=\"https:\/\/www.rarom.ro\/wp-content\/uploads\/2017\/07\/Interviu_pagini227.jpg\" alt=\"Interviu_pagini227\" width=\"250\" height=\"165\" \/>R\u0103zvan Popescu a crescut \u00een Bucure\u015fti \u015fi \u015fi-a descoperit pasiunea pentru radio \u00eenc\u0103 din adolescen\u0163\u0103. Pentru Andrei Sebastian Filcea, alias Flick &#8222;Domnul Rim\u0103&#8221;, drumul a fost un pic altfel. A venit \u00een Bucure\u015fti pentru a urma ASE-ul \u015fi a lucrat \u00een contabilitate timp de cinci ani. Lucrurile s-au schimbat pentru el \u00een momentul \u00een care a fost descoperit de actualii colegi de la Radio ZU. V\u0103 invit\u0103m s\u0103 \u00eei cunoa\u015fte\u0163i pe doi dintre cei mai aprecia\u0163i oameni de radio din Rom\u00e2nia. [&#8230;]<\/p>\n","protected":false},"excerpt":{"rendered":"<p>Flick&amp;Popescu R\u0103zvan Popescu a crescut \u00een Bucure\u015fti \u015fi \u015fi-a descoperit pasiunea pentru radio \u00eenc\u0103 din adolescen\u0163\u0103. Pentru Andrei Sebastian Filcea, alias Flick &#8222;Domnul Rim\u0103&#8221;, drumul a fost un pic altfel. A venit \u00een Bucure\u015fti pentru a urma ASE-ul \u015fi a lucrat \u00een contabilitate timp de cinci ani. Lucrurile s-au schimbat pentru el \u00een momentul \u00een [&hellip;]<\/p>\n","protected":false},"author":3,"featured_media":0,"parent":4756,"menu_order":2,"comment_status":"closed","ping_status":"closed","template":"","meta":{"_acf_changed":false,"footnotes":""},"class_list":["post-4801","page","type-page","status-publish","hentry"],"acf":[],"_links":{"self":[{"href":"https:\/\/www.rarom.ro\/index.php?rest_route=\/wp\/v2\/pages\/4801","targetHints":{"allow":["GET"]}}],"collection":[{"href":"https:\/\/www.rarom.ro\/index.php?rest_route=\/wp\/v2\/pages"}],"about":[{"href":"https:\/\/www.rarom.ro\/index.php?rest_route=\/wp\/v2\/types\/page"}],"author":[{"embeddable":true,"href":"https:\/\/www.rarom.ro\/index.php?rest_route=\/wp\/v2\/users\/3"}],"replies":[{"embeddable":true,"href":"https:\/\/www.rarom.ro\/index.php?rest_route=%2Fwp%2Fv2%2Fcomments&post=4801"}],"version-history":[{"count":1,"href":"https:\/\/www.rarom.ro\/index.php?rest_route=\/wp\/v2\/pages\/4801\/revisions"}],"predecessor-version":[{"id":4806,"href":"https:\/\/www.rarom.ro\/index.php?rest_route=\/wp\/v2\/pages\/4801\/revisions\/4806"}],"up":[{"embeddable":true,"href":"https:\/\/www.rarom.ro\/index.php?rest_route=\/wp\/v2\/pages\/4756"}],"wp:attachment":[{"href":"https:\/\/www.rarom.ro\/index.php?rest_route=%2Fwp%2Fv2%2Fmedia&parent=4801"}],"curies":[{"name":"wp","href":"https:\/\/api.w.org\/{rel}","templated":true}]}}