{"id":4760,"date":"2017-07-04T09:41:39","date_gmt":"2017-07-04T06:41:39","guid":{"rendered":"https:\/\/www.rarom.ro\/?page_id=4760"},"modified":"2017-07-04T10:08:18","modified_gmt":"2017-07-04T07:08:18","slug":"teste","status":"publish","type":"page","link":"https:\/\/www.rarom.ro\/?page_id=4760","title":{"rendered":"Teste"},"content":{"rendered":"<p><a href=\"https:\/\/www.rarom.ro\/wp-content\/uploads\/2017\/07\/Teste_Iulie-August_2017.jpg\"><img loading=\"lazy\" decoding=\"async\" class=\"aligncenter size-full wp-image-4761\" src=\"https:\/\/www.rarom.ro\/wp-content\/uploads\/2017\/07\/Teste_Iulie-August_2017.jpg\" alt=\"Teste_Iulie-August_2017\" width=\"730\" height=\"450\" srcset=\"https:\/\/www.rarom.ro\/wp-content\/uploads\/2017\/07\/Teste_Iulie-August_2017.jpg 730w, https:\/\/www.rarom.ro\/wp-content\/uploads\/2017\/07\/Teste_Iulie-August_2017-300x185.jpg 300w\" sizes=\"auto, (max-width: 730px) 100vw, 730px\" \/><\/a><\/p>\n<p><strong>TESTE:<\/strong><\/p>\n<p><strong>BURGHEZ DES\u0102V\u00c2R\u015eIT<\/strong><br \/>\n<strong>Test:<\/strong> <a href=\"https:\/\/www.rarom.ro\/?page_id=4764\">Ford Mondeo<\/a><\/p>\n<p><strong>SPIRITUL GRAND COUPE<\/strong><br \/>\n<strong>Test:<\/strong> <a href=\"https:\/\/www.rarom.ro\/?page_id=4770\">Opel Insignia<\/a><\/p>\n<p><strong>ATUUL SPA\u0162IULUI<\/strong><br \/>\n<strong>Test:<\/strong> <a href=\"https:\/\/www.rarom.ro\/?page_id=4777\">Renault Megane Estate<\/a><\/p>\n<p><strong>UN MIX CU STIL<\/strong><br \/>\n<strong>Test:<\/strong> <a href=\"https:\/\/www.rarom.ro\/?page_id=4783\">Honda HR-V<\/a><\/p>\n<p><strong>TRADI\u0162IONAL \u015eI MODERN<\/strong><br \/>\n<strong>Test:<\/strong> <a href=\"https:\/\/www.rarom.ro\/?page_id=4789\">Ford Kuga<\/a><\/p>\n<p><strong>MAIESTUOS&#8230; IMPUN\u0102TOR&#8230;<\/strong><br \/>\n<strong>Test:<\/strong> <a href=\"https:\/\/www.rarom.ro\/?page_id=4795\">BMW K1600 GT<\/a><\/p>\n<p>&nbsp;<\/p>\n","protected":false},"excerpt":{"rendered":"<p>TESTE: BURGHEZ DES\u0102V\u00c2R\u015eIT Test: Ford Mondeo SPIRITUL GRAND COUPE Test: Opel Insignia ATUUL SPA\u0162IULUI Test: Renault Megane Estate UN MIX CU STIL Test: Honda HR-V TRADI\u0162IONAL \u015eI MODERN Test: Ford Kuga MAIESTUOS&#8230; IMPUN\u0102TOR&#8230; Test: BMW K1600 GT &nbsp;<\/p>\n","protected":false},"author":3,"featured_media":0,"parent":4756,"menu_order":1,"comment_status":"closed","ping_status":"closed","template":"","meta":{"_acf_changed":false,"footnotes":""},"class_list":["post-4760","page","type-page","status-publish","hentry"],"acf":[],"_links":{"self":[{"href":"https:\/\/www.rarom.ro\/index.php?rest_route=\/wp\/v2\/pages\/4760","targetHints":{"allow":["GET"]}}],"collection":[{"href":"https:\/\/www.rarom.ro\/index.php?rest_route=\/wp\/v2\/pages"}],"about":[{"href":"https:\/\/www.rarom.ro\/index.php?rest_route=\/wp\/v2\/types\/page"}],"author":[{"embeddable":true,"href":"https:\/\/www.rarom.ro\/index.php?rest_route=\/wp\/v2\/users\/3"}],"replies":[{"embeddable":true,"href":"https:\/\/www.rarom.ro\/index.php?rest_route=%2Fwp%2Fv2%2Fcomments&post=4760"}],"version-history":[{"count":4,"href":"https:\/\/www.rarom.ro\/index.php?rest_route=\/wp\/v2\/pages\/4760\/revisions"}],"predecessor-version":[{"id":4830,"href":"https:\/\/www.rarom.ro\/index.php?rest_route=\/wp\/v2\/pages\/4760\/revisions\/4830"}],"up":[{"embeddable":true,"href":"https:\/\/www.rarom.ro\/index.php?rest_route=\/wp\/v2\/pages\/4756"}],"wp:attachment":[{"href":"https:\/\/www.rarom.ro\/index.php?rest_route=%2Fwp%2Fv2%2Fmedia&parent=4760"}],"curies":[{"name":"wp","href":"https:\/\/api.w.org\/{rel}","templated":true}]}}