{"id":4705,"date":"2017-06-16T12:38:59","date_gmt":"2017-06-16T09:38:59","guid":{"rendered":"https:\/\/www.rarom.ro\/?page_id=4705"},"modified":"2026-01-15T11:07:54","modified_gmt":"2026-01-15T09:07:54","slug":"declaratii-de-avere-si-interese-2016","status":"publish","type":"page","link":"https:\/\/www.rarom.ro\/?page_id=4705","title":{"rendered":"Declara\u0163ii de avere \u015fi interese 2016"},"content":{"rendered":"<p>&nbsp;<\/p>\n<p class=\"p1\">1. Dima Marin \u2013 pre\u015fedinte CA p\u00e2n\u0103 la data de 01.05.2017<\/p>\n<p class=\"p3\"><span class=\"s2\">\u2013 <span class=\"s3\"><a href=\"https:\/\/www.rarom.ro\/wp-content\/uploads\/2017\/06\/DimaMarin1-2016.pdf\" target=\"_blank\" rel=\"noopener noreferrer\">Declara\u0163ie de avere<\/a><\/span>&nbsp;(format pdf)<\/span><\/p>\n<p class=\"p3\"><span class=\"s2\">\u2013 <a href=\"https:\/\/www.rarom.ro\/wp-content\/uploads\/2017\/06\/DimaMarin2-2016.pdf\">Declara\u0163ie de interese<\/a>&nbsp;(format pdf)<\/span><\/p>\n<p class=\"p3\">2.&nbsp;Supuran Sorin &#8211;&nbsp;membru &#8211; reprezentant MT<\/p>\n<p class=\"p3\">&#8211; <a href=\"https:\/\/www.rarom.ro\/wp-content\/uploads\/2015\/10\/SupuranSorin1-2016.pdf\">Declaratie de avere<\/a>&nbsp;(format pdf)<br \/>\n&#8211;&nbsp;<a href=\"https:\/\/www.rarom.ro\/wp-content\/uploads\/2015\/10\/SupuranSorin2-2016.pdf\">Declaratie de interese<\/a>&nbsp;(format pdf)<\/p>\n<p class=\"p3\">3.&nbsp;Radu Virgil &#8211;&nbsp;membru provizoriu<\/p>\n<p class=\"p3\">&#8211;&nbsp;<a href=\"https:\/\/www.rarom.ro\/wp-content\/uploads\/2015\/10\/RaduVirgil1-2016.pdf\">Declaratie de avere<\/a>&nbsp;(format pdf)<br \/>\n&#8211;&nbsp;<a href=\"https:\/\/www.rarom.ro\/wp-content\/uploads\/2015\/10\/RaduVirgil2-2016.pdf\">Declaratie de interese<\/a>&nbsp;(format pdf)<\/p>\n<p class=\"p3\">4.&nbsp;Mavrodin Tiberiu Valentin &#8211;&nbsp;membru &#8211; reprezentant MFP<\/p>\n<p class=\"p3\">&#8211; <a href=\"https:\/\/www.rarom.ro\/wp-content\/uploads\/2015\/10\/MavrodinTiberiu1-2016.pdf\">Declara\u0163ie de avere<\/a><br \/>\n&#8211;&nbsp;<a href=\"https:\/\/www.rarom.ro\/wp-content\/uploads\/2015\/10\/MavrodinTiberiu2-2016.pdf\">Declara\u0163ie de interese<\/a><\/p>\n<p class=\"p3\">5.&nbsp;Ivan Marius Lauren\u0163iu &#8211;&nbsp;membru provizoriu<\/p>\n<p class=\"p3\">&#8211; <a href=\"https:\/\/www.rarom.ro\/wp-content\/uploads\/2015\/10\/IvanMarius1-2016.pdf\">declara\u0163ie de avere<\/a><br \/>\n&#8211; <a href=\"https:\/\/www.rarom.ro\/wp-content\/uploads\/2015\/10\/IvanMarius2-2016.pdf\">declara\u0163ie de interese<\/a><\/p>\n<p class=\"p3\">6.&nbsp;Coiciu Dumitru &#8211;&nbsp;pre\u015fedinte CA<\/p>\n<p class=\"p3\">&#8211; <a href=\"https:\/\/www.rarom.ro\/wp-content\/uploads\/2015\/10\/CoiciuDumitru1-2016.pdf\">declara\u0163ie de avere<\/a><br \/>\n&#8211; <a href=\"https:\/\/www.rarom.ro\/wp-content\/uploads\/2015\/10\/CoiciuDumitru2-2016.pdf\">declara\u0163ie de interese<\/a><\/p>\n<p class=\"p3\">7.&nbsp;Mavrodin Tiberiu Valentin &#8211;&nbsp;membru &#8211; reprezentant MFP<\/p>\n<p class=\"p3\">&#8211; <a href=\"https:\/\/www.rarom.ro\/wp-content\/uploads\/2015\/10\/MavrodinTiberiu1-2017.pdf\">declara\u0163ie de avere<\/a><br \/>\n&#8211; <a href=\"https:\/\/www.rarom.ro\/wp-content\/uploads\/2015\/10\/MavrodinTiberiu2-2017.pdf\">declara\u0163ie de interese<\/a><\/p>\n<p class=\"p3\">8.&nbsp;Dinc\u0103 George-Adrian &#8211;&nbsp;membru \u015fi Director General<\/p>\n<p class=\"p3\">&#8211;&nbsp;<a href=\"https:\/\/www.rarom.ro\/wp-content\/uploads\/2015\/10\/GeorgeDinca1-2016.pdf\">declara\u0163ie de avere<\/a><br \/>\n&#8211;&nbsp;<a href=\"https:\/\/www.rarom.ro\/wp-content\/uploads\/2015\/10\/GeorgeDinca2-2016.pdf\">declara\u0163ie de interese<\/a><\/p>\n","protected":false},"excerpt":{"rendered":"<p>&nbsp; 1. Dima Marin \u2013 pre\u015fedinte CA p\u00e2n\u0103 la data de 01.05.2017 \u2013 Declara\u0163ie de avere&nbsp;(format pdf) \u2013 Declara\u0163ie de interese&nbsp;(format pdf) 2.&nbsp;Supuran Sorin &#8211;&nbsp;membru &#8211; reprezentant MT &#8211; Declaratie de avere&nbsp;(format pdf) &#8211;&nbsp;Declaratie de interese&nbsp;(format pdf) 3.&nbsp;Radu Virgil &#8211;&nbsp;membru provizoriu &#8211;&nbsp;Declaratie de avere&nbsp;(format pdf) &#8211;&nbsp;Declaratie de interese&nbsp;(format pdf) 4.&nbsp;Mavrodin Tiberiu Valentin &#8211;&nbsp;membru &#8211; reprezentant [&hellip;]<\/p>\n","protected":false},"author":3,"featured_media":0,"parent":1297,"menu_order":9985,"comment_status":"closed","ping_status":"closed","template":"","meta":{"_acf_changed":false,"footnotes":""},"class_list":["post-4705","page","type-page","status-publish","hentry"],"acf":[],"_links":{"self":[{"href":"https:\/\/www.rarom.ro\/index.php?rest_route=\/wp\/v2\/pages\/4705","targetHints":{"allow":["GET"]}}],"collection":[{"href":"https:\/\/www.rarom.ro\/index.php?rest_route=\/wp\/v2\/pages"}],"about":[{"href":"https:\/\/www.rarom.ro\/index.php?rest_route=\/wp\/v2\/types\/page"}],"author":[{"embeddable":true,"href":"https:\/\/www.rarom.ro\/index.php?rest_route=\/wp\/v2\/users\/3"}],"replies":[{"embeddable":true,"href":"https:\/\/www.rarom.ro\/index.php?rest_route=%2Fwp%2Fv2%2Fcomments&post=4705"}],"version-history":[{"count":14,"href":"https:\/\/www.rarom.ro\/index.php?rest_route=\/wp\/v2\/pages\/4705\/revisions"}],"predecessor-version":[{"id":296424,"href":"https:\/\/www.rarom.ro\/index.php?rest_route=\/wp\/v2\/pages\/4705\/revisions\/296424"}],"up":[{"embeddable":true,"href":"https:\/\/www.rarom.ro\/index.php?rest_route=\/wp\/v2\/pages\/1297"}],"wp:attachment":[{"href":"https:\/\/www.rarom.ro\/index.php?rest_route=%2Fwp%2Fv2%2Fmedia&parent=4705"}],"curies":[{"name":"wp","href":"https:\/\/api.w.org\/{rel}","templated":true}]}}