{"id":4606,"date":"2017-06-09T09:19:22","date_gmt":"2017-06-09T06:19:22","guid":{"rendered":"https:\/\/www.rarom.ro\/?page_id=4606"},"modified":"2017-06-09T09:19:22","modified_gmt":"2017-06-09T06:19:22","slug":"renault-clio","status":"publish","type":"page","link":"https:\/\/www.rarom.ro\/?page_id=4606","title":{"rendered":"Renault Clio"},"content":{"rendered":"<p><strong>Test: Renault Clio<\/strong><\/p>\n<p style=\"text-align: justify;\"><a href=\"https:\/\/www.rarom.ro\/wp-content\/uploads\/2017\/06\/TestRenault_mare226.jpg\"><img loading=\"lazy\" decoding=\"async\" class=\"aligncenter size-full wp-image-4607\" src=\"https:\/\/www.rarom.ro\/wp-content\/uploads\/2017\/06\/TestRenault_mare226.jpg\" alt=\"TestRenault_mare226\" width=\"730\" height=\"450\" srcset=\"https:\/\/www.rarom.ro\/wp-content\/uploads\/2017\/06\/TestRenault_mare226.jpg 730w, https:\/\/www.rarom.ro\/wp-content\/uploads\/2017\/06\/TestRenault_mare226-300x185.jpg 300w\" sizes=\"auto, (max-width: 730px) 100vw, 730px\" \/><\/a><\/p>\n<p style=\"text-align: justify;\"><a href=\"https:\/\/www.rarom.ro\/wp-content\/uploads\/2017\/06\/TestRenault_pagini226.jpg\"><img loading=\"lazy\" decoding=\"async\" class=\"size-full wp-image-4609 alignleft\" src=\"https:\/\/www.rarom.ro\/wp-content\/uploads\/2017\/06\/TestRenault_pagini226.jpg\" alt=\"TestRenault_pagini226\" width=\"250\" height=\"165\" \/><\/a><\/p>\n<p style=\"text-align: justify;\">Oric\u00e2t de mult s-a scris despre Clio hatch, cei de la Renault fac ce fac \u015fi mai adaug\u0103 la panoplia modelului \u00eenc\u0103 o \u201earm\u0103\u201d tehnic\u0103 pentru extinderea gamei. \u00cen cazul de fa\u0163\u0103 este dCi-ul de 1,5 litri \u015fi 110 CP. [\u2026]<\/p>\n<p>&nbsp;<br \/>\n&nbsp;<br \/>\n&nbsp;<br \/>\n&nbsp;<br \/>\n&nbsp;<\/p>\n","protected":false},"excerpt":{"rendered":"<p>Test: Renault Clio Oric\u00e2t de mult s-a scris despre Clio hatch, cei de la Renault fac ce fac \u015fi mai adaug\u0103 la panoplia modelului \u00eenc\u0103 o \u201earm\u0103\u201d tehnic\u0103 pentru extinderea gamei. \u00cen cazul de fa\u0163\u0103 este dCi-ul de 1,5 litri \u015fi 110 CP. [\u2026] &nbsp; &nbsp; &nbsp; &nbsp; &nbsp;<\/p>\n","protected":false},"author":3,"featured_media":0,"parent":4595,"menu_order":2,"comment_status":"closed","ping_status":"closed","template":"","meta":{"_acf_changed":false,"footnotes":""},"class_list":["post-4606","page","type-page","status-publish","hentry"],"acf":[],"_links":{"self":[{"href":"https:\/\/www.rarom.ro\/index.php?rest_route=\/wp\/v2\/pages\/4606","targetHints":{"allow":["GET"]}}],"collection":[{"href":"https:\/\/www.rarom.ro\/index.php?rest_route=\/wp\/v2\/pages"}],"about":[{"href":"https:\/\/www.rarom.ro\/index.php?rest_route=\/wp\/v2\/types\/page"}],"author":[{"embeddable":true,"href":"https:\/\/www.rarom.ro\/index.php?rest_route=\/wp\/v2\/users\/3"}],"replies":[{"embeddable":true,"href":"https:\/\/www.rarom.ro\/index.php?rest_route=%2Fwp%2Fv2%2Fcomments&post=4606"}],"version-history":[{"count":1,"href":"https:\/\/www.rarom.ro\/index.php?rest_route=\/wp\/v2\/pages\/4606\/revisions"}],"predecessor-version":[{"id":4611,"href":"https:\/\/www.rarom.ro\/index.php?rest_route=\/wp\/v2\/pages\/4606\/revisions\/4611"}],"up":[{"embeddable":true,"href":"https:\/\/www.rarom.ro\/index.php?rest_route=\/wp\/v2\/pages\/4595"}],"wp:attachment":[{"href":"https:\/\/www.rarom.ro\/index.php?rest_route=%2Fwp%2Fv2%2Fmedia&parent=4606"}],"curies":[{"name":"wp","href":"https:\/\/api.w.org\/{rel}","templated":true}]}}