{"id":4599,"date":"2017-06-09T09:17:11","date_gmt":"2017-06-09T06:17:11","guid":{"rendered":"https:\/\/www.rarom.ro\/?page_id=4599"},"modified":"2017-06-09T09:17:32","modified_gmt":"2017-06-09T06:17:32","slug":"peugeot-2008","status":"publish","type":"page","link":"https:\/\/www.rarom.ro\/?page_id=4599","title":{"rendered":"Peugeot 2008"},"content":{"rendered":"<p><strong>Test: Peugeot 2008<\/strong><\/p>\n<p><a href=\"https:\/\/www.rarom.ro\/wp-content\/uploads\/2017\/06\/TestPeugeot_mare226.jpg\"><img loading=\"lazy\" decoding=\"async\" class=\"size-full wp-image-4600 aligncenter\" src=\"https:\/\/www.rarom.ro\/wp-content\/uploads\/2017\/06\/TestPeugeot_mare226.jpg\" alt=\"TestPeugeot_mare226\" width=\"730\" height=\"450\" srcset=\"https:\/\/www.rarom.ro\/wp-content\/uploads\/2017\/06\/TestPeugeot_mare226.jpg 730w, https:\/\/www.rarom.ro\/wp-content\/uploads\/2017\/06\/TestPeugeot_mare226-300x185.jpg 300w\" sizes=\"auto, (max-width: 730px) 100vw, 730px\" \/><\/a><\/p>\n<p><a href=\"https:\/\/www.rarom.ro\/wp-content\/uploads\/2017\/06\/TestPeugeot_pagini226.jpg\"><img loading=\"lazy\" decoding=\"async\" class=\"size-full wp-image-4602 alignleft\" src=\"https:\/\/www.rarom.ro\/wp-content\/uploads\/2017\/06\/TestPeugeot_pagini226.jpg\" alt=\"TestPeugeot_pagini226\" width=\"250\" height=\"165\" \/><\/a><\/p>\n<p style=\"text-align: justify;\">\u00cen mod cert noul Peugeot 2008 se inspir\u0103 copios din linia stilistic\u0103 ce a f\u0103cut deja celebre modelele 3008 \u015fi 5008. Mix interesant de stil, tehnologie \u015fi confort, cel mai mic SUV din gama constructorului francez ne-a f\u0103cut curio\u015fi s\u0103-l cunoa\u015ftem \u00eendeaproape. [\u2026]<\/p>\n<p>&nbsp;<\/p>\n","protected":false},"excerpt":{"rendered":"<p>Test: Peugeot 2008 \u00cen mod cert noul Peugeot 2008 se inspir\u0103 copios din linia stilistic\u0103 ce a f\u0103cut deja celebre modelele 3008 \u015fi 5008. Mix interesant de stil, tehnologie \u015fi confort, cel mai mic SUV din gama constructorului francez ne-a f\u0103cut curio\u015fi s\u0103-l cunoa\u015ftem \u00eendeaproape. [\u2026] &nbsp;<\/p>\n","protected":false},"author":3,"featured_media":0,"parent":4595,"menu_order":1,"comment_status":"closed","ping_status":"closed","template":"","meta":{"_acf_changed":false,"footnotes":""},"class_list":["post-4599","page","type-page","status-publish","hentry"],"acf":[],"_links":{"self":[{"href":"https:\/\/www.rarom.ro\/index.php?rest_route=\/wp\/v2\/pages\/4599","targetHints":{"allow":["GET"]}}],"collection":[{"href":"https:\/\/www.rarom.ro\/index.php?rest_route=\/wp\/v2\/pages"}],"about":[{"href":"https:\/\/www.rarom.ro\/index.php?rest_route=\/wp\/v2\/types\/page"}],"author":[{"embeddable":true,"href":"https:\/\/www.rarom.ro\/index.php?rest_route=\/wp\/v2\/users\/3"}],"replies":[{"embeddable":true,"href":"https:\/\/www.rarom.ro\/index.php?rest_route=%2Fwp%2Fv2%2Fcomments&post=4599"}],"version-history":[{"count":2,"href":"https:\/\/www.rarom.ro\/index.php?rest_route=\/wp\/v2\/pages\/4599\/revisions"}],"predecessor-version":[{"id":4605,"href":"https:\/\/www.rarom.ro\/index.php?rest_route=\/wp\/v2\/pages\/4599\/revisions\/4605"}],"up":[{"embeddable":true,"href":"https:\/\/www.rarom.ro\/index.php?rest_route=\/wp\/v2\/pages\/4595"}],"wp:attachment":[{"href":"https:\/\/www.rarom.ro\/index.php?rest_route=%2Fwp%2Fv2%2Fmedia&parent=4599"}],"curies":[{"name":"wp","href":"https:\/\/api.w.org\/{rel}","templated":true}]}}