{"id":4322,"date":"2017-04-10T10:34:52","date_gmt":"2017-04-10T07:34:52","guid":{"rendered":"https:\/\/www.rarom.ro\/?page_id=4322"},"modified":"2017-04-10T10:40:54","modified_gmt":"2017-04-10T07:40:54","slug":"peugeot-3008","status":"publish","type":"page","link":"https:\/\/www.rarom.ro\/?page_id=4322","title":{"rendered":"Peugeot 3008"},"content":{"rendered":"<p><strong>Test: Peugeot 3008<\/strong><\/p>\n<p><a href=\"https:\/\/www.rarom.ro\/wp-content\/uploads\/2017\/04\/TestPeugeot_mare224.jpg\"><img loading=\"lazy\" decoding=\"async\" class=\"aligncenter size-full wp-image-4323\" src=\"https:\/\/www.rarom.ro\/wp-content\/uploads\/2017\/04\/TestPeugeot_mare224.jpg\" alt=\"TestPeugeot_mare224\" width=\"730\" height=\"450\" srcset=\"https:\/\/www.rarom.ro\/wp-content\/uploads\/2017\/04\/TestPeugeot_mare224.jpg 730w, https:\/\/www.rarom.ro\/wp-content\/uploads\/2017\/04\/TestPeugeot_mare224-300x185.jpg 300w\" sizes=\"auto, (max-width: 730px) 100vw, 730px\" \/><\/a><\/p>\n<p style=\"text-align: justify;\"><img loading=\"lazy\" decoding=\"async\" class=\"size-full wp-image-4325 alignleft\" src=\"https:\/\/www.rarom.ro\/wp-content\/uploads\/2017\/04\/TestPeugeot_pagini224.jpg\" alt=\"TestPeugeot_pagini224\" width=\"250\" height=\"165\" \/>\u00cei este u\u015for s\u0103 se fac\u0103 remarcat. Abunden\u0163a de linii drepte \u015fi suprafe\u0163e curbe suprapuse unor contururi u\u015for contondente \u00eei construiesc o imagine care se \u00eendep\u0103rteaz\u0103 de formele pisicoase ale gamei de turisme. Pe de alt\u0103 parte, negrul contrastant de pe plafon \u015fi jum\u0103tatea superioar\u0103 a hayonului \u00eel extrag \u015fi \u00eel individualizeaz\u0103 \u00een galeria SUV-urilor compacte. Dar \u015fi \u00een peisajul str\u0103zii. \u00a0[&#8230;]<\/p>\n","protected":false},"excerpt":{"rendered":"<p>Test: Peugeot 3008 \u00cei este u\u015for s\u0103 se fac\u0103 remarcat. Abunden\u0163a de linii drepte \u015fi suprafe\u0163e curbe suprapuse unor contururi u\u015for contondente \u00eei construiesc o imagine care se \u00eendep\u0103rteaz\u0103 de formele pisicoase ale gamei de turisme. Pe de alt\u0103 parte, negrul contrastant de pe plafon \u015fi jum\u0103tatea superioar\u0103 a hayonului \u00eel extrag \u015fi \u00eel individualizeaz\u0103 [&hellip;]<\/p>\n","protected":false},"author":3,"featured_media":0,"parent":4308,"menu_order":2,"comment_status":"closed","ping_status":"closed","template":"","meta":{"_acf_changed":false,"footnotes":""},"class_list":["post-4322","page","type-page","status-publish","hentry"],"acf":[],"_links":{"self":[{"href":"https:\/\/www.rarom.ro\/index.php?rest_route=\/wp\/v2\/pages\/4322","targetHints":{"allow":["GET"]}}],"collection":[{"href":"https:\/\/www.rarom.ro\/index.php?rest_route=\/wp\/v2\/pages"}],"about":[{"href":"https:\/\/www.rarom.ro\/index.php?rest_route=\/wp\/v2\/types\/page"}],"author":[{"embeddable":true,"href":"https:\/\/www.rarom.ro\/index.php?rest_route=\/wp\/v2\/users\/3"}],"replies":[{"embeddable":true,"href":"https:\/\/www.rarom.ro\/index.php?rest_route=%2Fwp%2Fv2%2Fcomments&post=4322"}],"version-history":[{"count":5,"href":"https:\/\/www.rarom.ro\/index.php?rest_route=\/wp\/v2\/pages\/4322\/revisions"}],"predecessor-version":[{"id":4337,"href":"https:\/\/www.rarom.ro\/index.php?rest_route=\/wp\/v2\/pages\/4322\/revisions\/4337"}],"up":[{"embeddable":true,"href":"https:\/\/www.rarom.ro\/index.php?rest_route=\/wp\/v2\/pages\/4308"}],"wp:attachment":[{"href":"https:\/\/www.rarom.ro\/index.php?rest_route=%2Fwp%2Fv2%2Fmedia&parent=4322"}],"curies":[{"name":"wp","href":"https:\/\/api.w.org\/{rel}","templated":true}]}}