{"id":4306,"date":"2017-04-10T09:50:13","date_gmt":"2017-04-10T06:50:13","guid":{"rendered":"https:\/\/www.rarom.ro\/?page_id=4306"},"modified":"2017-05-03T11:19:57","modified_gmt":"2017-05-03T08:19:57","slug":"nr-224-aprilie-2017","status":"publish","type":"page","link":"https:\/\/www.rarom.ro\/?page_id=4306","title":{"rendered":"Nr. 224 \/ Aprilie 2017"},"content":{"rendered":"<p><a href=\"https:\/\/www.rarom.ro\/wp-content\/uploads\/2017\/04\/224.jpg\"><img loading=\"lazy\" decoding=\"async\" class=\"aligncenter size-full wp-image-4383\" src=\"https:\/\/www.rarom.ro\/wp-content\/uploads\/2017\/04\/224.jpg\" alt=\"224\" width=\"730\" height=\"450\" srcset=\"https:\/\/www.rarom.ro\/wp-content\/uploads\/2017\/04\/224.jpg 730w, https:\/\/www.rarom.ro\/wp-content\/uploads\/2017\/04\/224-300x185.jpg 300w\" sizes=\"auto, (max-width: 730px) 100vw, 730px\" \/><\/a><\/p>\n<p><strong>Din sumarul num\u0103rului 224 \/ Aprilie 2017<\/strong><\/p>\n<p><strong>Teste:<\/strong><\/p>\n<p><a href=\"https:\/\/www.rarom.ro\/?page_id=4312\">Test Mitsubishi ASX<\/a><br \/>\n<a href=\"https:\/\/www.rarom.ro\/?page_id=4322\">Test Peugeot 3008<\/a><br \/>\n<a href=\"https:\/\/www.rarom.ro\/?page_id=4331\">Test Mazda 3<\/a><br \/>\n<a href=\"https:\/\/www.rarom.ro\/?page_id=4339\">Test Ford Ranger<\/a><\/p>\n<p><strong>Eveniment:<\/strong><br \/>\n<a href=\"https:\/\/www.rarom.ro\/?page_id=4347\">Salonul auto de la Geneva<\/a><\/p>\n<p><strong>Interviu:<\/strong><br \/>\n<a href=\"https:\/\/www.rarom.ro\/?page_id=4353\">Chef C\u0103t\u0103lin Sc\u0103rl\u0103tescu<\/a><\/p>\n<p><strong>Prezentare:<\/strong><br \/>\n<a href=\"https:\/\/www.rarom.ro\/?page_id=4359\">Alpine A110<\/a><\/p>\n<p><strong>Design:<\/strong><br \/>\n<a href=\"https:\/\/www.rarom.ro\/?page_id=4365\">Peugeot Instinct<\/a><\/p>\n<p><strong>Istorie:<\/strong><br \/>\n<a href=\"https:\/\/www.rarom.ro\/?page_id=4371\">Volvo Tundra<\/a><\/p>\n<p><strong>Sport:<\/strong><br \/>\n<a href=\"https:\/\/www.rarom.ro\/?page_id=4377\">Gabriel Imre<\/a><\/p>\n","protected":false},"excerpt":{"rendered":"<p>Din sumarul num\u0103rului 224 \/ Aprilie 2017 Teste: Test Mitsubishi ASX Test Peugeot 3008 Test Mazda 3 Test Ford Ranger Eveniment: Salonul auto de la Geneva Interviu: Chef C\u0103t\u0103lin Sc\u0103rl\u0103tescu Prezentare: Alpine A110 Design: Peugeot Instinct Istorie: Volvo Tundra Sport: Gabriel Imre<\/p>\n","protected":false},"author":3,"featured_media":0,"parent":4136,"menu_order":9996,"comment_status":"closed","ping_status":"closed","template":"","meta":{"_acf_changed":false,"footnotes":""},"class_list":["post-4306","page","type-page","status-publish","hentry"],"acf":[],"_links":{"self":[{"href":"https:\/\/www.rarom.ro\/index.php?rest_route=\/wp\/v2\/pages\/4306","targetHints":{"allow":["GET"]}}],"collection":[{"href":"https:\/\/www.rarom.ro\/index.php?rest_route=\/wp\/v2\/pages"}],"about":[{"href":"https:\/\/www.rarom.ro\/index.php?rest_route=\/wp\/v2\/types\/page"}],"author":[{"embeddable":true,"href":"https:\/\/www.rarom.ro\/index.php?rest_route=\/wp\/v2\/users\/3"}],"replies":[{"embeddable":true,"href":"https:\/\/www.rarom.ro\/index.php?rest_route=%2Fwp%2Fv2%2Fcomments&post=4306"}],"version-history":[{"count":5,"href":"https:\/\/www.rarom.ro\/index.php?rest_route=\/wp\/v2\/pages\/4306\/revisions"}],"predecessor-version":[{"id":4397,"href":"https:\/\/www.rarom.ro\/index.php?rest_route=\/wp\/v2\/pages\/4306\/revisions\/4397"}],"up":[{"embeddable":true,"href":"https:\/\/www.rarom.ro\/index.php?rest_route=\/wp\/v2\/pages\/4136"}],"wp:attachment":[{"href":"https:\/\/www.rarom.ro\/index.php?rest_route=%2Fwp%2Fv2%2Fmedia&parent=4306"}],"curies":[{"name":"wp","href":"https:\/\/api.w.org\/{rel}","templated":true}]}}