{"id":4242,"date":"2017-03-01T12:15:30","date_gmt":"2017-03-01T10:15:30","guid":{"rendered":"https:\/\/www.rarom.ro\/?page_id=4242"},"modified":"2017-03-01T12:54:25","modified_gmt":"2017-03-01T10:54:25","slug":"sport","status":"publish","type":"page","link":"https:\/\/www.rarom.ro\/?page_id=4242","title":{"rendered":"Sport"},"content":{"rendered":"<p><a href=\"https:\/\/www.rarom.ro\/wp-content\/uploads\/2017\/03\/Sport_mare223.jpg\"><img loading=\"lazy\" decoding=\"async\" class=\"aligncenter size-full wp-image-4243\" src=\"https:\/\/www.rarom.ro\/wp-content\/uploads\/2017\/03\/Sport_mare223.jpg\" alt=\"Sport_mare223\" width=\"730\" height=\"450\" srcset=\"https:\/\/www.rarom.ro\/wp-content\/uploads\/2017\/03\/Sport_mare223.jpg 730w, https:\/\/www.rarom.ro\/wp-content\/uploads\/2017\/03\/Sport_mare223-300x185.jpg 300w\" sizes=\"auto, (max-width: 730px) 100vw, 730px\" \/><\/a><\/p>\n<p style=\"text-align: justify;\"><img loading=\"lazy\" decoding=\"async\" class=\"size-full wp-image-4245 alignleft\" src=\"https:\/\/www.rarom.ro\/wp-content\/uploads\/2017\/03\/Sport_pagini223.jpg\" alt=\"Sport_pagini223\" width=\"250\" height=\"165\" \/>De\u015fi ini\u0163ial fusese anun\u0163at un calendar cu 21 de etape, FIA \u015fi organizatorii au eliminat Marele Premiu al Germaniei din sezonul 2017, astfel c\u0103 echipele vor parcurge doar 20 de runde. [&#8230;]<\/p>\n","protected":false},"excerpt":{"rendered":"<p>De\u015fi ini\u0163ial fusese anun\u0163at un calendar cu 21 de etape, FIA \u015fi organizatorii au eliminat Marele Premiu al Germaniei din sezonul 2017, astfel c\u0103 echipele vor parcurge doar 20 de runde. [&#8230;]<\/p>\n","protected":false},"author":3,"featured_media":0,"parent":4183,"menu_order":7,"comment_status":"closed","ping_status":"closed","template":"","meta":{"_acf_changed":false,"footnotes":""},"class_list":["post-4242","page","type-page","status-publish","hentry"],"acf":[],"_links":{"self":[{"href":"https:\/\/www.rarom.ro\/index.php?rest_route=\/wp\/v2\/pages\/4242","targetHints":{"allow":["GET"]}}],"collection":[{"href":"https:\/\/www.rarom.ro\/index.php?rest_route=\/wp\/v2\/pages"}],"about":[{"href":"https:\/\/www.rarom.ro\/index.php?rest_route=\/wp\/v2\/types\/page"}],"author":[{"embeddable":true,"href":"https:\/\/www.rarom.ro\/index.php?rest_route=\/wp\/v2\/users\/3"}],"replies":[{"embeddable":true,"href":"https:\/\/www.rarom.ro\/index.php?rest_route=%2Fwp%2Fv2%2Fcomments&post=4242"}],"version-history":[{"count":1,"href":"https:\/\/www.rarom.ro\/index.php?rest_route=\/wp\/v2\/pages\/4242\/revisions"}],"predecessor-version":[{"id":4247,"href":"https:\/\/www.rarom.ro\/index.php?rest_route=\/wp\/v2\/pages\/4242\/revisions\/4247"}],"up":[{"embeddable":true,"href":"https:\/\/www.rarom.ro\/index.php?rest_route=\/wp\/v2\/pages\/4183"}],"wp:attachment":[{"href":"https:\/\/www.rarom.ro\/index.php?rest_route=%2Fwp%2Fv2%2Fmedia&parent=4242"}],"curies":[{"name":"wp","href":"https:\/\/api.w.org\/{rel}","templated":true}]}}