{"id":4224,"date":"2017-03-01T12:04:52","date_gmt":"2017-03-01T10:04:52","guid":{"rendered":"https:\/\/www.rarom.ro\/?page_id=4224"},"modified":"2017-03-01T12:56:19","modified_gmt":"2017-03-01T10:56:19","slug":"prezentare","status":"publish","type":"page","link":"https:\/\/www.rarom.ro\/?page_id=4224","title":{"rendered":"Prezentare"},"content":{"rendered":"<p><strong>Opel Crossland X<\/strong><\/p>\n<p><a href=\"https:\/\/www.rarom.ro\/wp-content\/uploads\/2017\/03\/Prezentare_mare223.jpg\"><img loading=\"lazy\" decoding=\"async\" class=\"aligncenter size-full wp-image-4225\" src=\"https:\/\/www.rarom.ro\/wp-content\/uploads\/2017\/03\/Prezentare_mare223.jpg\" alt=\"Opel Crossland X\" width=\"730\" height=\"450\" srcset=\"https:\/\/www.rarom.ro\/wp-content\/uploads\/2017\/03\/Prezentare_mare223.jpg 730w, https:\/\/www.rarom.ro\/wp-content\/uploads\/2017\/03\/Prezentare_mare223-300x185.jpg 300w\" sizes=\"auto, (max-width: 730px) 100vw, 730px\" \/><\/a><\/p>\n<p style=\"text-align: justify;\"><img loading=\"lazy\" decoding=\"async\" class=\"size-full wp-image-4227 alignleft\" src=\"https:\/\/www.rarom.ro\/wp-content\/uploads\/2017\/03\/Prezentare_pagini223.jpg\" alt=\"Prezentare_pagini223\" width=\"250\" height=\"165\" \/>De\u015fi titlul seam\u0103n\u0103 cu cel al emisiunii televizate, \u00een cazul de fa\u0163\u0103 X este elementul care confirm\u0103 apari\u0163ia unei noi tendin\u0163e \u00een lumea auto. \u015ei, surpriz\u0103, nu este vorba de cunoscutul constructor bavarez. [&#8230;]<\/p>\n","protected":false},"excerpt":{"rendered":"<p>Opel Crossland X De\u015fi titlul seam\u0103n\u0103 cu cel al emisiunii televizate, \u00een cazul de fa\u0163\u0103 X este elementul care confirm\u0103 apari\u0163ia unei noi tendin\u0163e \u00een lumea auto. \u015ei, surpriz\u0103, nu este vorba de cunoscutul constructor bavarez. [&#8230;]<\/p>\n","protected":false},"author":3,"featured_media":0,"parent":4183,"menu_order":4,"comment_status":"closed","ping_status":"closed","template":"","meta":{"_acf_changed":false,"footnotes":""},"class_list":["post-4224","page","type-page","status-publish","hentry"],"acf":[],"_links":{"self":[{"href":"https:\/\/www.rarom.ro\/index.php?rest_route=\/wp\/v2\/pages\/4224","targetHints":{"allow":["GET"]}}],"collection":[{"href":"https:\/\/www.rarom.ro\/index.php?rest_route=\/wp\/v2\/pages"}],"about":[{"href":"https:\/\/www.rarom.ro\/index.php?rest_route=\/wp\/v2\/types\/page"}],"author":[{"embeddable":true,"href":"https:\/\/www.rarom.ro\/index.php?rest_route=\/wp\/v2\/users\/3"}],"replies":[{"embeddable":true,"href":"https:\/\/www.rarom.ro\/index.php?rest_route=%2Fwp%2Fv2%2Fcomments&post=4224"}],"version-history":[{"count":1,"href":"https:\/\/www.rarom.ro\/index.php?rest_route=\/wp\/v2\/pages\/4224\/revisions"}],"predecessor-version":[{"id":4229,"href":"https:\/\/www.rarom.ro\/index.php?rest_route=\/wp\/v2\/pages\/4224\/revisions\/4229"}],"up":[{"embeddable":true,"href":"https:\/\/www.rarom.ro\/index.php?rest_route=\/wp\/v2\/pages\/4183"}],"wp:attachment":[{"href":"https:\/\/www.rarom.ro\/index.php?rest_route=%2Fwp%2Fv2%2Fmedia&parent=4224"}],"curies":[{"name":"wp","href":"https:\/\/api.w.org\/{rel}","templated":true}]}}