{"id":4212,"date":"2017-03-01T11:54:51","date_gmt":"2017-03-01T09:54:51","guid":{"rendered":"https:\/\/www.rarom.ro\/?page_id=4212"},"modified":"2017-03-01T12:57:22","modified_gmt":"2017-03-01T10:57:22","slug":"concept","status":"publish","type":"page","link":"https:\/\/www.rarom.ro\/?page_id=4212","title":{"rendered":"Concept"},"content":{"rendered":"<p><strong>Audi Q8<\/strong><\/p>\n<p><a href=\"https:\/\/www.rarom.ro\/wp-content\/uploads\/2017\/03\/Concept_mare223.jpeg\"><img loading=\"lazy\" decoding=\"async\" class=\"aligncenter size-full wp-image-4213\" src=\"https:\/\/www.rarom.ro\/wp-content\/uploads\/2017\/03\/Concept_mare223.jpeg\" alt=\"Concept_mare223\" width=\"730\" height=\"450\" srcset=\"https:\/\/www.rarom.ro\/wp-content\/uploads\/2017\/03\/Concept_mare223.jpeg 730w, https:\/\/www.rarom.ro\/wp-content\/uploads\/2017\/03\/Concept_mare223-300x185.jpeg 300w\" sizes=\"auto, (max-width: 730px) 100vw, 730px\" \/><\/a><\/p>\n<p style=\"text-align: justify;\"><img loading=\"lazy\" decoding=\"async\" class=\"size-full wp-image-4215 alignleft\" src=\"https:\/\/www.rarom.ro\/wp-content\/uploads\/2017\/03\/Concept_pagini223.jpg\" alt=\"Concept_pagini223\" width=\"250\" height=\"165\" \/>Dup\u0103 ani \u00een care BMW, cu X6 \u015fi, mai recent, Mercedes, cu GLE Coupe, au f\u0103cut legea \u00een segmentul SUV-urilor coupe cu patru u\u015fi, Audi \u00eencearc\u0103 s\u0103-i ajung\u0103 din urm\u0103 \u015fi urmeaz\u0103 s\u0103 lanseze, \u00een 2018, primul s\u0103u model din aceast\u0103 clas\u0103. Acesta a fost dezv\u0103luit, la NAIAS 2017, sub forma lui Audi Q8 Concept, o ma\u015fin\u0103 care etaleaz\u0103 evolu\u0163ia designului m\u0103rcii germane de-a lungul ultimelor decenii. [&#8230;]<\/p>\n","protected":false},"excerpt":{"rendered":"<p>Audi Q8 Dup\u0103 ani \u00een care BMW, cu X6 \u015fi, mai recent, Mercedes, cu GLE Coupe, au f\u0103cut legea \u00een segmentul SUV-urilor coupe cu patru u\u015fi, Audi \u00eencearc\u0103 s\u0103-i ajung\u0103 din urm\u0103 \u015fi urmeaz\u0103 s\u0103 lanseze, \u00een 2018, primul s\u0103u model din aceast\u0103 clas\u0103. Acesta a fost dezv\u0103luit, la NAIAS 2017, sub forma lui Audi [&hellip;]<\/p>\n","protected":false},"author":3,"featured_media":0,"parent":4183,"menu_order":2,"comment_status":"closed","ping_status":"closed","template":"","meta":{"_acf_changed":false,"footnotes":""},"class_list":["post-4212","page","type-page","status-publish","hentry"],"acf":[],"_links":{"self":[{"href":"https:\/\/www.rarom.ro\/index.php?rest_route=\/wp\/v2\/pages\/4212","targetHints":{"allow":["GET"]}}],"collection":[{"href":"https:\/\/www.rarom.ro\/index.php?rest_route=\/wp\/v2\/pages"}],"about":[{"href":"https:\/\/www.rarom.ro\/index.php?rest_route=\/wp\/v2\/types\/page"}],"author":[{"embeddable":true,"href":"https:\/\/www.rarom.ro\/index.php?rest_route=\/wp\/v2\/users\/3"}],"replies":[{"embeddable":true,"href":"https:\/\/www.rarom.ro\/index.php?rest_route=%2Fwp%2Fv2%2Fcomments&post=4212"}],"version-history":[{"count":1,"href":"https:\/\/www.rarom.ro\/index.php?rest_route=\/wp\/v2\/pages\/4212\/revisions"}],"predecessor-version":[{"id":4217,"href":"https:\/\/www.rarom.ro\/index.php?rest_route=\/wp\/v2\/pages\/4212\/revisions\/4217"}],"up":[{"embeddable":true,"href":"https:\/\/www.rarom.ro\/index.php?rest_route=\/wp\/v2\/pages\/4183"}],"wp:attachment":[{"href":"https:\/\/www.rarom.ro\/index.php?rest_route=%2Fwp%2Fv2%2Fmedia&parent=4212"}],"curies":[{"name":"wp","href":"https:\/\/api.w.org\/{rel}","templated":true}]}}

<p><strong>Audi Q8</strong></p>
<p><a href="https://www.rarom.ro/wp-content/uploads/2017/03/Concept_mare223.jpeg"><img loading="lazy" decoding="async" class="aligncenter size-full wp-image-4213" src="https://www.rarom.ro/wp-content/uploads/2017/03/Concept_mare223.jpeg" alt="Concept_mare223" width="730" height="450" srcset="https://www.rarom.ro/wp-content/uploads/2017/03/Concept_mare223.jpeg 730w, https://www.rarom.ro/wp-content/uploads/2017/03/Concept_mare223-300x185.jpeg 300w" sizes="auto, (max-width: 730px) 100vw, 730px" /></a></p>
<p style="text-align: justify;"><img loading="lazy" decoding="async" class="size-full wp-image-4215 alignleft" src="https://www.rarom.ro/wp-content/uploads/2017/03/Concept_pagini223.jpg" alt="Concept_pagini223" width="250" height="165" />După ani în care BMW, cu X6 şi, mai recent, Mercedes, cu GLE Coupe, au făcut legea în segmentul SUV-urilor coupe cu patru uşi, Audi încearcă să-i ajungă din urmă şi urmează să lanseze, în 2018, primul său model din această clasă. Acesta a fost dezvăluit, la NAIAS 2017, sub forma lui Audi Q8 Concept, o maşină care etalează evoluţia designului mărcii germane de-a lungul ultimelor decenii. [&#8230;]</p>

<p>Audi Q8 După ani în care BMW, cu X6 şi, mai recent, Mercedes, cu GLE Coupe, au făcut legea în segmentul SUV-urilor coupe cu patru uşi, Audi încearcă să-i ajungă din urmă şi urmează să lanseze, în 2018, primul său model din această clasă. Acesta a fost dezvăluit, la NAIAS 2017, sub forma lui Audi [&hellip;]</p>
