{"id":3891,"date":"2016-11-29T14:31:43","date_gmt":"2016-11-29T12:31:43","guid":{"rendered":"https:\/\/www.rarom.ro\/?page_id=3891"},"modified":"2016-11-29T14:31:43","modified_gmt":"2016-11-29T12:31:43","slug":"interviu","status":"publish","type":"page","link":"https:\/\/www.rarom.ro\/?page_id=3891","title":{"rendered":"Interviu"},"content":{"rendered":"<p><strong>Drago\u015f Bucur<\/strong><\/p>\n<p><img loading=\"lazy\" decoding=\"async\" class=\"aligncenter size-full wp-image-3892\" src=\"https:\/\/www.rarom.ro\/wp-content\/uploads\/2016\/11\/Interviu_mare221.jpg\" alt=\"Interviu_mare221\" width=\"730\" height=\"450\" srcset=\"https:\/\/www.rarom.ro\/wp-content\/uploads\/2016\/11\/Interviu_mare221.jpg 730w, https:\/\/www.rarom.ro\/wp-content\/uploads\/2016\/11\/Interviu_mare221-300x185.jpg 300w\" sizes=\"auto, (max-width: 730px) 100vw, 730px\" \/><\/p>\n<p style=\"text-align: justify;\"><img loading=\"lazy\" decoding=\"async\" class=\"size-full wp-image-3894 alignleft\" src=\"https:\/\/www.rarom.ro\/wp-content\/uploads\/2016\/11\/Interviu_pagini221.jpg\" alt=\"Interviu_pagini221\" width=\"250\" height=\"165\" \/>Vedeta acestei veri, \u00een Rom\u00e2nia, a fost o&#8230; ma\u015fin\u0103. O Dacie cu ve\u015fminte ponosite \u015fi cam obosit\u0103, ajuns\u0103 la vremea pension\u0103rii, a atras rom\u00e2nii \u00een cinematografe. Ma\u015fina a ap\u0103rut \u00een &#8222;Dou\u0103 Lozuri&#8221;, o pelicul\u0103 inspirat\u0103 din celebra nuvel\u0103 &#8222;Dou\u0103 Loturi&#8221; scris\u0103 de I. L. Caragiale. Filmul este o comedie savuroas\u0103 \u00een care Drago\u015f Bucur, Alexandru Papadopol \u015fi Dorian Bogu\u0163\u0103 \u00eencearc\u0103 s\u0103 scape de necazuri juc\u00e2nd la loto 6 din 49. [&#8230;]<\/p>\n","protected":false},"excerpt":{"rendered":"<p>Drago\u015f Bucur Vedeta acestei veri, \u00een Rom\u00e2nia, a fost o&#8230; ma\u015fin\u0103. O Dacie cu ve\u015fminte ponosite \u015fi cam obosit\u0103, ajuns\u0103 la vremea pension\u0103rii, a atras rom\u00e2nii \u00een cinematografe. Ma\u015fina a ap\u0103rut \u00een &#8222;Dou\u0103 Lozuri&#8221;, o pelicul\u0103 inspirat\u0103 din celebra nuvel\u0103 &#8222;Dou\u0103 Loturi&#8221; scris\u0103 de I. L. Caragiale. Filmul este o comedie savuroas\u0103 \u00een care Drago\u015f [&hellip;]<\/p>\n","protected":false},"author":3,"featured_media":0,"parent":3853,"menu_order":2,"comment_status":"closed","ping_status":"closed","template":"","meta":{"_acf_changed":false,"footnotes":""},"class_list":["post-3891","page","type-page","status-publish","hentry"],"acf":[],"_links":{"self":[{"href":"https:\/\/www.rarom.ro\/index.php?rest_route=\/wp\/v2\/pages\/3891","targetHints":{"allow":["GET"]}}],"collection":[{"href":"https:\/\/www.rarom.ro\/index.php?rest_route=\/wp\/v2\/pages"}],"about":[{"href":"https:\/\/www.rarom.ro\/index.php?rest_route=\/wp\/v2\/types\/page"}],"author":[{"embeddable":true,"href":"https:\/\/www.rarom.ro\/index.php?rest_route=\/wp\/v2\/users\/3"}],"replies":[{"embeddable":true,"href":"https:\/\/www.rarom.ro\/index.php?rest_route=%2Fwp%2Fv2%2Fcomments&post=3891"}],"version-history":[{"count":1,"href":"https:\/\/www.rarom.ro\/index.php?rest_route=\/wp\/v2\/pages\/3891\/revisions"}],"predecessor-version":[{"id":3896,"href":"https:\/\/www.rarom.ro\/index.php?rest_route=\/wp\/v2\/pages\/3891\/revisions\/3896"}],"up":[{"embeddable":true,"href":"https:\/\/www.rarom.ro\/index.php?rest_route=\/wp\/v2\/pages\/3853"}],"wp:attachment":[{"href":"https:\/\/www.rarom.ro\/index.php?rest_route=%2Fwp%2Fv2%2Fmedia&parent=3891"}],"curies":[{"name":"wp","href":"https:\/\/api.w.org\/{rel}","templated":true}]}}