{"id":3758,"date":"2016-11-03T10:28:32","date_gmt":"2016-11-03T08:28:32","guid":{"rendered":"https:\/\/www.rarom.ro\/?page_id=3758"},"modified":"2016-11-03T10:28:32","modified_gmt":"2016-11-03T08:28:32","slug":"ford-mondeo-hybrid-vignale","status":"publish","type":"page","link":"https:\/\/www.rarom.ro\/?page_id=3758","title":{"rendered":"Ford Mondeo Hybrid Vignale"},"content":{"rendered":"<p><strong>Test: Ford Mondeo Hybrid Vignale<\/strong><\/p>\n<p><img loading=\"lazy\" decoding=\"async\" class=\"aligncenter size-full wp-image-3761\" src=\"https:\/\/www.rarom.ro\/wp-content\/uploads\/2016\/11\/TestFord_mare-220.jpg\" alt=\"TestFord_mare-220\" width=\"730\" height=\"450\" srcset=\"https:\/\/www.rarom.ro\/wp-content\/uploads\/2016\/11\/TestFord_mare-220.jpg 730w, https:\/\/www.rarom.ro\/wp-content\/uploads\/2016\/11\/TestFord_mare-220-300x185.jpg 300w\" sizes=\"auto, (max-width: 730px) 100vw, 730px\" \/><\/p>\n<p style=\"text-align: justify;\"><img loading=\"lazy\" decoding=\"async\" class=\"size-full wp-image-3759 alignleft\" src=\"https:\/\/www.rarom.ro\/wp-content\/uploads\/2016\/11\/TestFord_pagini-220.jpg\" alt=\"TestFord_pagini-220\" width=\"250\" height=\"165\" \/>Mai mult Mondeo, at\u00e2t pe afar\u0103 c\u00e2t \u015fi pe din\u0103untru, servicii post-v\u00e2nzare menite s\u0103 r\u0103sfe\u0163e \u015fi s\u0103 mul\u0163umeasc\u0103 p\u00e2n\u0103 \u015fi pe cei mai preten\u0163io\u015fi clien\u0163i, o propulsie hibrid\u0103 creditat\u0103 cu emisii mixte de CO2 sub pragul de 100 g\/km, reprezint\u0103 pachetul suprem pe care \u00eel ofer\u0103 Ford \u00een segmentul limuzinelor de clas\u0103 medie, dar cu orgolii de mare clas\u0103. [\u2026]<\/p>\n","protected":false},"excerpt":{"rendered":"<p>Test: Ford Mondeo Hybrid Vignale Mai mult Mondeo, at\u00e2t pe afar\u0103 c\u00e2t \u015fi pe din\u0103untru, servicii post-v\u00e2nzare menite s\u0103 r\u0103sfe\u0163e \u015fi s\u0103 mul\u0163umeasc\u0103 p\u00e2n\u0103 \u015fi pe cei mai preten\u0163io\u015fi clien\u0163i, o propulsie hibrid\u0103 creditat\u0103 cu emisii mixte de CO2 sub pragul de 100 g\/km, reprezint\u0103 pachetul suprem pe care \u00eel ofer\u0103 Ford \u00een segmentul limuzinelor [&hellip;]<\/p>\n","protected":false},"author":3,"featured_media":0,"parent":3754,"menu_order":1,"comment_status":"closed","ping_status":"closed","template":"","meta":{"_acf_changed":false,"footnotes":""},"class_list":["post-3758","page","type-page","status-publish","hentry"],"acf":[],"_links":{"self":[{"href":"https:\/\/www.rarom.ro\/index.php?rest_route=\/wp\/v2\/pages\/3758","targetHints":{"allow":["GET"]}}],"collection":[{"href":"https:\/\/www.rarom.ro\/index.php?rest_route=\/wp\/v2\/pages"}],"about":[{"href":"https:\/\/www.rarom.ro\/index.php?rest_route=\/wp\/v2\/types\/page"}],"author":[{"embeddable":true,"href":"https:\/\/www.rarom.ro\/index.php?rest_route=\/wp\/v2\/users\/3"}],"replies":[{"embeddable":true,"href":"https:\/\/www.rarom.ro\/index.php?rest_route=%2Fwp%2Fv2%2Fcomments&post=3758"}],"version-history":[{"count":1,"href":"https:\/\/www.rarom.ro\/index.php?rest_route=\/wp\/v2\/pages\/3758\/revisions"}],"predecessor-version":[{"id":3763,"href":"https:\/\/www.rarom.ro\/index.php?rest_route=\/wp\/v2\/pages\/3758\/revisions\/3763"}],"up":[{"embeddable":true,"href":"https:\/\/www.rarom.ro\/index.php?rest_route=\/wp\/v2\/pages\/3754"}],"wp:attachment":[{"href":"https:\/\/www.rarom.ro\/index.php?rest_route=%2Fwp%2Fv2%2Fmedia&parent=3758"}],"curies":[{"name":"wp","href":"https:\/\/api.w.org\/{rel}","templated":true}]}}