{"id":3510,"date":"2016-09-06T15:01:19","date_gmt":"2016-09-06T12:01:19","guid":{"rendered":"https:\/\/www.rarom.ro\/?page_id=3510"},"modified":"2016-09-06T15:01:19","modified_gmt":"2016-09-06T12:01:19","slug":"interviu","status":"publish","type":"page","link":"https:\/\/www.rarom.ro\/?page_id=3510","title":{"rendered":"Interviu"},"content":{"rendered":"<p><strong>Nicu Covaci<\/strong><\/p>\n<p><img loading=\"lazy\" decoding=\"async\" class=\"alignleft size-full wp-image-4009\" src=\"https:\/\/www.rarom.ro\/wp-content\/uploads\/2015\/12\/Interviu_mare218.jpg\" alt=\"Interviu_mare218\" width=\"730\" height=\"450\" \/><\/p>\n<p style=\"text-align: justify;\"><img loading=\"lazy\" decoding=\"async\" class=\"alignleft size-full wp-image-4011\" src=\"https:\/\/www.rarom.ro\/wp-content\/uploads\/2015\/12\/Interviu_pagini218.jpg\" alt=\"Interviu_pagini218\" width=\"250\" height=\"165\" \/>A avut mai multe accidente de motociclet\u0103, a intrat cu camionul \u00eentr-o cas\u0103, \u015fi-a riscat libertatea pentru colegii de trup\u0103. Dar, cel mai important, a fost unul dintre creatorii Phoenix, o forma\u0163ie a c\u0103rei muzic\u0103 va d\u0103inui \u00een istorie. Vi se pare c\u0103 descriem un film de ac\u0163iune? Nu. Este doar povestea lui Nicu Covaci. [&#8230;]<\/p>\n","protected":false},"excerpt":{"rendered":"<p>Nicu Covaci A avut mai multe accidente de motociclet\u0103, a intrat cu camionul \u00eentr-o cas\u0103, \u015fi-a riscat libertatea pentru colegii de trup\u0103. Dar, cel mai important, a fost unul dintre creatorii Phoenix, o forma\u0163ie a c\u0103rei muzic\u0103 va d\u0103inui \u00een istorie. Vi se pare c\u0103 descriem un film de ac\u0163iune? Nu. Este doar povestea lui [&hellip;]<\/p>\n","protected":false},"author":3,"featured_media":0,"parent":3498,"menu_order":2,"comment_status":"closed","ping_status":"closed","template":"","meta":{"_acf_changed":false,"footnotes":""},"class_list":["post-3510","page","type-page","status-publish","hentry"],"acf":[],"_links":{"self":[{"href":"https:\/\/www.rarom.ro\/index.php?rest_route=\/wp\/v2\/pages\/3510","targetHints":{"allow":["GET"]}}],"collection":[{"href":"https:\/\/www.rarom.ro\/index.php?rest_route=\/wp\/v2\/pages"}],"about":[{"href":"https:\/\/www.rarom.ro\/index.php?rest_route=\/wp\/v2\/types\/page"}],"author":[{"embeddable":true,"href":"https:\/\/www.rarom.ro\/index.php?rest_route=\/wp\/v2\/users\/3"}],"replies":[{"embeddable":true,"href":"https:\/\/www.rarom.ro\/index.php?rest_route=%2Fwp%2Fv2%2Fcomments&post=3510"}],"version-history":[{"count":1,"href":"https:\/\/www.rarom.ro\/index.php?rest_route=\/wp\/v2\/pages\/3510\/revisions"}],"predecessor-version":[{"id":3511,"href":"https:\/\/www.rarom.ro\/index.php?rest_route=\/wp\/v2\/pages\/3510\/revisions\/3511"}],"up":[{"embeddable":true,"href":"https:\/\/www.rarom.ro\/index.php?rest_route=\/wp\/v2\/pages\/3498"}],"wp:attachment":[{"href":"https:\/\/www.rarom.ro\/index.php?rest_route=%2Fwp%2Fv2%2Fmedia&parent=3510"}],"curies":[{"name":"wp","href":"https:\/\/api.w.org\/{rel}","templated":true}]}}