{"id":301700,"date":"2025-10-31T12:59:42","date_gmt":"2025-10-31T10:59:42","guid":{"rendered":"https:\/\/www.rarom.ro\/?page_id=301700"},"modified":"2025-11-03T13:52:06","modified_gmt":"2025-11-03T11:52:06","slug":"dmavtlv","status":"publish","type":"page","link":"https:\/\/www.rarom.ro\/?page_id=301700","title":{"rendered":"DMAVTLV"},"content":{"rendered":"\n<p><em>Registrul Auto Rom\u00e2n R.A, reprezint\u0103 autoritatea tehnic\u0103 na\u021bional\u0103 \u00eemputernicit\u0103 de Ministerul Transporturilor \u0219i Infrastructurii pentru omologarea de tip a tahografelor, a senzorilor de mi\u0219care, a modelelor de foaie de \u00eenregistrare sau de card de tahograf. \u00cen cadrul Registrul Auto Rom\u00e2n R.A, Departamentul Monitorizare Ateliere Verificare Tahografe \u0219i Limitatoare de Vitez\u0103 duce la \u00eendeplinire prevederile OMTI 3850\/2024 cu modific\u0103rile \u0219i complet\u0103rile ulterioare, denumit \u00een continuare RNTR-8.<\/em><\/p>\n\n\n\n<div style=\"height:30px\" aria-hidden=\"true\" class=\"wp-block-spacer\"><\/div>\n\n\n\n<p><strong>1. Activitatea de supraveghere tehnic\u0103 a ATLV<\/strong><\/p>\n\n\n\n<p><strong>&nbsp;<\/strong><strong>\u201c<\/strong>\u00cen vederea punerii \u00een aplicare a prevederilor art. 4 alin. (6) \u0219i ale art. 10 alin. (5) din Hot\u0103r\u00e2rea Guvernului nr. 899\/2003 privind omologarea de tip a tahografelor, a senzorilor de mi\u0219care, a modelelor de foaie de \u00eenregistrare sau de card de tahograf, precum \u0219i autorizarea operatorilor economici care desf\u0103\u0219oar\u0103 activit\u0103\u021bi de instalare, reparare sau inspec\u021bie a tahografelor utilizate \u00een transporturile rutiere ori a limitatoarelor de vitez\u0103, cu modific\u0103rile \u0219i complet\u0103rile ulterioare, denumit\u0103 \u00een continuare <em>HG nr. 899\/2003<\/em>:<\/p>\n\n\n\n<p>a) operatorii economici autoriza\u021bi trebuie s\u0103 asigure posibilitatea conect\u0103rii informatice la sistemul na\u021bional de supraveghere informatic\u0103 a ITLV, gestionat de RAR, denumit \u00een continuare <em>aplica\u021bie informatic\u0103 RAR<\/em>, \u0219i prin personalul implicat \u00een activitatea de ITLV trebuie s\u0103 respecte cerin\u021bele de utilizare a programelor informatice furnizate de RAR;<\/p>\n\n\n\n<p>\u201cPe durata de valabilitate a autoriza\u0163iei tehnice, RAR efectueaz\u0103 activit\u0103\u021bile prev\u0103zute la art. 4 alin. (6) \u0219i art. 10 alin. (5) din HG nr. 899\/2003 \u00een baza contractului de autorizare \u0219i supraveghere men\u021bionat la art. 18 alin. (3). <strong>\u201e<\/strong><\/p>\n\n\n\n<p>\u00cen urma activit\u0103\u021bilor men\u021bionate, inspectorul RAR consemneaz\u0103 \u00een aplica\u021bia informatic\u0103 RAR \u0219i tip\u0103re\u0219te raportul de supraveghere ce con\u021bine urm\u0103toarele date:<\/p>\n\n\n\n<p>a) num\u0103rul de \u00eenregistr\u0103ri, inspec\u021bii, reinspec\u021bii, inspec\u021bii asistate;<\/p>\n\n\n\n<p>b) num\u0103r total \u0219i serii dovezi de inspec\u021bie, dovezi rebutate, dovezi duplicate, pachete de dovezi distribuite;<\/p>\n\n\n\n<p>c) serii sigilii mecanice \u00eenseriate;<\/p>\n\n\n\n<p>d) serii \u0219i valabilitate a buletinelor de verificare \u0219i a certificatelor de etalonare metrologic\u0103;<\/p>\n\n\n\n<p>e) valabilitatea certificatelor de atestare pentru personalul atestat;<\/p>\n\n\n\n<p>f) nerespectarea cerin\u021belor aferente activit\u0103\u021bii desf\u0103\u0219urate prev\u0103zute \u00een HG nr. 899\/2003 \u0219i \u00een prezentele reglement\u0103ri, dup\u0103 caz;<\/p>\n\n\n\n<p>g) necesitatea aplic\u0103rii m\u0103surilor prev\u0103zute la art. 61 alin. (1) din RNTR-8.<\/p>\n\n\n\n<div style=\"height:30px\" aria-hidden=\"true\" class=\"wp-block-spacer\"><\/div>\n\n\n\n<p><strong>2.<\/strong> <strong>Activitatea de reinspec\u021bie a inspec\u021biilor efectuate de c\u0103tre personalul atestat din cadrul ATLV<\/strong><\/p>\n\n\n\n<p>&nbsp;Reinspec\u021bia este activitatea de reverificare a unei inspec\u021bii a tahografului \u0219i limitatorului de vitez\u0103 efectuat\u0103 de personalul atestat din cadrul unui ATLV. Reinspec\u021bia se efectueaz\u0103 de c\u0103tre inspectorul RAR, din cadrul DMAVTLV. Reinspec\u021bia este generat\u0103 aleator de c\u0103tre aplica\u021bia informatic\u0103 de \u00eenregistrare a ITLV conform celor precizate mai jos:<\/p>\n\n\n\n<p>&nbsp;&#8211; Autovehiculul rutier va fi re\u021binut \u00een ATLV maximum 45 de minute dup\u0103 finalizarea lucr\u0103rilor din planul de opera\u021biuni prev\u0103zut \u00een anexa nr. 1 din RNTR-8, la solicitarea RAR, efectuat\u0103 prin mijloace informatice sau prin intermediul personalului s\u0103u abilitat, \u00een vederea reverific\u0103rii ulterioare de c\u0103tre inspectorii RAR \u00een cadrul ATLV respectiv;<\/p>\n\n\n\n<p>&#8211; Personalul atestat are obliga\u021bia de a \u00een\u0219tiin\u021ba persoanele ce prezint\u0103 autovehiculele la ITLV asupra posibilit\u0103\u021bii select\u0103rii autovehiculului pentru reverificare de c\u0103tre inspectorii RAR, cu toate consecin\u021bele care decurg din aceasta, inclusiv timpi suplimentari de a\u0219teptare. Personalul atestat va pune la dispozi\u021bia inspectorului RAR autovehiculul \u0219i documentele referitoare la acesta care trebuie prezentate obligatoriu la ITLV. ATLV \u0219i personalul atestat vor asigura toate condi\u021biile pentru efectuarea reverific\u0103rii de c\u0103tre inspectorul RAR; reverific\u0103rile efectuate vor acoperi, dup\u0103 caz, integral planul de opera\u021biuni corespunz\u0103tor presta\u021biei efectuate;<\/p>\n\n\n\n<p>&#8211;&nbsp; Persoana atestat\u0103 nu poate efectua alt\u0103 ITLV pe perioada reverific\u0103rii ITLV selectate;<\/p>\n\n\n\n<p>&#8211; Operatorii economici autoriza\u0163i trebuie s\u0103 pun\u0103 la dispozi\u0163ia inspectorilor RAR documenta\u0163iile tehnice de instalare \u015fi\/sau reparare pentru tahografele \u015fi\/sau limitatoarele de vitez\u0103 \u0219i toate documentele \u0219i \u00eenregistr\u0103rile care au stat la baza efectu\u0103rii ITLV.<\/p>\n\n\n\n<p>&#8211; Frecven\u021ba reinspec\u021biilor prev\u0103zute la&nbsp; art. 4 alin. (6) lit.&nbsp; b) \u0219i art. 10 alin. (5) lit. b) din HG nr. 899\/2003 se stabile\u0219te, pentru fiecare persoana atestat\u0103, pe baza unor criterii cantitative \u0219i calitative \u00een func\u021bie de:<\/p>\n\n\n\n<p>a) num\u0103rul inspec\u021biilor efectuate \u00eentr-o anumit\u0103 perioad\u0103 de timp (minim 1% reinspec\u021bii din num\u0103rul ITLV efectuate de ATLV) ;<\/p>\n\n\n\n<p>b) genera\u021bia \u0219i versiunea tahografelor inspectate;<\/p>\n\n\n\n<p>c) activit\u0103\u021bile desf\u0103\u0219urate (instalare, inspec\u021bie, reparare);<\/p>\n\n\n\n<p>d) num\u0103rul neconformit\u0103\u021bilor constatate la reinspec\u021bie a ITLV selectate pentru fiecare persoan\u0103 atestat\u0103 \u00eentr-un interval de timp;<\/p>\n\n\n\n<p>e) num\u0103rul neconformit\u0103\u021bilor constatate \u00een rapoartele de supraveghere tehnic\u0103 pentru fiecare persoan\u0103 atestat\u0103 \u00eentr-un interval de timp;<\/p>\n\n\n\n<p>f) gravitatea neconformit\u0103\u021bilor constatate la reinspec\u021bii. \u00cen urma activit\u0103\u021bilor men\u021bionate mai sus, inspectorul RAR consemneaz\u0103 \u00een aplica\u021bia informatic\u0103 RAR \u0219i tip\u0103re\u0219te raportul de ITLV.<\/p>\n\n\n\n<p><a href=\"\/cs-uploads\/Procedura-privind-modul-de-stabilire-a-frecventei-reinspectiilor.pdf\" target=\"_blank\" rel=\"noreferrer noopener\">Procedura privind modul de stabilire a frecven\u0163ei reinspec\u0163iilor<\/a><\/p>\n\n\n\n<div style=\"height:30px\" aria-hidden=\"true\" class=\"wp-block-spacer\"><\/div>\n\n\n\n<p><strong>3. Activitatea de Atestare\/Reatestare\/Extindere a competen\u021belor profesionale a personalului care efectueaz\u0103 ITLV<\/strong><\/p>\n\n\n\n<p>Atestarea persoanelor care efectueaz\u0103 inspec\u021bia tahografelor se realizeaz\u0103 de RAR prin Departamentul Monitorizare Ateliere Verificare Tahografe \u0219i Limitatoare de Vitez\u0103, care organizeaz\u0103 \u0219i coordoneaz\u0103 sesiunile de evaluare a competen\u021belor personalului ce efectueaz\u0103 inspec\u021bia tahografelor \u00een cadrul loca\u021biilor R.A.R. sau a operatorilor economici agrea\u021bi, dup\u0103 finalizarea unui program de instruire, cu respectarea cerin\u021belor din RNTR-8, pentru fiecare genera\u021bie \u0219i versiune de tahograf, dup\u0103 cum urmeaz\u0103:<\/p>\n\n\n\n<p>a) tahografe mecanice;<\/p>\n\n\n\n<p>b) tahografe analogice;<\/p>\n\n\n\n<p>c) tahografe digitale;<\/p>\n\n\n\n<p>d) tahografe inteligente versiunea 1 \u0219i versiunea 2.<\/p>\n\n\n\n<p>&nbsp;\u00cen certificatul de atestare se men\u021bioneaz\u0103 pentru fiecare genera\u021bie \u0219i versiune de tahograf tipul \u0219i varianta tahografului, precum \u0219i tipul \u0219i varianta dispozitivului de inspec\u021bie pentru care a fost emis.<\/p>\n\n\n\n<p>Pentru genera\u021biile de tahografe mecanice, analogice \u0219i digitale se va sus\u021bine un examen de evaluare a competen\u021belor, distinct de cel dedicat tahografelor din genera\u021bia inteligent.<\/p>\n\n\n\n<p>\u00censcrierea \u00een vederea Atest\u0103rii\/Reatest\u0103rii\/Extinderii competen\u021belor pentru inspec\u021bia tahografelor se poate face prin intermediul aplica\u021biei informatice <a href=\"https:\/\/portal.rarom.ro\/backoffice\" target=\"_blank\" rel=\"noreferrer noopener\">https:\/\/portal.rarom.ro\/backoffice<\/a> utiliz\u00e2nd o adres\u0103 de e-mail.<\/p>\n\n\n\n<p>&nbsp;&nbsp;&nbsp;&nbsp;&nbsp;&nbsp;&nbsp;&nbsp;&nbsp;&nbsp;&nbsp; &#8211;<em> <strong>atestare<\/strong><\/em> \u2013 procedura prin care se confirm\u0103 dob\u00e2ndirea de c\u0103tre un solicitant a competen\u021belor profesionale necesare efectu\u0103rii activit\u0103\u021bii de inspec\u021bie pentru tahografele de o anumit\u0103 marc\u0103, tip \u0219i variant\u0103 ce fac parte dintr-o anumit\u0103 genera\u021bie \u0219i versiune, cu un tip de dispozitiv de inspec\u021bie, \u0219i care este finalizat\u0103 prin eliberarea de c\u0103tre Registrul Auto Rom\u00e2n R.A. (<em>RAR<\/em>) a unui certificat de atestare ce certific\u0103 dreptul solicitantului de a efectua inspec\u021bia pentru tahografele respective cu dispozitivele de inspec\u021bie prev\u0103zute;<\/p>\n\n\n\n<p>&nbsp;&nbsp;&nbsp;&nbsp;&nbsp;&nbsp;&nbsp;&nbsp;&nbsp;&nbsp;&nbsp; &#8211; <strong><em>extindere a competen\u021belor profesionale<\/em><\/strong> &#8211; procedura prin care se confirm\u0103 dob\u00e2ndirea de c\u0103tre personalul atestat a unor competen\u021be profesionale suplimentare necesare efectu\u0103rii activit\u0103\u021bii de inspec\u021bie pentru tahografele ce fac parte dintr-o alt\u0103 genera\u021bie \u0219i versiune, pentru tahografele de un anumit tip \u0219i variant\u0103 \u0219i pentru dispozitivele de inspec\u021bie de un anumit tip \u0219i variant\u0103, altele dec\u00e2t cele prev\u0103zute \u00een certificatul de atestare\/reatestare \u00een vigoare, \u0219i care este finalizat\u0103 prin eliberarea de c\u0103tre RAR a unui certificat de atestare\/reatestare modificat, cu aceea\u0219i valabilitate ca a certificatului ini\u021bial;<\/p>\n\n\n\n<p>&nbsp;&nbsp;&nbsp;&nbsp;&nbsp;&nbsp;&nbsp;&nbsp;&nbsp;&nbsp;&nbsp; &#8211;<em> <strong>reatestare<\/strong><\/em><strong> <\/strong>\u2013 procedura periodic\u0103 prin care se confirm\u0103 men\u021binerea \u0219i actualizarea de c\u0103tre personalul atestat a competen\u021belor profesionale necesare efectu\u0103rii activit\u0103\u021bii de inspec\u021bie pentru tahografele \u0219i dispozitivele de inspec\u021bie prev\u0103zute \u00een certificatul de atestare\/reatestare emis anterior \u0219i&nbsp; care este finalizat\u0103 prin eliberarea de c\u0103tre RAR a unui certificat de reatestare;<\/p>\n\n\n\n<p><a href=\"\/cs-uploads\/Procedura-privind-modul-de-desfasurare-a-examinarii-teoretice-si-a-evaluarii-practice-in-vederea-atestarii-reatestarii.pdf\" target=\"_blank\" rel=\"noreferrer noopener\">Procedura privind modul de desf\u0103\u0219urare a examin\u0103rii teoretice \u0219i a evalu\u0103rii practice \u00een vederea atest\u0103rii\/reatest\u0103rii<\/a><\/p>\n\n\n\n<div style=\"height:30px\" aria-hidden=\"true\" class=\"wp-block-spacer\"><\/div>\n\n\n\n<p><strong>4. Activitatea de verificare a operatorilor economici agrea\u021bi care efectueaz\u0103 programe de instruire<\/strong><\/p>\n\n\n\n<p>Pe durata de valabilitate a certificatului de agreare RAR efectueaz\u0103 activit\u0103\u021bi de verificare a operatorilor economici agrea\u021bi care efectueaz\u0103 programe de instruire.<strong><\/strong><\/p>\n\n\n\n<p>\u00cen urma activit\u0103\u021bilor operatorilor economici agrea\u021bi, inspectorii RAR completeaz\u0103 un raport \u00een care consemneaz\u0103:<\/p>\n\n\n\n<p>a) numele operatorului agreat;<\/p>\n\n\n\n<p>b) modulul de instruire care se efectueaz\u0103;<\/p>\n\n\n\n<p>c) numele instructorului\/instructorilor care efectueaz\u0103 instruirea;<\/p>\n\n\n\n<p>d) numele participan\u021bilor la modulul de instruire;<\/p>\n\n\n\n<p>e) rezultatele instruirii;<\/p>\n\n\n\n<p>f) nerespectarea cerin\u021belor prev\u0103zute la art. 6 alin. (3) \u0219i (10) din HG nr. 899\/2003, precum \u0219i la art. 22 alin. (2) \u0219i (3), art. 23 \u0219i art. 59<sup>1<\/sup> alin. (1)-(6) \u0219i (8) din RNTR-8.\u201d<\/p>\n\n\n\n<p><a href=\"\/cs-uploads\/Lista-tahografelor-clasificate-in-functie-de-generatie-versiune-marca-tip-si-varianta.pdf\" target=\"_blank\" rel=\"noreferrer noopener\">Lista tahografelor clasificate \u00een func\u021bie de genera\u021bie, versiune, marc\u0103, tip \u0219i variant\u0103<\/a><\/p>\n\n\n\n<p><a href=\"\/cs-uploads\/Dispozitive-de-inspectie-utilizate-in-Romania.pdf\" target=\"_blank\" rel=\"noreferrer noopener\">Dispozitive de inspec\u021bie utilizate \u00een Rom\u00e2nia<\/a><\/p>\n\n\n\n<div style=\"height:20px\" aria-hidden=\"true\" class=\"wp-block-spacer\"><\/div>\n\n\n\n<hr>\n\n\n\n<p><strong>Departament Monitorizare Ateliere Verificare Tahografe \u0219i Limitatoare de Vitez\u0103<\/strong><\/p>\n\n\n\n<hr>\n\n\n\n<div style=\"height:20px\" aria-hidden=\"true\" class=\"wp-block-spacer\"><\/div>\n\n\n\n<div class=\"wp-block-group\"><div class=\"wp-block-group__inner-container is-layout-constrained wp-block-group-is-layout-constrained\">\n<div class=\"wp-block-columns is-layout-flex wp-container-core-columns-is-layout-9d6595d7 wp-block-columns-is-layout-flex\">\n<div class=\"wp-block-column is-layout-flow wp-block-column-is-layout-flow\" style=\"flex-basis:33.33%\"><div class=\"wp-block-image is-style-rounded\">\n<figure class=\"aligncenter size-full is-resized\"><a href=\"https:\/\/www.rarom.ro\/wp-content\/uploads\/2025\/09\/sigla-RAR.png\"><img loading=\"lazy\" decoding=\"async\" width=\"170\" height=\"170\" src=\"https:\/\/www.rarom.ro\/wp-content\/uploads\/2025\/09\/sigla-RAR.png\" alt=\"\" class=\"wp-image-301529\" style=\"width:150px;height:150px\" srcset=\"https:\/\/www.rarom.ro\/wp-content\/uploads\/2025\/09\/sigla-RAR.png 170w, https:\/\/www.rarom.ro\/wp-content\/uploads\/2025\/09\/sigla-RAR-150x150.png 150w, https:\/\/www.rarom.ro\/wp-content\/uploads\/2025\/09\/sigla-RAR-85x85.png 85w, https:\/\/www.rarom.ro\/wp-content\/uploads\/2025\/09\/sigla-RAR-60x60.png 60w, https:\/\/www.rarom.ro\/wp-content\/uploads\/2025\/09\/sigla-RAR-16x16.png 16w\" sizes=\"auto, (max-width: 170px) 100vw, 170px\" \/><\/a><\/figure><\/div>\n\n\n<div style=\"height:20px\" aria-hidden=\"true\" class=\"wp-block-spacer\"><\/div>\n\n\n\n<p class=\"has-text-align-center\"><strong><strong>Ing. Adrian COAD\u0102<\/strong><\/strong><br><em>\u015eef Departament<\/em><\/p>\n<\/div>\n\n\n\n<div class=\"wp-block-column is-layout-flow wp-block-column-is-layout-flow\" style=\"flex-basis:66.66%\">\n<p><strong>Adresa:<\/strong> Bulevardul Expozi\u021biei nr. 1K, Bucure\u0219ti \u2013 012101, sector 1<\/p>\n\n\n\n<hr>\n\n\n\n<p><strong>Tel.: <\/strong>0372.184.853<\/p>\n\n\n\n<hr>\n\n\n\n<div style=\"height:21px\" aria-hidden=\"true\" class=\"wp-block-spacer\"><\/div>\n\n\n\n<p><strong>Formular de contact<\/strong><\/p>\n\n\n<p>[contact-form-7 id=&#8221;292691&#8243; title=&#8221;Formular de contact &#8211; Departamente&#8221;]<\/p>\n<\/div>\n<\/div>\n<\/div><\/div>\n","protected":false},"excerpt":{"rendered":"<p>Registrul Auto Rom\u00e2n R.A, reprezint\u0103 autoritatea tehnic\u0103 na\u021bional\u0103 \u00eemputernicit\u0103 de Ministerul Transporturilor \u0219i Infrastructurii pentru omologarea de tip a tahografelor, a senzorilor de mi\u0219care, a modelelor de foaie de \u00eenregistrare sau de card de tahograf. \u00cen cadrul Registrul Auto Rom\u00e2n R.A, Departamentul Monitorizare Ateliere Verificare Tahografe \u0219i Limitatoare de Vitez\u0103 duce la \u00eendeplinire prevederile OMTI [&hellip;]<\/p>\n","protected":false},"author":3,"featured_media":0,"parent":35,"menu_order":10,"comment_status":"closed","ping_status":"closed","template":"","meta":{"_acf_changed":false,"footnotes":""},"class_list":["post-301700","page","type-page","status-publish","hentry"],"acf":[],"_links":{"self":[{"href":"https:\/\/www.rarom.ro\/index.php?rest_route=\/wp\/v2\/pages\/301700","targetHints":{"allow":["GET"]}}],"collection":[{"href":"https:\/\/www.rarom.ro\/index.php?rest_route=\/wp\/v2\/pages"}],"about":[{"href":"https:\/\/www.rarom.ro\/index.php?rest_route=\/wp\/v2\/types\/page"}],"author":[{"embeddable":true,"href":"https:\/\/www.rarom.ro\/index.php?rest_route=\/wp\/v2\/users\/3"}],"replies":[{"embeddable":true,"href":"https:\/\/www.rarom.ro\/index.php?rest_route=%2Fwp%2Fv2%2Fcomments&post=301700"}],"version-history":[{"count":3,"href":"https:\/\/www.rarom.ro\/index.php?rest_route=\/wp\/v2\/pages\/301700\/revisions"}],"predecessor-version":[{"id":301714,"href":"https:\/\/www.rarom.ro\/index.php?rest_route=\/wp\/v2\/pages\/301700\/revisions\/301714"}],"up":[{"embeddable":true,"href":"https:\/\/www.rarom.ro\/index.php?rest_route=\/wp\/v2\/pages\/35"}],"wp:attachment":[{"href":"https:\/\/www.rarom.ro\/index.php?rest_route=%2Fwp%2Fv2%2Fmedia&parent=301700"}],"curies":[{"name":"wp","href":"https:\/\/api.w.org\/{rel}","templated":true}]}}