{"id":301445,"date":"2025-09-02T12:41:30","date_gmt":"2025-09-02T09:41:30","guid":{"rendered":"https:\/\/www.rarom.ro\/?page_id=301445"},"modified":"2025-09-02T12:51:07","modified_gmt":"2025-09-02T09:51:07","slug":"documente-de-reprezentare-omologari-individuale-doiit","status":"publish","type":"page","link":"https:\/\/www.rarom.ro\/?page_id=301445","title":{"rendered":"Documente de reprezentare omolog\u0103ri individuale (DOIIT)"},"content":{"rendered":"\n<div style=\"height:30px\" aria-hidden=\"true\" class=\"wp-block-spacer\"><\/div>\n\n\n\n<p>Informa\u021bii utile privind activit\u0103\u021bile\u00a0<strong><a href=\"https:\/\/www.rarom.ro\/?page_id=37\">Direc\u021biei Omolog\u0103ri Individuale \u015fi Inspec\u0163ii Tehnice<\/a><\/strong><\/p>\n\n\n\n<p><a href=\"https:\/\/www.rarom.ro\/?page_id=12422\"><strong>Documente solicitate pentru activit\u0103\u021bile DOIIT<\/strong><\/a><\/p>\n\n\n\n<div style=\"height:30px\" aria-hidden=\"true\" class=\"wp-block-spacer\"><\/div>\n\n\n<table border=\"1\" width=\"100%\" cellspacing=\"0\" cellpadding=\"10\" align=\"center\">\n<tbody>\n<tr bgcolor=\"#73aac8\">\n<td style=\"padding-left: 10px;\" valign=\"top\" bgcolor=\"#415ca5\"><span style=\"color: #ffffff;\"><strong>1. Nume formular\/document:<br \/><\/strong>a. Delega\u021bie<\/span><\/td>\n<td align=\"left\" valign=\"middle\" bgcolor=\"#415ca5\" width=\"209\">\n<p align=\"center\"><span style=\"color: #ffffff;\">a. <a style=\"color: #ffffff;\" href=\"\/cs-uploads\/Model-delegatie.docx\" target=\"_blank\" rel=\"noopener\">Descarc\u0103<\/a><\/span><\/p>\n<\/td>\n<\/tr>\n<tr bgcolor=\"#e1e6e6\">\n<td colspan=\"2\" valign=\"top\" bgcolor=\"#FFFFFF\">\n<p><strong>Pentru vehiculele de\u021binute de persoane fizice<\/strong> &#8211; la prezentarea \u00een reprezentan\u021bele RAR, dac\u0103 NU sunte\u021bi proprietarul vehiculului, o s\u0103 ave\u021bi la \u00eendem\u00e2n\u0103 \u00eemputernicirea notarial\u0103 sau avoca\u021bial\u0103.<\/p>\n<p><strong>Pentru vehiculele de\u021binute de persoane juridice<\/strong> \u2013 la prezentarea \u00een reprezentan\u021bele RAR, dac\u0103 NU sunte\u021bi administratorul societ\u0103\u021bii comerciale, o s\u0103 ave\u021bi la \u00eendem\u00e2n\u0103 delega\u021bia pe care o pute\u021bi desc\u0103rca de pe <a href=\"https:\/\/www.rarom.ro\">www.rarom.ro<\/a>, completat\u0103.<\/p>\n<\/td>\n<\/tr>\n<\/tbody>\n<\/table>","protected":false},"excerpt":{"rendered":"<p>Informa\u021bii utile privind activit\u0103\u021bile\u00a0Direc\u021biei Omolog\u0103ri Individuale \u015fi Inspec\u0163ii Tehnice Documente solicitate pentru activit\u0103\u021bile DOIIT 1. Nume formular\/document:a. Delega\u021bie a. Descarc\u0103 Pentru vehiculele de\u021binute de persoane fizice &#8211; la prezentarea \u00een reprezentan\u021bele RAR, dac\u0103 NU sunte\u021bi proprietarul vehiculului, o s\u0103 ave\u021bi la \u00eendem\u00e2n\u0103 \u00eemputernicirea notarial\u0103 sau avoca\u021bial\u0103. Pentru vehiculele de\u021binute de persoane juridice \u2013 la prezentarea [&hellip;]<\/p>\n","protected":false},"author":3,"featured_media":0,"parent":240,"menu_order":1,"comment_status":"closed","ping_status":"closed","template":"","meta":{"_acf_changed":false,"footnotes":""},"class_list":["post-301445","page","type-page","status-publish","hentry"],"acf":[],"_links":{"self":[{"href":"https:\/\/www.rarom.ro\/index.php?rest_route=\/wp\/v2\/pages\/301445","targetHints":{"allow":["GET"]}}],"collection":[{"href":"https:\/\/www.rarom.ro\/index.php?rest_route=\/wp\/v2\/pages"}],"about":[{"href":"https:\/\/www.rarom.ro\/index.php?rest_route=\/wp\/v2\/types\/page"}],"author":[{"embeddable":true,"href":"https:\/\/www.rarom.ro\/index.php?rest_route=\/wp\/v2\/users\/3"}],"replies":[{"embeddable":true,"href":"https:\/\/www.rarom.ro\/index.php?rest_route=%2Fwp%2Fv2%2Fcomments&post=301445"}],"version-history":[{"count":2,"href":"https:\/\/www.rarom.ro\/index.php?rest_route=\/wp\/v2\/pages\/301445\/revisions"}],"predecessor-version":[{"id":301449,"href":"https:\/\/www.rarom.ro\/index.php?rest_route=\/wp\/v2\/pages\/301445\/revisions\/301449"}],"up":[{"embeddable":true,"href":"https:\/\/www.rarom.ro\/index.php?rest_route=\/wp\/v2\/pages\/240"}],"wp:attachment":[{"href":"https:\/\/www.rarom.ro\/index.php?rest_route=%2Fwp%2Fv2%2Fmedia&parent=301445"}],"curies":[{"name":"wp","href":"https:\/\/api.w.org\/{rel}","templated":true}]}}