{"id":301142,"date":"2025-07-30T13:38:03","date_gmt":"2025-07-30T10:38:03","guid":{"rendered":"https:\/\/www.rarom.ro\/?page_id=301142"},"modified":"2025-08-06T12:40:06","modified_gmt":"2025-08-06T09:40:06","slug":"abarth","status":"publish","type":"page","link":"https:\/\/www.rarom.ro\/?page_id=301142","title":{"rendered":"Abarth"},"content":{"rendered":"\n<blockquote class=\"wp-block-quote is-layout-flow wp-block-quote-is-layout-flow\">\n<p>Campanii de rechemare<\/p>\n<\/blockquote>\n\n\n\n<div class=\"wp-block-columns is-layout-flex wp-container-core-columns-is-layout-9d6595d7 wp-block-columns-is-layout-flex\">\n<div class=\"wp-block-column is-layout-flow wp-block-column-is-layout-flow\" style=\"flex-basis:25%\"><\/div>\n\n\n\n<div class=\"wp-block-column is-layout-flow wp-block-column-is-layout-flow\" style=\"flex-basis:50%\">\n<div style=\"height:20px\" aria-hidden=\"true\" class=\"wp-block-spacer\"><\/div>\n\n\n<div class=\"wp-block-image\">\n<figure class=\"aligncenter size-full\"><a href=\"https:\/\/www.fiat.com.ro\/clienti\/rechemari-service\" target=\"_blank\" rel=\" noreferrer noopener\"><img loading=\"lazy\" decoding=\"async\" width=\"250\" height=\"150\" src=\"https:\/\/www.rarom.ro\/wp-content\/uploads\/2025\/07\/Abarth.png\" alt=\"\" class=\"wp-image-301143\"\/><\/a><\/figure><\/div>\n\n\n<p class=\"has-text-align-center has-vivid-red-color has-text-color has-link-color wp-elements-ea4fcc9eb9c87c98ad4be583710f7f05\"><\/p>\n\n\n\n<p class=\"has-text-align-center\">Pentru marca Abarth, pute\u021bi verifica dac\u0103 autovehiculul dumneavoastr\u0103 are campanii de rechemare \u00een curs, acces\u00e2nd site-ul <a href=\"https:\/\/www.fiat.com.ro\/clienti\/rechemari-service\" target=\"_blank\" rel=\"noreferrer noopener\">https:\/\/www.fiat.com.ro\/clienti\/rechemari-service<\/a><\/p>\n<\/div>\n\n\n\n<div class=\"wp-block-column is-layout-flow wp-block-column-is-layout-flow\" style=\"flex-basis:25%\"><\/div>\n<\/div>\n\n\n\n<p><\/p>\n","protected":false},"excerpt":{"rendered":"<p>Campanii de rechemare Pentru marca Abarth, pute\u021bi verifica dac\u0103 autovehiculul dumneavoastr\u0103 are campanii de rechemare \u00een curs, acces\u00e2nd site-ul https:\/\/www.fiat.com.ro\/clienti\/rechemari-service<\/p>\n","protected":false},"author":3,"featured_media":0,"parent":300784,"menu_order":10,"comment_status":"closed","ping_status":"closed","template":"","meta":{"_acf_changed":false,"footnotes":""},"class_list":["post-301142","page","type-page","status-publish","hentry"],"acf":[],"_links":{"self":[{"href":"https:\/\/www.rarom.ro\/index.php?rest_route=\/wp\/v2\/pages\/301142","targetHints":{"allow":["GET"]}}],"collection":[{"href":"https:\/\/www.rarom.ro\/index.php?rest_route=\/wp\/v2\/pages"}],"about":[{"href":"https:\/\/www.rarom.ro\/index.php?rest_route=\/wp\/v2\/types\/page"}],"author":[{"embeddable":true,"href":"https:\/\/www.rarom.ro\/index.php?rest_route=\/wp\/v2\/users\/3"}],"replies":[{"embeddable":true,"href":"https:\/\/www.rarom.ro\/index.php?rest_route=%2Fwp%2Fv2%2Fcomments&post=301142"}],"version-history":[{"count":3,"href":"https:\/\/www.rarom.ro\/index.php?rest_route=\/wp\/v2\/pages\/301142\/revisions"}],"predecessor-version":[{"id":301257,"href":"https:\/\/www.rarom.ro\/index.php?rest_route=\/wp\/v2\/pages\/301142\/revisions\/301257"}],"up":[{"embeddable":true,"href":"https:\/\/www.rarom.ro\/index.php?rest_route=\/wp\/v2\/pages\/300784"}],"wp:attachment":[{"href":"https:\/\/www.rarom.ro\/index.php?rest_route=%2Fwp%2Fv2%2Fmedia&parent=301142"}],"curies":[{"name":"wp","href":"https:\/\/api.w.org\/{rel}","templated":true}]}}